000
CXUS54 KLZK 091615
CF6LZK
STATION: North Little Rock
MONTH: SEPTEMBER
YEAR: 2021
LATITUDE: 34 50 N
LONGITUDE: 92 16 W
TEMPERATURE IN F: :PCPN: SNOW: WIND :SUNSHINE: SKY :PK WND
================================================================================
1 2 3 4 5 6A 6B 7 8 9 10 11 12 13 14 15 16 17 18
12Z AVG MX 2MIN
DY MAX MIN AVG DEP HDD CDD WTR SNW DPTH SPD SPD DIR MIN PSBL S-S WX SPD DR
================================================================================
1 96 72 84 6 0 19 0.00 0.0 0 6.0 14 90 M M M 20 60
2 89 72 81 3 0 16 0.00 0.0 0 6.9 14 90 M M M 18 90
3 88 67 78 0 0 13 0.00 0.0 0 5.3 11 130 M M M 16 180
4 96 71 84 7 0 19 0.00 0.0 0 5.6 11 220 M M M 20 180
5 79 69 74 -3 0 9 0.74 0.0 0 5.4 12 60 M M M 1 21 360
6 88 66 77 0 0 12 0.00 0.0 0 3.7 13 90 M M M 18 90
7 90 63 77 0 0 12 0.00 0.0 0 2.8 8 240 M M M 13 240
8 87 70 79 3 0 14 0.00 0.0 0 5.6 11 340 M M M 19 360
9 87 62 75 -1 0 10 0.00 0.0 0 5.4 12 60 M M M 22 60
10 90 65 78 2 0 13 0.00 0.0 0 4.7 12 130 M M M 8 24 150
11 89 66 78 2 0 13 0.00 0.0 0 7.0 13 130 M M M 20 110
12 88 63 76 1 0 11 0.00 0.0 0 5.0 11 220 M M M 23 220
13 86 70 78 3 0 13 0.00 0.0 0 7.0 15 200 M M M 24 220
14 89 72 81 7 0 16 T 0.0 0 6.0 13 130 M M M 20 180
15 89 69 79 5 0 14 0.00 0.0 0 6.0 13 110 M M M 19 110
16 88 67 78 4 0 13 0.00 0.0 0 8.0 16 90 M M M 22 90
17 85 69 77 3 0 12 0.01 0.0 0 6.5 17 90 M M M 25 90
18 89 71 80 7 0 15 0.31 0.0 0 5.8 18 90 M M M 3 25 90
19 84 70 77 4 0 12 T 0.0 0 5.5 9 70 M M M 15 70
20 89 67 78 5 0 13 0.00 0.0 0 4.6 13 170 M M M 21 210
21 80 59 70 -2 0 5 0.38 0.0 0 5.8 13 360 M M M 3 24 360
22 75 55 65 -7 0 0 0.00 0.0 0 7.0 13 340 M M M 22 360
23 77 54 66 -6 0 1 0.00 0.0 0 3.0 7 360 M M M 13 360
24 80 55 68 -3 0 3 0.00 0.0 0 5.0 9 220 M M M 19 150
25 83 59 71 0 0 6 0.00 0.0 0 4.0 8 340 M M M 14 340
26 88 58 73 3 0 8 0.00 0.0 0 4.0 12 230 M M M 14 190
27 87 65 76 6 0 11 0.00 0.0 0 7.8 10 220 M M M 8 18 180
28 87 67 77 7 0 12 0.00 0.0 0 5.0 12 150 M M M 8 19 180
29 83 68 76 7 0 11 0.00 0.0 0 5.6 11 110 M M M 3 19 150
30 81 69 75 6 0 10 0.42 0.0 0 5.5 18 130 M M M 26 130
================================================================================
SM 2587 1970 0 336 1.86 0.0 165.5 M M
================================================================================
AV 86.2 65.7 5.5 FASTST M M M MAX(MPH)
MISC ----> # 18 90 26 130
================================================================================
NOTES:
# LAST OF SEVERAL OCCURRENCES
COLUMN 17 PEAK WIND IN M.P.H.
PRELIMINARY LOCAL CLIMATOLOGICAL DATA (WS FORM: F-6) , PAGE 2
STATION: North Little Rock
MONTH: SEPTEMBER
YEAR: 2021
LATITUDE: 34 50 N
LONGITUDE: 92 16 W
[TEMPERATURE DATA] [PRECIPITATION DATA] SYMBOLS USED IN COLUMN 16
AVERAGE MONTHLY: 76.0 TOTAL FOR MONTH: 1.86 1 = FOG OR MIST
DPTR FM NORMAL: 2.0 DPTR FM NORMAL: -1.19 2 = FOG REDUCING VISIBILITY
HIGHEST: 96 ON 4, 1 GRTST 24HR 0.74 ON 5- 5 TO 1/4 MILE OR LESS
LOWEST: 54 ON 23 3 = THUNDER
SNOW, ICE PELLETS, HAIL 4 = ICE PELLETS
TOTAL MONTH: 0.0 INCH 5 = HAIL
GRTST 24HR 0.0 6 = FREEZING RAIN OR DRIZZLE
GRTST DEPTH: 0 7 = DUSTSTORM OR SANDSTORM:
VSBY 1/2 MILE OR LESS
8 = SMOKE OR HAZE
[NO. OF DAYS WITH] [WEATHER - DAYS WITH] 9 = BLOWING SNOW
X = TORNADO
MAX 32 OR BELOW: 0 0.01 INCH OR MORE: 5
MAX 90 OR ABOVE: 4 0.10 INCH OR MORE: 4
MIN 32 OR BELOW: 0 0.50 INCH OR MORE: 1
MIN 0 OR BELOW: 0 1.00 INCH OR MORE: 0
[HDD (BASE 65) ]
TOTAL THIS MO. 0 CLEAR (SCALE 0-3) 15
DPTR FM NORMAL -12 PTCLDY (SCALE 4-7) 7
TOTAL FM JUL 1 0 CLOUDY (SCALE 8-10) 8
DPTR FM NORMAL -9
[CDD (BASE 65) ]
TOTAL THIS MO. 336
DPTR FM NORMAL 57 [PRESSURE DATA]
TOTAL FM JAN 1 1893 HIGHEST SLP 30.20 ON 22
DPTR FM NORMAL -30 LOWEST SLP 29.69 ON 1
[REMARKS]
#FINAL-09-21#