000
CXUS54 KLZK 061808
CF6LZK
STATION: NORTH LITTLE ROCK
MONTH: JANUARY
YEAR: 2021
LATITUDE: 34 50 N
LONGITUDE: 92 16 W
TEMPERATURE IN F: :PCPN: SNOW: WIND :SUNSHINE: SKY :PK WND
================================================================================
1 2 3 4 5 6A 6B 7 8 9 10 11 12 13 14 15 16 17 18
12Z AVG MX 2MIN
DY MAX MIN AVG DEP HDD CDD WTR SNW DPTH SPD SPD DIR MIN PSBL S-S WX SPD DR
================================================================================
1 44 36 40 -1 25 0 0.55 0.0 0 11.3 22 60 M M 10 1 28 60
2 39 30 35 -6 30 0 0.05 T 0 4.7 9 270 M M 8 1 14 260
3 55 29 42 1 23 0 0.00 0.0 0 7.3 12 170 M M 1 18 130
4 61 36 49 8 16 0 0.00 0.0 0 7.6 13 290 M M 3 15 290
5 53 37 45 4 20 0 0.00 0.0 0 7.9 13 320 M M 0 18 320
6 47 34 41 0 24 0 0.08 0.0 0 8.4 14 70 M M 4 20 70
7 40 36 38 -3 27 0 0.51 T 0 13.6 17 20 M M 10 1 29 30
8 38 32 35 -6 30 0 0.00 0.0 0 9.9 14 340 M M 9 20 360
9 40 29 35 -6 30 0 0.00 0.0 0 5.0 8 30 M M 9 14 340
10 35 29 32 -9 33 0 0.00 0.0 0 5.3 9 20 M M 10 M M
11 41 27 34 -7 31 0 T T 0 4.9 10 20 M M 6 12 350
12 50 24 37 -4 28 0 0.00 0.0 0 4.5 8 340 M M 0 1 12 99
13 54 29 42 1 23 0 0.00 0.0 0 8.3 14 200 M M 1 20 230
14 59 37 48 7 17 0 0.00 0.0 0 11.7 21 290 M M 2 29 290
15 44 35 40 -1 25 0 T T 0 14.3 23 290 M M 7 31 290
16 47 33 40 -1 25 0 0.00 0.0 0 9.4 15 260 M M 4 22 290
17 54 31 43 2 22 0 0.00 0.0 0 8.7 17 260 M M 4 31 260
18 60 31 46 5 19 0 0.00 0.0 0 8.6 15 200 M M 3 21 220
19 59 44 52 11 13 0 T 0.0 0 6.8 12 350 M M 4 15 10
20 47 36 42 1 23 0 0.20 0.0 0 6.3 13 180 M M 5 1 18 180
21 51 41 46 5 19 0 0.02 0.0 0 4.0 13 210 M M 5 1 18 210
22 54 37 46 5 19 0 0.00 0.0 0 8.2 16 50 M M 2 23 50
23 44 30 37 -4 28 0 0.00 0.0 0 8.6 14 70 M M 9 13 90
24 54 38 46 5 19 0 0.78 0.0 0 2.5 9 110 M M 8 137 13 50
25 73 49 61 20 4 0 0.69 0.0 0 10.8 16 230 M M 1 12 24 210
26 56 39 48 6 17 0 0.00 0.0 0 8.7 14 50 M M 1 18 40
27 40 33 37 -5 28 0 0.05 0.0 0 9.5 14 30 M M 8 1 20 360
28 42 29 36 -6 29 0 0.00 0.0 0 6.7 12 60 M M 4 17 30
29 50 29 40 -2 25 0 0.00 0.0 0 6.2 10 180 M M 3 14 200
30 58 46 52 10 13 0 0.19 0.0 0 11.9 18 210 M M 9 1 30 170
31 56 38 47 5 18 0 0.00 0.0 0 12.8 17 330 M M 9 28 320
================================================================================
SM 1545 1064 703 0 3.12 T 254.4 M 159
================================================================================
AV 49.8 34.3 8.2 FASTST M M 5 MAX(MPH)
MISC ----> 23 290 # 31 290
================================================================================
NOTES:
# LAST OF SEVERAL OCCURRENCES
COLUMN 17 PEAK WIND IN M.P.H.
PRELIMINARY LOCAL CLIMATOLOGICAL DATA (WS FORM: F-6) , PAGE 2
STATION: NORTH LITTLE ROCK
MONTH: JANUARY
YEAR: 2021
LATITUDE: 34 50 N
LONGITUDE: 92 16 W
[TEMPERATURE DATA] [PRECIPITATION DATA] SYMBOLS USED IN COLUMN 16
AVERAGE MONTHLY: 42.1 TOTAL FOR MONTH: 3.12 1 = FOG OR MIST
DPTR FM NORMAL: 1.0 DPTR FM NORMAL: -0.30 2 = FOG REDUCING VISIBILITY
HIGHEST: 73 ON 25 GRTST 24HR 1.33 ON 24-25 TO 1/4 MILE OR LESS
LOWEST: 24 ON 12 3 = THUNDER
SNOW, ICE PELLETS, HAIL 4 = ICE PELLETS
TOTAL MONTH: T 5 = HAIL
GRTST 24HR T ON 15,11, 6 = FREEZING RAIN OR DRIZZLE
7, 2
GRTST DEPTH: 0 7 = DUSTSTORM OR SANDSTORM:
VSBY 1/2 MILE OR LESS
8 = SMOKE OR HAZE
[NO. OF DAYS WITH] [WEATHER - DAYS WITH] 9 = BLOWING SNOW
X = TORNADO
MAX 32 OR BELOW: 0 0.01 INCH OR MORE: 10
MAX 90 OR ABOVE: 0 0.10 INCH OR MORE: 6
MIN 32 OR BELOW: 13 0.50 INCH OR MORE: 4
MIN 0 OR BELOW: 0 1.00 INCH OR MORE: 0
[HDD (BASE 65) ]
TOTAL THIS MO. 703 CLEAR (SCALE 0-3) 9
DPTR FM NORMAL -38 PTCLDY (SCALE 4-7) 14
TOTAL FM JUL 1 1842 CLOUDY (SCALE 8-10) 8
DPTR FM NORMAL -88
[CDD (BASE 65) ]
TOTAL THIS MO. 0
DPTR FM NORMAL -1 [PRESSURE DATA]
TOTAL FM JAN 1 0 HIGHEST SLP 30.73 ON 28
DPTR FM NORMAL -1 LOWEST SLP 29.56 ON 26
[REMARKS]
#FINAL-01-21#