000
CXUS54 KLZK 011230
CF6M19
PRELIMINARY LOCAL CLIMATOLOGICAL DATA (WS FORM: F-6)
STATION: NEWPORT AIRPORT
MONTH: APRIL
YEAR: 2023
LATITUDE: 35 35 N
LONGITUDE: 91 16 W
TEMPERATURE IN F: :PCPN: SNOW: WIND :SUNSHINE: SKY :PK WND
================================================================================
1 2 3 4 5 6A 6B 7 8 9 10 11 12 13 14 15 16 17 18
12Z AVG MX 2MIN
DY MAX MIN AVG DEP HDD CDD WTR SNW DPTH SPD SPD DIR MIN PSBL S-S WX SPD DR
================================================================================
1 66 48 57 1 8 0 0.00 M M 13.3 27 310 M M 0 40 280
2 74 43 59 3 6 0 T M M 9.9 18 180 M M 1 41 170
3 75 58 67 11 0 2 0.00 M M 12.2 36 170 M M 8 1 44 160
4 82 65 74 17 0 9 0.00 M M 20.0 31 160 M M 4 8 51 170
5 75 54 65 8 0 0 0.62 M M 17.4 28 180 M M 8 138 56 270
6 55 47 51 -7 14 0 0.00 M M 15.3 20 40 M M 6 24 30
7 60 44 52 -6 13 0 0.00 M M 15.2 18 20 M M 0 M M
8 67 43 55 -3 10 0 0.00 M M 11.2 18 30 M M 4 18 30
9 66 51 59 1 6 0 0.00 M M 6.4 10 110 M M 8 1 M M
10 73 49 61 2 4 0 0.00 M M 4.7 8 140 M M 5 M M
11 75 46 61 2 4 0 0.00 M M 3.6 10 110 M M 0 8 17 170
12 77 45 61 2 4 0 0.00 M M 4.0 12 200 M M 0 17 220
13 78 52 65 5 0 0 0.00 M M 8.1 18 80 M M 4 8 M M
14 78 51 65 5 0 0 0.00 M M 6.6 12 140 M M 1 M M
15 80 55 68 8 0 3 0.00 M M 13.9 49 280 M M 8 138 66 270
16 65 45 55 -6 10 0 0.00 M M 16.1 25 270 M M 2 36 290
17 74 45 60 -1 5 0 0.00 M M 10.8 18 270 M M 0 20 270
18 79 50 65 4 0 0 0.00 M M 13.3 21 200 M M 0 31 200
19 82 55 69 7 0 4 0.00 M M 15.0 25 180 M M 0 32 190
20 81 62 72 10 0 7 0.75 M M 18.4 29 190 M M 5 18 37 190
21 68 50 59 -3 6 0 1.19 M M 12.6 25 350 M M 5 1 38 360
22 66 46 56 -6 9 0 0.00 M M 10.6 21 290 M M 1 29 290
23 60 44 52 -11 13 0 0.00 M M 8.0 15 40 M M 2 17 99
24 63 40 52 -11 13 0 0.00 M M 6.2 12 60 M M 0 16 99
25 65 49 57 -6 8 0 T M M 4.2 8 220 M M 5 M M
26 68 52 60 -4 5 0 T M M 6.4 15 80 M M 9 M M
27 59 55 57 -7 8 0 0.00 M M 9.4 15 60 M M 10 1 M M
28 68 55 62 -2 3 0 T M M 5.2 9 310 M M 8 M M
29 68 55 62 -3 3 0 0.47 M M 5.5 12 350 M M 7 18 M M
30 68 47 58 -7 7 0 0.00 M M 15.1 29 310 M M 1 38 300
================================================================================
SM 2115 1501 159 25 3.03 M 318.6 M 112
================================================================================
AV 70.5 50.0 10.6 FASTST M M 4 MAX(MPH)
MISC ----> 49 280 66 270
================================================================================
NOTES:
# LAST OF SEVERAL OCCURRENCES
COLUMN 17 PEAK WIND IN M.P.H.
PRELIMINARY LOCAL CLIMATOLOGICAL DATA (WS FORM: F-6) , PAGE 2
STATION: NEWPORT AIRPORT
MONTH: APRIL
YEAR: 2023
LATITUDE: 35 35 N
LONGITUDE: 91 16 W
[TEMPERATURE DATA] [PRECIPITATION DATA] SYMBOLS USED IN COLUMN 16
AVERAGE MONTHLY: 60.3 TOTAL FOR MONTH: 3.03 1 = FOG OR MIST
DPTR FM NORMAL: -0.1 DPTR FM NORMAL: -1.82 2 = FOG REDUCING VISIBILITY
HIGHEST: 82 ON 19, 4 GRTST 24HR 1.19 ON 21-21 TO 1/4 MILE OR LESS
LOWEST: 40 ON 24 3 = THUNDER
SNOW, ICE PELLETS, HAIL 4 = ICE PELLETS
TOTAL MONTH: M 5 = HAIL
GRTST 24HR M ON M 6 = FREEZING RAIN OR DRIZZLE
GRTST DEPTH: M ON M 7 = DUSTSTORM OR SANDSTORM:
VSBY 1/2 MILE OR LESS
8 = SMOKE OR HAZE
[NO. OF DAYS WITH] [WEATHER - DAYS WITH] 9 = BLOWING SNOW
X = TORNADO
MAX 32 OR BELOW: 0 0.01 INCH OR MORE: 4
MAX 90 OR ABOVE: 0 0.10 INCH OR MORE: 4
MIN 32 OR BELOW: 0 0.50 INCH OR MORE: 3
MIN 0 OR BELOW: 0 1.00 INCH OR MORE: 1
[HDD (BASE 65) ]
TOTAL THIS MO. 159 CLEAR (SCALE 0-3) 14
DPTR FM NORMAL -22 PTCLDY (SCALE 4-7) 12
TOTAL FM JUL 1 3057 CLOUDY (SCALE 8-10) 4
DPTR FM NORMAL -528
[CDD (BASE 65) ]
TOTAL THIS MO. 25
DPTR FM NORMAL -20 [PRESSURE DATA]
TOTAL FM JAN 1 33 HIGHEST SLP M ON M
DPTR FM NORMAL -19 LOWEST SLP M ON M
[REMARKS]
#FINAL-04-23#