000
CXUS54 KLZK 011230
CF6M19
PRELIMINARY LOCAL CLIMATOLOGICAL DATA (WS FORM: F-6)
STATION: NEWPORT AIRPORT
MONTH: SEPTEMBER
YEAR: 2022
LATITUDE: 35 35 N
LONGITUDE: 91 16 W
TEMPERATURE IN F: :PCPN: SNOW: WIND :SUNSHINE: SKY :PK WND
================================================================================
1 2 3 4 5 6A 6B 7 8 9 10 11 12 13 14 15 16 17 18
12Z AVG MX 2MIN
DY MAX MIN AVG DEP HDD CDD WTR SNW DPTH SPD SPD DIR MIN PSBL S-S WX SPD DR
================================================================================
1 86 63 75 -3 0 10 0.00 M M 3.7 7 130 M M 0 12 M M
2 82 67 75 -2 0 10 T M M 3.6 8 120 M M 3 M M
3 87 69 78 1 0 13 T M M 4.7 10 320 M M 7 1 M M
4 85 69 77 0 0 12 0.00 M M 4.2 9 40 M M 6 1 M M
5 86 67 77 1 0 12 0.00 M M 3.3 8 240 M M 2 1 M M
6 88 67 78 2 0 13 T M M 4.2 10 320 M M 3 M M
7 85 67 76 0 0 11 T M M 7.9 15 20 M M 3 M M
8 84 62 73 -2 0 8 0.00 M M 6.7 13 40 M M 1 20 10
9 85 59 72 -3 0 7 0.01 M M 5.2 12 90 M M 3 1 17 80
10 81 66 74 -1 0 9 0.00 M M 5.8 10 90 M M 4 1 M M
11 77 58 68 -6 0 3 0.00 M M 7.6 16 320 M M 6 12 M M
12 80 53 67 -7 0 2 0.00 M M 6.5 13 330 M M 0 M M
13 87 54 71 -3 0 6 0.00 M M 4.0 12 240 M M 0 16 350
14 87 56 72 -1 0 7 0.00 M M 4.0 8 60 M M 0 12 M M
15 85 57 71 -2 0 6 0.00 M M 4.8 9 90 M M 1 M M
16 88 61 75 3 0 10 T M M 4.1 9 220 M M 3 1 M M
17 89 60 75 3 0 10 0.00 M M 7.1 14 170 M M 1 1 M M
18 93 64 79 7 0 14 T M M 8.3 14 210 M M 0 1 18 200
19 96 66 81 10 0 16 0.00 M M 5.5 8 180 M M 0 M M
20 98 67 83 12 0 18 0.00 M M 4.8 10 190 M M 0 8 M M
21 98 67 83 13 0 18 0.00 M M 5.1 12 190 M M 0 8 M M
22 77 58 68 -2 0 3 0.00 M M 13.2 21 360 M M 4 27 30
23 81 58 70 1 0 5 0.00 M M 6.6 9 150 M M 3 8 M M
24 92 62 77 8 0 12 T M M 7.8 16 200 M M 2 M M
25 86 60 73 4 0 8 T M M 8.9 17 30 M M 1 18 21 10
26 79 52 66 -2 0 1 0.00 M M 8.0 15 340 M M 0 25 360
27 81 46 64 -4 1 0 0.00 M M 4.7 12 50 M M 0 8 M M
28 76 46 61 -6 4 0 0.00 M M 9.9 18 20 M M 0 22 40
29 73 42 58 -9 7 0 0.00 M M 10.0 15 50 M M 0 31 40
30 76 45 61 -6 4 0 0.00 M M 10.0 17 30 M M 0 8 22 30
================================================================================
SM 2548 1788 16 244 0.01 M 190.3 M 53
================================================================================
AV 84.9 59.6 6.3 FASTST M M 2 MAX(MPH)
MISC ----> 21 360 31 40
================================================================================
NOTES:
# LAST OF SEVERAL OCCURRENCES
COLUMN 17 PEAK WIND IN M.P.H.
PRELIMINARY LOCAL CLIMATOLOGICAL DATA (WS FORM: F-6) , PAGE 2
STATION: NEWPORT AIRPORT
MONTH: SEPTEMBER
YEAR: 2022
LATITUDE: 35 35 N
LONGITUDE: 91 16 W
[TEMPERATURE DATA] [PRECIPITATION DATA] SYMBOLS USED IN COLUMN 16
AVERAGE MONTHLY: 72.3 TOTAL FOR MONTH: 0.01 1 = FOG OR MIST
DPTR FM NORMAL: -0.1 DPTR FM NORMAL: -3.05 2 = FOG REDUCING VISIBILITY
HIGHEST: 98 ON 21,20 GRTST 24HR 0.01 ON 9- 9 TO 1/4 MILE OR LESS
LOWEST: 42 ON 29 3 = THUNDER
SNOW, ICE PELLETS, HAIL 4 = ICE PELLETS
TOTAL MONTH: M 5 = HAIL
GRTST 24HR M ON M 6 = FREEZING RAIN OR DRIZZLE
GRTST DEPTH: M ON M 7 = DUSTSTORM OR SANDSTORM:
VSBY 1/2 MILE OR LESS
8 = SMOKE OR HAZE
[NO. OF DAYS WITH] [WEATHER - DAYS WITH] 9 = BLOWING SNOW
X = TORNADO
MAX 32 OR BELOW: 0 0.01 INCH OR MORE: 1
MAX 90 OR ABOVE: 5 0.10 INCH OR MORE: 0
MIN 32 OR BELOW: 0 0.50 INCH OR MORE: 0
MIN 0 OR BELOW: 0 1.00 INCH OR MORE: 0
[HDD (BASE 65) ]
TOTAL THIS MO. 16 CLEAR (SCALE 0-3) 22
DPTR FM NORMAL -6 PTCLDY (SCALE 4-7) 8
TOTAL FM JUL 1 16 CLOUDY (SCALE 8-10) 0
DPTR FM NORMAL -4
[CDD (BASE 65) ]
TOTAL THIS MO. 244
DPTR FM NORMAL 0 [PRESSURE DATA]
TOTAL FM JAN 1 1936 HIGHEST SLP M ON M
DPTR FM NORMAL 112 LOWEST SLP M ON M
[REMARKS]
#FINAL-09-22#