000
CXUS54 KLZK 011230
CF6M19
PRELIMINARY LOCAL CLIMATOLOGICAL DATA (WS FORM: F-6)
STATION: NEWPORT AIRPORT
MONTH: NOVEMBER
YEAR: 2021
LATITUDE: 35 35 N
LONGITUDE: 91 16 W
TEMPERATURE IN F: :PCPN: SNOW: WIND :SUNSHINE: SKY :PK WND
================================================================================
1 2 3 4 5 6A 6B 7 8 9 10 11 12 13 14 15 16 17 18
12Z AVG MX 2MIN
DY MAX MIN AVG DEP HDD CDD WTR SNW DPTH SPD SPD DIR MIN PSBL S-S WX SPD DR
================================================================================
1 60 40 50 -6 15 0 T M M 9.4 15 20 M M 5 8 M M
2 51 42 47 -9 18 0 T M M 10.7 21 30 M M 9 M M
3 50 34 42 -13 23 0 0.23 M M 6.1 10 50 M M 6 M M
4 54 30 42 -13 23 0 0.00 M M 7.0 13 40 M M 0 16 50
5 56 29 43 -11 22 0 0.00 M M 5.9 9 50 M M 0 M M
6 60 31 46 -8 19 0 0.00 M M 2.9 7 320 M M 0 M M
7 66 35 51 -3 14 0 T M M 5.5 12 180 M M 0 1 M M
8 67 47 57 4 8 0 0.00 M M 8.2 16 200 M M 0 M M
9 69 42 56 3 9 0 0.00 M M 9.3 16 210 M M 1 M M
10 69 45 57 5 8 0 0.01 M M 9.3 15 180 M M 2 1 M M
11 65 46 56 4 9 0 0.95 M M 10.5 24 280 M M 4 138 32 280
12 55 39 47 -5 18 0 0.04 M M 10.3 20 330 M M 4 27 330
13 50 32 41 -10 24 0 0.00 M M 7.7 13 290 M M 0 M M
14 61 36 49 -2 16 0 0.00 M M 8.9 15 310 M M 0 1 M M
15 65 35 50 0 15 0 0.00 M M 7.5 16 200 M M 0 18 M M
16 68 48 58 8 7 0 0.00 M M 12.3 23 190 M M 6 12 28 190
17 71 46 59 9 6 0 0.25 M M 16.3 30 330 M M 8 1 37 330
18 55 33 44 -5 21 0 0.22 M M 9.6 18 340 M M 3 M M
19 50 28 39 -10 26 0 0.00 M M 4.8 12 80 M M 0 18 M M
20 59 36 48 0 17 0 0.00 M M 6.4 14 190 M M 4 M M
21 55 45 50 2 15 0 0.65 M M 6.1 12 280 M M 8 123 M M
22 52 36 44 -4 21 0 0.00 M M 6.8 12 330 M M 0 18 M M
23 54 29 42 -5 23 0 0.00 M M 7.4 15 180 M M 0 1 M M
24 65 39 52 5 13 0 0.00 M M 14.3 20 170 M M 4 M M
25 57 30 44 -2 21 0 0.11 M M 12.5 22 340 M M 6 1 28 340
26 45 25 35 -11 30 0 0.00 M M 7.2 12 190 M M 0 M M
27 56 32 44 -2 21 0 0.00 M M 12.3 20 200 M M 0 23 200
28 57 36 47 2 18 0 0.00 M M 6.7 15 20 M M 0 M M
29 59 30 45 0 20 0 0.00 M M 8.3 20 200 M M 0 M M
30 67 38 53 9 12 0 0.00 M M 5.9 12 200 M M 0 18 M M
================================================================================
SM 1768 1094 512 0 2.46 M 256.0 M 70
================================================================================
AV 58.9 36.5 8.5 FASTST M M 2 MAX(MPH)
MISC ----> 30 330 37 330
================================================================================
NOTES:
# LAST OF SEVERAL OCCURRENCES
COLUMN 17 PEAK WIND IN M.P.H.
PRELIMINARY LOCAL CLIMATOLOGICAL DATA (WS FORM: F-6) , PAGE 2
STATION: NEWPORT AIRPORT
MONTH: NOVEMBER
YEAR: 2021
LATITUDE: 35 35 N
LONGITUDE: 91 16 W
[TEMPERATURE DATA] [PRECIPITATION DATA] SYMBOLS USED IN COLUMN 16
AVERAGE MONTHLY: 47.7 TOTAL FOR MONTH: 2.46 1 = FOG OR MIST
DPTR FM NORMAL: -2.5 DPTR FM NORMAL: -2.89 2 = FOG REDUCING VISIBILITY
HIGHEST: 71 ON 17 GRTST 24HR 0.95 ON 11-11 TO 1/4 MILE OR LESS
LOWEST: 25 ON 26 3 = THUNDER
SNOW, ICE PELLETS, HAIL 4 = ICE PELLETS
TOTAL MONTH: M 5 = HAIL
GRTST 24HR M ON M 6 = FREEZING RAIN OR DRIZZLE
GRTST DEPTH: M ON M 7 = DUSTSTORM OR SANDSTORM:
VSBY 1/2 MILE OR LESS
8 = SMOKE OR HAZE
[NO. OF DAYS WITH] [WEATHER - DAYS WITH] 9 = BLOWING SNOW
X = TORNADO
MAX 32 OR BELOW: 0 0.01 INCH OR MORE: 8
MAX 90 OR ABOVE: 0 0.10 INCH OR MORE: 6
MIN 32 OR BELOW: 10 0.50 INCH OR MORE: 2
MIN 0 OR BELOW: 0 1.00 INCH OR MORE: 0
[HDD (BASE 65) ]
TOTAL THIS MO. 512 CLEAR (SCALE 0-3) 19
DPTR FM NORMAL 63 PTCLDY (SCALE 4-7) 9
TOTAL FM JUL 1 611 CLOUDY (SCALE 8-10) 2
DPTR FM NORMAL -32
[CDD (BASE 65) ]
TOTAL THIS MO. 0
DPTR FM NORMAL -5 [PRESSURE DATA]
TOTAL FM JAN 1 1924 HIGHEST SLP M ON M
DPTR FM NORMAL 43 LOWEST SLP M ON M
[REMARKS]
#FINAL-11-21#