000
CXUS54 KLZK 011130
CF6M19
PRELIMINARY LOCAL CLIMATOLOGICAL DATA (WS FORM: F-6)
STATION: NEWPORT AIRPORT
MONTH: AUGUST
YEAR: 2021
LATITUDE: 35 35 N
LONGITUDE: 91 16 W
TEMPERATURE IN F: :PCPN: SNOW: WIND :SUNSHINE: SKY :PK WND
================================================================================
1 2 3 4 5 6A 6B 7 8 9 10 11 12 13 14 15 16 17 18
12Z AVG MX 2MIN
DY MAX MIN AVG DEP HDD CDD WTR SNW DPTH SPD SPD DIR MIN PSBL S-S WX SPD DR
================================================================================
1 85 72 79 -2 0 14 0.00 M M 7.3 13 30 M M 4 M M
2 86 70 78 -3 0 13 0.00 M M 6.9 14 60 M M 5 1 M M
3 83 66 75 -6 0 10 0.00 M M 7.3 12 30 M M 3 1 16 40
4 84 64 74 -7 0 9 0.00 M M 7.7 15 40 M M 2 18 40
5 87 62 75 -6 0 10 0.00 M M 4.7 8 120 M M 0 M M
6 89 66 78 -3 0 13 0.00 M M 4.9 12 250 M M 1 M M
7 92 67 80 -1 0 15 0.00 M M 7.8 14 180 M M 1 8 M M
8 94 71 83 2 0 18 0.00 M M 11.5 22 190 M M 1 18 29 190
9 95 75 85 4 0 20 0.00 M M 12.7 23 190 M M 1 8 24 210
10 97 75 86 5 0 21 0.00 M M 11.3 21 200 M M 0 M M
11 97 74 86 5 0 21 0.00 M M 11.7 18 200 M M 0 M M
12 97 74 86 5 0 21 0.00 M M 10.9 17 200 M M 0 36 20
13 92 72 82 1 0 17 0.24 M M 7.9 29 360 M M 2 138 36 360
14 88 71 80 -1 0 15 0.00 M M 4.9 10 40 M M 2 3 18 100
15 85 69 77 -4 0 12 0.00 M M 7.1 13 50 M M 0 M M
16 86 66 76 -4 0 11 0.00 M M 5.8 9 60 M M 2 12 M M
17 90 66 78 -2 0 13 0.00 M M 4.6 8 70 M M 0 1 M M
18 81 72 77 -3 0 12 1.85 M M 4.2 12 150 M M 8 123 M M
19 88 73 81 1 0 16 0.03 M M 5.5 20 260 M M 7 13 M M
20 87 74 81 1 0 16 0.00 M M 8.2 12 170 M M 7 M M
21 92 76 84 4 0 19 0.01 M M 7.2 16 330 M M 3 3 M M
22 90 73 82 2 0 17 0.00 M M 4.9 7 80 M M 2 M M
23 94 75 85 5 0 20 0.00 M M 4.0 9 300 M M 1 8 M M
24 96 75 86 6 0 21 0.00 M M 4.7 9 130 M M 0 1 M M
25 94 74 84 5 0 19 0.00 M M 4.5 9 80 M M 0 M M
26 93 72 83 4 0 18 0.00 M M 5.1 8 120 M M 1 18 M M
27 92 73 83 4 0 18 0.00 M M 6.6 10 210 M M 0 1 16 190
28 92 72 82 3 0 17 0.00 M M 5.4 12 180 M M 1 M M
29 92 73 83 5 0 18 0.00 M M 6.6 17 120 M M 1 1 M M
30 84 70 77 -1 0 12 0.00 M M 9.6 15 20 M M 1 M M
31 91 69 80 2 0 15 M M M 8.8 15 10 M M 1 20 340
================================================================================
SM 2793 2201 0 491 2.13 M 220.2 M 57
================================================================================
AV 90.1 71.0 7.1 FASTST M M 2 MAX(MPH)
MISC ----> 29 360 # 36 360
================================================================================
NOTES:
# LAST OF SEVERAL OCCURRENCES
COLUMN 17 PEAK WIND IN M.P.H.
PRELIMINARY LOCAL CLIMATOLOGICAL DATA (WS FORM: F-6) , PAGE 2
STATION: NEWPORT AIRPORT
MONTH: AUGUST
YEAR: 2021
LATITUDE: 35 35 N
LONGITUDE: 91 16 W
[TEMPERATURE DATA] [PRECIPITATION DATA] SYMBOLS USED IN COLUMN 16
AVERAGE MONTHLY: 80.5 TOTAL FOR MONTH: 2.13 1 = FOG OR MIST
DPTR FM NORMAL: 0.4 DPTR FM NORMAL: -0.53 2 = FOG REDUCING VISIBILITY
HIGHEST: 97 ON 12,11 GRTST 24HR 1.85 ON 18-18 TO 1/4 MILE OR LESS
LOWEST: 62 ON 5 3 = THUNDER
SNOW, ICE PELLETS, HAIL 4 = ICE PELLETS
TOTAL MONTH: M 5 = HAIL
GRTST 24HR M ON M 6 = FREEZING RAIN OR DRIZZLE
GRTST DEPTH: M ON M 7 = DUSTSTORM OR SANDSTORM:
VSBY 1/2 MILE OR LESS
8 = SMOKE OR HAZE
[NO. OF DAYS WITH] [WEATHER - DAYS WITH] 9 = BLOWING SNOW
X = TORNADO
MAX 32 OR BELOW: 0 0.01 INCH OR MORE: 4
MAX 90 OR ABOVE: 18 0.10 INCH OR MORE: 2
MIN 32 OR BELOW: 0 0.50 INCH OR MORE: 1
MIN 0 OR BELOW: 0 1.00 INCH OR MORE: 1
[HDD (BASE 65) ]
TOTAL THIS MO. 0 CLEAR (SCALE 0-3) 26
DPTR FM NORMAL 0 PTCLDY (SCALE 4-7) 4
TOTAL FM JUL 1 0 CLOUDY (SCALE 8-10) 1
DPTR FM NORMAL 0
[CDD (BASE 65) ]
TOTAL THIS MO. 491
DPTR FM NORMAL 21 [PRESSURE DATA]
TOTAL FM JAN 1 1534 HIGHEST SLP M ON M
DPTR FM NORMAL -46 LOWEST SLP M ON M
[REMARKS]
#FINAL-08-21#