000
CXUS54 KLZK 011130
CF6M19
PRELIMINARY LOCAL CLIMATOLOGICAL DATA (WS FORM: F-6)
STATION: NEWPORT AIRPORT
MONTH: APRIL
YEAR: 2021
LATITUDE: 35 35 N
LONGITUDE: 91 16 W
TEMPERATURE IN F: :PCPN: SNOW: WIND :SUNSHINE: SKY :PK WND
================================================================================
1 2 3 4 5 6A 6B 7 8 9 10 11 12 13 14 15 16 17 18
12Z AVG MX 2MIN
DY MAX MIN AVG DEP HDD CDD WTR SNW DPTH SPD SPD DIR MIN PSBL S-S WX SPD DR
================================================================================
1 55 34 45 -11 20 0 0.00 M M 8.8 15 10 M M 0 21 10
2 55 30 43 -13 22 0 0.00 M M 5.8 9 120 M M 0 M M
3 66 38 52 -4 13 0 T M M 8.5 17 210 M M 0 20 220
4 74 43 59 2 6 0 0.00 M M 8.7 14 180 M M 2 M M
5 77 48 63 6 2 0 0.00 M M 10.4 18 200 M M 3 M M
6 78 52 65 7 0 0 0.00 M M 11.7 18 200 M M 3 23 190
7 76 57 67 9 0 2 1.56 M M 16.4 28 180 M M 8 1238 36 170
8 74 47 61 3 4 0 0.00 M M 13.8 22 230 M M 1 32 230
9 81 53 67 9 0 2 0.00 M M 10.5 26 200 M M 1 32 220
10 69 52 61 2 4 0 0.39 M M 14.8 26 200 M M 4 13 35 200
11 78 46 62 3 3 0 0.00 M M 10.3 16 250 M M 0 21 290
12 79 53 66 7 0 1 T M M 6.1 9 50 M M 1 8 M M
13 69 52 61 1 4 0 0.10 M M 14.9 25 30 M M 4 35 60
14 61 49 55 -5 10 0 0.39 M M 8.5 21 10 M M 9 25 10
15 63 48 56 -4 9 0 T M M 8.3 18 40 M M 2 23 20
16 62 50 56 -5 9 0 T M M 6.8 12 90 M M 8 M M
17 62 46 54 -7 11 0 0.00 M M 8.4 15 340 M M 8 18 330
18 63 42 53 -8 12 0 0.06 M M 7.4 24 280 M M 4 33 280
19 70 39 55 -7 10 0 0.00 M M 5.6 13 260 M M 0 20 260
20 69 35 52 -10 13 0 T M M 11.7 26 330 M M 4 39 340
21 59 31 45 -17 20 0 0.00 M M 6.1 10 350 M M 1 M M
22 62 35 49 -13 16 0 T M M 6.0 10 20 M M 1 M M
23 68 48 58 -5 7 0 0.69 M M 10.0 16 180 M M 10 1 M M
24 63 50 57 -6 8 0 0.66 M M 9.8 18 350 M M 8 1 M M
25 72 45 59 -4 6 0 0.00 0.0 0 4.9 9 150 M M 0 M M
26 79 51 65 1 0 0 0.00 0.0 0 12.4 23 160 M M 0 27 170
27 77 60 69 5 0 4 0.00 M M 14.3 25 200 M M 3 31 210
28 78 66 72 8 0 7 0.02 M M 11.6 18 190 M M 3 1 24 180
29 74 60 67 2 0 2 1.96 M M 12.1 24 200 M M 7 138 31 300
30 78 54 66 1 0 1 0.00 0.0 0 4.9 9 350 M M 0 M M
================================================================================
SM 2091 1414 209 19 5.83 0.0 289.6 M 95
================================================================================
AV 69.7 47.1 9.7 FASTST M M 3 MAX(MPH)
MISC ----> 28 180 39 340
================================================================================
NOTES:
# LAST OF SEVERAL OCCURRENCES
COLUMN 17 PEAK WIND IN M.P.H.
PRELIMINARY LOCAL CLIMATOLOGICAL DATA (WS FORM: F-6) , PAGE 2
STATION: NEWPORT AIRPORT
MONTH: APRIL
YEAR: 2021
LATITUDE: 35 35 N
LONGITUDE: 91 16 W
[TEMPERATURE DATA] [PRECIPITATION DATA] SYMBOLS USED IN COLUMN 16
AVERAGE MONTHLY: 58.4 TOTAL FOR MONTH: 5.83 1 = FOG OR MIST
DPTR FM NORMAL: -2.0 DPTR FM NORMAL: 0.98 2 = FOG REDUCING VISIBILITY
HIGHEST: 81 ON 9 GRTST 24HR 1.96 ON 29-29 TO 1/4 MILE OR LESS
LOWEST: 30 ON 2 3 = THUNDER
SNOW, ICE PELLETS, HAIL 4 = ICE PELLETS
TOTAL MONTH: 0.0 INCH 5 = HAIL
GRTST 24HR 0.0 6 = FREEZING RAIN OR DRIZZLE
GRTST DEPTH: 0 7 = DUSTSTORM OR SANDSTORM:
VSBY 1/2 MILE OR LESS
8 = SMOKE OR HAZE
[NO. OF DAYS WITH] [WEATHER - DAYS WITH] 9 = BLOWING SNOW
X = TORNADO
MAX 32 OR BELOW: 0 0.01 INCH OR MORE: 9
MAX 90 OR ABOVE: 0 0.10 INCH OR MORE: 7
MIN 32 OR BELOW: 2 0.50 INCH OR MORE: 4
MIN 0 OR BELOW: 0 1.00 INCH OR MORE: 2
[HDD (BASE 65) ]
TOTAL THIS MO. 209 CLEAR (SCALE 0-3) 18
DPTR FM NORMAL 28 PTCLDY (SCALE 4-7) 10
TOTAL FM JUL 1 3567 CLOUDY (SCALE 8-10) 2
DPTR FM NORMAL -18
[CDD (BASE 65) ]
TOTAL THIS MO. 19
DPTR FM NORMAL -26 [PRESSURE DATA]
TOTAL FM JAN 1 20 HIGHEST SLP M ON M
DPTR FM NORMAL -32 LOWEST SLP M ON M
[REMARKS]
#FINAL-04-21#