000
CXUS54 KLZK 011510
CF6M19
PRELIMINARY LOCAL CLIMATOLOGICAL DATA (WS FORM: F-6)
STATION: NEWPORT AIRPORT
MONTH: NOVEMBER
YEAR: 2020
LATITUDE: 35 35 N
LONGITUDE: 91 16 W
TEMPERATURE IN F: :PCPN: SNOW: WIND :SUNSHINE: SKY :PK WND
================================================================================
1 2 3 4 5 6A 6B 7 8 9 10 11 12 13 14 15 16 17 18
12Z AVG MX 2MIN
DY MAX MIN AVG DEP HDD CDD WTR SNW DPTH SPD SPD DIR MIN PSBL S-S WX SPD DR
================================================================================
1 64 37 51 -5 14 0 0.00 M M 9.9 18 330 M M 0 25 330
2 57 32 45 -11 20 0 0.00 M M 6.0 12 210 M M 0 M M
3 70 36 53 -2 12 0 0.00 M M 8.2 13 190 M M 0 8 M M
4 74 43 59 4 6 0 0.00 M M 9.0 15 190 M M 0 M M
5 72 44 58 4 7 0 0.00 M M 6.8 14 180 M M 0 8 M M
6 72 42 57 3 8 0 0.00 M M 3.5 7 120 M M 0 128 M M
7 78 47 63 9 2 0 0.00 M M 4.9 10 130 M M 3 18 M M
8 81 58 70 17 0 5 0.00 M M 7.4 12 110 M M 5 18 M M
9 80 58 69 16 0 4 0.00 M M 8.2 16 140 M M 5 1 M M
10 82 58 70 18 0 5 0.00 M M 9.6 20 200 M M 8 1 23 200
11 61 39 50 -2 15 0 0.00 M M 11.7 16 30 M M 3 20 30
12 64 34 49 -3 16 0 T M M 6.1 9 20 M M 2 8 M M
13 59 44 52 1 13 0 0.00 M M 7.8 13 350 M M 1 8 M M
14 74 44 59 8 6 0 0.01 M M 12.4 25 200 M M 6 8 37 200
15 70 39 55 5 10 0 0.49 M M 14.6 29 200 M M 2 13 46 300
16 66 34 50 0 15 0 0.00 M M 7.0 15 200 M M 0 M M
17 61 38 50 0 15 0 T M M 7.6 14 40 M M 0 M M
18 63 31 47 -2 18 0 0.00 M M 5.8 12 160 M M 0 M M
19 69 44 57 8 8 0 0.00 M M 15.5 25 200 M M 0 35 190
20 68 48 58 10 7 0 0.00 M M 8.9 16 190 M M 5 12 M M
21 62 48 55 7 10 0 M M M 4.4 9 160 M M 8 1 M M
22 59 39 49 1 16 0 0.97 M M 12.2 22 330 M M 8 1 28 320
23 55 35 45 -2 20 0 T M M 3.5 8 110 M M 0 18 M M
24 59 37 48 1 17 0 0.47 M M 8.1 16 160 M M 3 12 21 150
25 59 46 53 7 12 0 0.47 M M 14.2 25 210 M M 7 13 33 210
26 57 38 48 2 17 0 T M M 3.9 8 310 M M 1 18 M M
27 57 41 49 3 16 0 M M M 5.5 9 360 M M 3 18 M M
28 53 34 44 -1 21 0 M M M 6.9 12 10 M M 0 M M
29 46 34 40 -5 25 0 0.07 M M 8.2 24 330 M M 7 33 330
30 42 29 36 -8 29 0 T M M 14.8 25 330 M M 4 35 340
================================================================================
SM 1934 1231 375 14 2.48 M 252.5 M 81
================================================================================
AV 64.5 41.0 8.4 FASTST M M 3 MAX(MPH)
MISC ----> 29 200 46 300
================================================================================
NOTES:
# LAST OF SEVERAL OCCURRENCES
COLUMN 17 PEAK WIND IN M.P.H.
PRELIMINARY LOCAL CLIMATOLOGICAL DATA (WS FORM: F-6) , PAGE 2
STATION: NEWPORT AIRPORT
MONTH: NOVEMBER
YEAR: 2020
LATITUDE: 35 35 N
LONGITUDE: 91 16 W
[TEMPERATURE DATA] [PRECIPITATION DATA] SYMBOLS USED IN COLUMN 16
AVERAGE MONTHLY: 52.8 TOTAL FOR MONTH: 2.48 1 = FOG OR MIST
DPTR FM NORMAL: 2.5 DPTR FM NORMAL: -2.87 2 = FOG REDUCING VISIBILITY
HIGHEST: 82 ON 10 GRTST 24HR 0.97 ON 22-22 TO 1/4 MILE OR LESS
LOWEST: 29 ON 30 3 = THUNDER
SNOW, ICE PELLETS, HAIL 4 = ICE PELLETS
TOTAL MONTH: M 5 = HAIL
GRTST 24HR M ON M 6 = FREEZING RAIN OR DRIZZLE
GRTST DEPTH: M ON M 7 = DUSTSTORM OR SANDSTORM:
VSBY 1/2 MILE OR LESS
8 = SMOKE OR HAZE
[NO. OF DAYS WITH] [WEATHER - DAYS WITH] 9 = BLOWING SNOW
X = TORNADO
MAX 32 OR BELOW: 0 0.01 INCH OR MORE: 6
MAX 90 OR ABOVE: 0 0.10 INCH OR MORE: 4
MIN 32 OR BELOW: 3 0.50 INCH OR MORE: 1
MIN 0 OR BELOW: 0 1.00 INCH OR MORE: 0
[HDD (BASE 65) ]
TOTAL THIS MO. 375 CLEAR (SCALE 0-3) 19
DPTR FM NORMAL -74 PTCLDY (SCALE 4-7) 10
TOTAL FM JUL 1 635 CLOUDY (SCALE 8-10) 1
DPTR FM NORMAL -8
[CDD (BASE 65) ]
TOTAL THIS MO. 14
DPTR FM NORMAL 9 [PRESSURE DATA]
TOTAL FM JAN 1 1745 HIGHEST SLP M ON M
DPTR FM NORMAL -136 LOWEST SLP M ON M
[REMARKS]
#FINAL-11-20#