000
CXUS56 KHNX 011146
CF6MAE
PRELIMINARY LOCAL CLIMATOLOGICAL DATA (WS FORM: F-6)
STATION: MADERA CA AIRPORT
MONTH: MARCH
YEAR: 2020
LATITUDE: 36 58 N
LONGITUDE: 120 7 W
TEMPERATURE IN F: :PCPN: SNOW: WIND :SUNSHINE: SKY :PK WND
================================================================================
1 2 3 4 5 6A 6B 7 8 9 10 11 12 13 14 15 16 17 18
12Z AVG MX 2MIN
DY MAX MIN AVG DEP HDD CDD WTR SNW DPTH SPD SPD DIR MIN PSBL S-S WX SPD DR
================================================================================
1 61 38 50 -3 15 0 T 0.0 0 7.8 18 340 M M 5 22 310
2 65 30 48 -5 17 0 0.00 0.0 0 3.5 12 310 M M 0 1 14 300
3 71 38 55 2 10 0 0.00 0.0 0 4.0 9 90 M M 0 11 260
4 79 41 60 7 5 0 0.00 0.0 0 2.9 7 260 M M 0 11 160
5 81 41 61 8 4 0 0.00 0.0 0 3.3 8 330 M M 0 1 17 320
6 77 43 60 7 5 0 0.00 0.0 0 6.5 15 330 M M 0 1 19 330
7 62 46 54 1 11 0 0.00 0.0 0 5.0 12 340 M M 6 15 10
8 64 40 52 -2 13 0 0.01 0.0 0 3.1 14 130 M M 4 1 33 150
9 67 43 55 1 10 0 0.00 0.0 0 3.3 10 330 M M 1 22 220
10 67 42 55 1 10 0 0.12 0.0 0 5.0 20 340 M M 3 1 30 210
11 71 49 60 6 5 0 0.11 0.0 0 M M M M M 4 1 M M
12 75 43 59 5 6 0 0.00 0.0 0 3.8 10 240 M M 1 1 15 330
13 75 46 61 7 4 0 0.00 0.0 0 8.2 17 330 M M 1 128 24 110
14 68 48 58 4 7 0 0.01 0.0 0 9.5 23 160 M M 6 32 130
15 61 51 56 2 9 0 0.07 0.0 0 14.4 25 160 M M 8 1 33 160
16 52 39 46 -8 19 0 0.63 0.0 0 9.3 18 150 M M 10 1 26 150
17 58 35 47 -7 18 0 0.00 0.0 0 5.1 13 170 M M 4 1 16 160
18 61 33 47 -7 18 0 0.00 0.0 0 4.9 13 280 M M 1 1 17 240
19 59 43 51 -3 14 0 0.02 0.0 0 4.7 10 170 M M 6 1 13 140
20 64 39 52 -2 13 0 0.00 0.0 0 3.8 13 170 M M 1 15 170
21 65 46 56 2 9 0 0.09 0.0 0 4.9 12 30 M M 8 1 15 60
22 70 45 58 3 7 0 0.22 0.0 0 4.3 17 220 M M 5 1 23 220
23 67 50 59 4 6 0 0.05 0.0 0 6.1 15 300 M M 7 1 20 300
24 60 47 54 -1 11 0 0.11 0.0 0 5.9 13 320 M M 9 1 15 120
25 58 41 50 -5 15 0 0.07 0.0 0 6.0 23 280 M M 8 13 28 280
26 59 36 48 -7 17 0 0.00 0.0 0 4.8 13 320 M M 1 12 17 290
27 62 35 49 -6 16 0 0.00 0.0 0 4.9 10 310 M M 1 13 320
28 62 38 50 -5 15 0 T 0.0 0 4.8 10 350 M M 4 1 17 340
29 66 47 57 1 8 0 0.02 0.0 0 3.5 12 280 M M 5 12 15 240
30 69 41 55 -1 10 0 0.00 0.0 0 4.0 12 280 M M 0 1 21 330
31 73 43 58 2 7 0 0.00 0.0 0 6.9 15 320 M M 0 2 21 330
================================================================================
SM 2049 1297 334 0 1.53 0.0 164.2 M 109
================================================================================
AV 66.1 41.8 5.5 FASTST M M 4 MAX(MPH)
MISC ----> # 25 160 # 33 150
================================================================================
NOTES:
# LAST OF SEVERAL OCCURRENCES
COLUMN 17 PEAK WIND IN M.P.H.
PRELIMINARY LOCAL CLIMATOLOGICAL DATA (WS FORM: F-6) , PAGE 2
STATION: MADERA CA AIRPORT
MONTH: MARCH
YEAR: 2020
LATITUDE: 36 58 N
LONGITUDE: 120 7 W
[TEMPERATURE DATA] [PRECIPITATION DATA] SYMBOLS USED IN COLUMN 16
AVERAGE MONTHLY: 54.0 TOTAL FOR MONTH: 1.53 1 = FOG OR MIST
DPTR FM NORMAL: -0.2 DPTR FM NORMAL: -0.27 2 = FOG REDUCING VISIBILITY
HIGHEST: 81 ON 5 GRTST 24HR 0.63 ON 16-16 TO 1/4 MILE OR LESS
LOWEST: 30 ON 2 3 = THUNDER
SNOW, ICE PELLETS, HAIL 4 = ICE PELLETS
TOTAL MONTH: 0.0 INCH 5 = HAIL
GRTST 24HR 0.0 6 = FREEZING RAIN OR DRIZZLE
GRTST DEPTH: 0 7 = DUSTSTORM OR SANDSTORM:
VSBY 1/2 MILE OR LESS
8 = SMOKE OR HAZE
[NO. OF DAYS WITH] [WEATHER - DAYS WITH] 9 = BLOWING SNOW
X = TORNADO
MAX 32 OR BELOW: 0 0.01 INCH OR MORE: 13
MAX 90 OR ABOVE: 0 0.10 INCH OR MORE: 5
MIN 32 OR BELOW: 1 0.50 INCH OR MORE: 1
MIN 0 OR BELOW: 0 1.00 INCH OR MORE: 0
[HDD (BASE 65) ]
TOTAL THIS MO. 334 CLEAR (SCALE 0-3) 15
DPTR FM NORMAL -2 PTCLDY (SCALE 4-7) 13
TOTAL FM JUL 1 2132 CLOUDY (SCALE 8-10) 3
DPTR FM NORMAL -286
[CDD (BASE 65) ]
TOTAL THIS MO. 0
DPTR FM NORMAL -1 [PRESSURE DATA]
TOTAL FM JAN 1 0 HIGHEST SLP 30.32 ON 30
DPTR FM NORMAL -1 LOWEST SLP 29.67 ON 13
[REMARKS]
#FINAL-03-20#