000
CXUS52 KTAE 010800
CF6MAI
PRELIMINARY LOCAL CLIMATOLOGICAL DATA (WS FORM: F-6)
STATION: MARIANNA
MONTH: JULY
YEAR: 2022
LATITUDE: 30 50 N
LONGITUDE: 85 11 W
TEMPERATURE IN F: :PCPN: SNOW: WIND :SUNSHINE: SKY :PK WND
================================================================================
1 2 3 4 5 6A 6B 7 8 9 10 11 12 13 14 15 16 17 18
12Z AVG MX 2MIN
DY MAX MIN AVG DEP HDD CDD WTR SNW DPTH SPD SPD DIR MIN PSBL S-S WX SPD DR
================================================================================
1 92 73 83 1 0 18 0.00 0.0 0 4.4 15 280 M M 2 30 220
2 91 72 82 0 0 17 0.08 0.0 0 3.9 21 290 M M 1 13 28 230
3 92 73 83 1 0 18 0.03 0.0 0 5.6 20 250 M M 1 3 26 230
4 95 75 85 3 0 20 3.20 0.0 0 3.9 24 200 M M 2 123 30 210
5 94 73 84 2 0 19 0.01 0.0 0 4.0 20 190 M M 1 3 30 280
6 95 75 85 3 0 20 0.00 0.0 0 4.9 16 220 M M 1 23 80
7 96 76 86 4 0 21 0.00 0.0 0 5.0 15 230 M M 1 24 280
8 97 78 88 5 0 23 0.00 0.0 0 6.6 20 240 M M 1 3 27 240
9 95 76 86 3 0 21 0.54 0.0 0 4.9 20 200 M M 3 13 25 260
10 91 75 83 0 0 18 0.00 0.0 M 6.2 13 270 M M 1 3 29 320
11 88 73 81 -2 0 16 1.83 0.0 M 3.7 26 20 M M 2 123 33 340
12 81 73 77 -6 0 12 0.15 0.0 M 4.9 15 180 M M 8 1 22 360
13 87 74 81 -2 0 16 0.08 0.0 0 4.3 13 210 M M 4 1 23 210
14 85 74 80 -3 0 15 0.13 0.0 0 4.2 17 340 M M 3 13 23 270
15 87 71 79 -4 0 14 M 0.0 0 4.9 14 200 M M 4 13 33 30
16 91 71 81 -2 0 16 T 0.0 0 3.8 15 90 M M 1 24 200
17 90 70 80 -3 0 15 0.00 0.0 0 5.0 12 190 M M 1 25 200
18 87 73 80 -3 0 15 0.69 0.0 0 4.1 13 240 M M 2 13 22 210
19 90 75 83 0 0 18 0.07 0.0 M 4.9 25 220 M M 0 13 32 220
20 90 75 83 0 0 18 0.34 0.0 M 7.4 24 260 M M 1 13 31 180
21 91 75 83 0 0 18 0.00 M M 8.8 22 200 M M 1 3 65 270
22 89 74 82 -1 0 17 0.81 0.0 M 3.8 20 240 M M 2 138 26 240
23 90 72 81 -2 0 16 0.00 M M 4.6 16 180 M M 1 3 22 190
24 92 72 82 -1 0 17 0.01 0.0 M 3.3 15 150 M M 2 3 19 180
25 92 73 83 0 0 18 0.14 0.0 M 3.5 22 190 M M 1 13 27 160
26 93 73 83 0 0 18 0.00 0.0 0 3.2 20 200 M M 0 24 190
27 90 74 82 -1 0 17 0.00 0.0 0 4.1 16 150 M M 1 3 22 150
28 90 73 82 -1 0 17 1.02 0.0 0 3.2 21 180 M M 2 123 24 180
29 90 74 82 -1 0 17 0.04 0.0 M 5.4 21 270 M M 1 13 27 280
30 94 74 84 1 0 19 0.00 0.0 M 4.6 14 230 M M 0 17 120
31 94 70 82 -1 0 17 0.00 0.0 0 2.4 23 200 M M 1 3 27 210
================================================================================
SM 2819 2279 0 541 9.17 0.0 143.5 M 52
================================================================================
AV 90.9 73.5 4.6 FASTST M M 2 MAX(MPH)
MISC ----> 26 20 65 270
================================================================================
NOTES:
# LAST OF SEVERAL OCCURRENCES
COLUMN 17 PEAK WIND IN M.P.H.
PRELIMINARY LOCAL CLIMATOLOGICAL DATA (WS FORM: F-6) , PAGE 2
STATION: MARIANNA
MONTH: JULY
YEAR: 2022
LATITUDE: 30 50 N
LONGITUDE: 85 11 W
[TEMPERATURE DATA] [PRECIPITATION DATA] SYMBOLS USED IN COLUMN 16
AVERAGE MONTHLY: 82.2 TOTAL FOR MONTH: 9.17 1 = FOG OR MIST
DPTR FM NORMAL: -0.5 DPTR FM NORMAL: 4.07 2 = FOG REDUCING VISIBILITY
HIGHEST: 97 ON 8 GRTST 24HR 3.20 ON 4- 4 TO 1/4 MILE OR LESS
LOWEST: 70 ON 31,17 3 = THUNDER
SNOW, ICE PELLETS, HAIL 4 = ICE PELLETS
TOTAL MONTH: 0.0 INCH 5 = HAIL
GRTST 24HR 0.0 6 = FREEZING RAIN OR DRIZZLE
GRTST DEPTH: 0 7 = DUSTSTORM OR SANDSTORM:
VSBY 1/2 MILE OR LESS
8 = SMOKE OR HAZE
[NO. OF DAYS WITH] [WEATHER - DAYS WITH] 9 = BLOWING SNOW
X = TORNADO
MAX 32 OR BELOW: 0 0.01 INCH OR MORE: 17
MAX 90 OR ABOVE: 24 0.10 INCH OR MORE: 10
MIN 32 OR BELOW: 0 0.50 INCH OR MORE: 6
MIN 0 OR BELOW: 0 1.00 INCH OR MORE: 3
[HDD (BASE 65) ]
TOTAL THIS MO. 0 CLEAR (SCALE 0-3) 28
DPTR FM NORMAL 0 PTCLDY (SCALE 4-7) 3
TOTAL FM JUL 1 0 CLOUDY (SCALE 8-10) 0
DPTR FM NORMAL 0
[CDD (BASE 65) ]
TOTAL THIS MO. 541
DPTR FM NORMAL -8 [PRESSURE DATA]
TOTAL FM JAN 1 1632 HIGHEST SLP M ON M
DPTR FM NORMAL 55 LOWEST SLP 29.84 ON 10
[REMARKS]
#FINAL-07-22#