000
CXUS53 KDTX 010735
CF6MBS
PRELIMINARY LOCAL CLIMATOLOGICAL DATA (WS FORM: F-6)
STATION: TRI CITIES MI
MONTH: DECEMBER
YEAR: 2022
LATITUDE: 43 31 N
LONGITUDE: 84 5 W
TEMPERATURE IN F: :PCPN: SNOW: WIND :SUNSHINE: SKY :PK WND
================================================================================
1 2 3 4 5 6A 6B 7 8 9 10 11 12 13 14 15 16 17 18
12Z AVG MX 2MIN
DY MAX MIN AVG DEP HDD CDD WTR SNW DPTH SPD SPD DIR MIN PSBL S-S WX SPD DR
================================================================================
1 34 24 29 -4 36 0 T T 0 12.9 26 270 M M 5 39 280
2 51 31 41 8 24 0 0.00 0.0 0 13.3 31 220 M M 10 45 220
3 50 22 36 4 29 0 0.06 0.0 0 17.3 33 270 M M 9 1 49 270
4 38 20 29 -3 36 0 0.00 0.0 0 13.4 26 220 M M 0 34 230
5 39 30 35 3 30 0 0.00 0.0 0 10.1 22 220 M M 4 29 220
6 42 34 38 6 27 0 0.09 0.0 0 6.1 13 40 M M 9 1 16 40
7 42 32 37 6 28 0 0.00 0.0 0 4.1 12 310 M M 8 128 14 310
8 38 30 34 3 31 0 0.00 0.0 0 8.3 13 20 M M 10 17 350
9 34 31 33 2 32 0 0.00 0.0 0 12.0 20 80 M M 10 28 70
10 35 32 34 4 31 0 0.01 0.2 0 6.7 14 60 M M 10 18 19 50
11 39 26 33 3 32 0 0.04 0.4 1 4.2 12 330 M M 10 12 16 330
12 34 32 33 3 32 0 0.00 0.0 0 6.6 13 70 M M 10 15 70
13 34 28 31 1 34 0 0.00 0.0 0 9.2 15 70 M M 7 8 21 60
14 36 29 33 4 32 0 0.00 0.0 0 13.4 21 80 M M 4 27 70
15 42 33 38 9 27 0 0.42 0.0 0 10.5 24 110 M M 10 16 36 110
16 35 29 32 3 33 0 0.03 0.4 0 9.3 18 220 M M 10 1 25 230
17 30 26 28 0 37 0 0.01 0.3 1 13.1 21 220 M M 10 18 28 210
18 31 25 28 0 37 0 T 0.2 1 15.0 23 260 M M 10 1 31 270
19 26 23 25 -3 40 0 0.00 0.0 1 8.7 17 280 M M 10 23 280
20 31 21 26 -2 39 0 0.00 0.0 1 8.7 17 220 M M 7 22 260
21 24 12 18 -10 47 0 0.00 0.0 T 6.3 13 260 M M 2 16 240
22 37 24 31 4 34 0 0.27 2.8 T 5.8 21 280 M M 9 18 28 280
23 30 6 18 -9 47 0 0.04 0.7 3 27.6 41 250 M M 10 19 57 250
24 17 10 14 -13 51 0 T T 3 25.3 36 260 M M 10 9 51 260
25 18 15 17 -10 48 0 T 0.1 3 15.9 26 250 M M 10 89 35 260
26 22 15 19 -7 46 0 T T 3 6.7 15 220 M M 9 1 17 220
27 26 20 23 -3 42 0 T T 3 11.5 21 220 M M 9 1 26 180
28 41 26 34 8 31 0 0.00 0.0 3 12.5 18 180 M M 2 31 180
29 49 36 43 17 22 0 0.00 0.0 0 10.3 15 200 M M 5 1 21 200
30 55 40 48 22 17 0 0.02 0.0 0 10.2 22 250 M M 10 1 29 250
31 40 32 36 11 29 0 0.00 0.0 0 5.8 10 270 M M 10 1 14 270
================================================================================
SM 1100 794 1061 0 0.99 5.1 340.8 M 249
================================================================================
AV 35.5 25.6 11.0 FASTST M M 8 MAX(MPH)
MISC ----> 41 250 57 250
================================================================================
NOTES:
# LAST OF SEVERAL OCCURRENCES
COLUMN 17 PEAK WIND IN M.P.H.
PRELIMINARY LOCAL CLIMATOLOGICAL DATA (WS FORM: F-6) , PAGE 2
STATION: TRI CITIES MI
MONTH: DECEMBER
YEAR: 2022
LATITUDE: 43 31 N
LONGITUDE: 84 5 W
[TEMPERATURE DATA] [PRECIPITATION DATA] SYMBOLS USED IN COLUMN 16
AVERAGE MONTHLY: 30.5 TOTAL FOR MONTH: 0.99 1 = FOG OR MIST
DPTR FM NORMAL: 1.6 DPTR FM NORMAL: -0.86 2 = FOG REDUCING VISIBILITY
HIGHEST: 55 ON 30 GRTST 24HR 0.42 ON 15-15 TO 1/4 MILE OR LESS
LOWEST: 6 ON 23 3 = THUNDER
SNOW, ICE PELLETS, HAIL 4 = ICE PELLETS
TOTAL MONTH: 5.1 INCHES 5 = HAIL
GRTST 24HR 2.8 ON 22-22 6 = FREEZING RAIN OR DRIZZLE
GRTST DEPTH: 3 ON 28,27 7 = DUSTSTORM OR SANDSTORM:
VSBY 1/2 MILE OR LESS
8 = SMOKE OR HAZE
[NO. OF DAYS WITH] [WEATHER - DAYS WITH] 9 = BLOWING SNOW
X = TORNADO
MAX 32 OR BELOW: 10 0.01 INCH OR MORE: 10
MAX 90 OR ABOVE: 0 0.10 INCH OR MORE: 2
MIN 32 OR BELOW: 27 0.50 INCH OR MORE: 0
MIN 0 OR BELOW: 0 1.00 INCH OR MORE: 0
[HDD (BASE 65) ]
TOTAL THIS MO. 1061 CLEAR (SCALE 0-3) 3
DPTR FM NORMAL -58 PTCLDY (SCALE 4-7) 6
TOTAL FM JUL 1 2334 CLOUDY (SCALE 8-10) 22
DPTR FM NORMAL -176
[CDD (BASE 65) ]
TOTAL THIS MO. 0
DPTR FM NORMAL 0 [PRESSURE DATA]
TOTAL FM JAN 1 727 HIGHEST SLP 30.52 ON 21
DPTR FM NORMAL 95 LOWEST SLP 29.35 ON 23
[REMARKS]
#FINAL-12-22#