000
CXUS53 KEAX 192150
CLSMCI
CLIMATE REPORT
NATIONAL WEATHER SERVICE
349 PM CST THU NOV 19 2020
...................................
...THE KANSAS CITY INTERNATIONAL MO CLIMATE SUMMARY FOR THE SEASON, FROM
12/1/2019 TO 2/29/2020...
CLIMATE NORMAL PERIOD: 1981 TO 2010
CLIMATE RECORD PERIOD: 1888 TO 2020
WEATHER OBSERVED NORMAL DEPART LAST YEAR`S
VALUE DATE(S) VALUE FROM VALUE DATE(S)
NORMAL
................................................................
TEMPERATURE (F)
RECORD
HIGH 81 02/24/1930
LOW -23 12/23/1989
12/22/1989
HIGHEST 66 01/09 67 -1 64 02/03
12/25
LOWEST 0 02/14 0 0 -6 01/30
AVG. MAXIMUM 44.4 40.5 3.9 38.6
AVG. MINIMUM 25.9 22.0 3.9 21.7
MEAN 35.2 31.2 4.0 30.1
DAYS MAX >= 90 0 0.0 0.0 0
DAYS MAX <= 32 12 24.5 -12.5 29
DAYS MIN <= 32 75 74.7 0.3 81
DAYS MIN <= 0 1 5.1 -4.1 2
PRECIPITATION (INCHES)
RECORD
MAXIMUM 8.62 1911
MINIMUM 0.58 1920
TOTALS 5.21 4.06 1.15 6.97
DAILY AVG. 0.06 0.05 0.01 0.08
DAYS >= .01 15 20.6 -5.6 31
DAYS >= .10 10 9.3 0.7 13
DAYS >= .50 2 2.3 -0.3 5
DAYS >= 1.00 2 0.6 1.4 0
GREATEST
24 HR. TOTAL 1.50 12/28 TO 12/28
12/28 TO 12/29
SNOWFALL (INCHES)
RECORDS
TOTAL 53.3 1962
TOTALS 15.3 14.8 0.5 18.5
SINCE 7/1 17.2 16.2 1.0 MM
DAYS >= TRACE 19 11.2 7.8 MM
DAYS >= 1.0 5 4.6 0.4 MM
GREATEST
SNOW DEPTH 3R
24 HR TOTAL MM
DEGREE DAYS
HEATING TOTAL 2690 3043 -353 3103
COOLING TOTAL 0 0 0 0
................................................................
WIND (MPH)
AVERAGE WIND SPEED 10.2
HIGHEST WIND SPEED/DIRECTION 36/290 DATE 12/30
HIGHEST GUST SPEED/DIRECTION 51/300 DATE 12/30
SKY COVER
POSSIBLE SUNSHINE (PERCENT) MM
AVERAGE SKY COVER 0.57
NUMBER OF DAYS FAIR 26
NUMBER OF DAYS PC 35
NUMBER OF DAYS CLOUDY 30
AVERAGE RH (PERCENT) 70
WEATHER CONDITIONS. NUMBER OF DAYS WITH
THUNDERSTORM 1 MIXED PRECIP 0
HEAVY RAIN 1 RAIN 2
LIGHT RAIN 10 FREEZING RAIN 1
LT FREEZING RAIN 4 HAIL 0
HEAVY SNOW 2 SNOW 3
LIGHT SNOW 18 SLEET 2
FOG 38 FOG W/VIS <= 1/4 MILE 15
HAZE 16
- INDICATES NEGATIVE NUMBERS.
R INDICATES RECORD WAS SET OR TIED.
MM INDICATES DATA IS MISSING.
T INDICATES TRACE AMOUNT.
$$