000
CXUS53 KGLD 010800
CF6MCK
PRELIMINARY LOCAL CLIMATOLOGICAL DATA (WS FORM: F-6)
STATION: MCCOOK NE
MONTH: JUNE
YEAR: 2023
LATITUDE: 40 13 N
LONGITUDE: 100 35 W
TEMPERATURE IN F: :PCPN: SNOW: WIND :SUNSHINE: SKY :PK WND
================================================================================
1 2 3 4 5 6A 6B 7 8 9 10 11 12 13 14 15 16 17 18
12Z AVG MX 2MIN
DY MAX MIN AVG DEP HDD CDD WTR SNW DPTH SPD SPD DIR MIN PSBL S-S WX SPD DR
================================================================================
1 78 60 69 1 0 4 T M M 10.8 23 150 M M 4 1 34 140
2 76 58 67 -1 0 2 0.00 M M 11.1 20 120 M M 4 27 150
3 76 59 68 0 0 3 0.10 M M 7.0 26 130 M M 6 138 39 120
4 81 57 69 0 0 4 0.00 M M 6.2 16 90 M M 1 18 22 90
5 82 60 71 2 0 6 T M M 4.5 23 210 M M 3 13 31 200
6 84 55 70 1 0 5 0.00 M M 3.8 13 180 M M 0 18 16 190
7 86 57 72 2 0 7 0.00 M M 3.6 13 120 M M 0 18 17 150
8 89 57 73 3 0 8 0.00 M M 3.0 14 90 M M 0 18 17 90
9 86 60 73 3 0 8 0.00 M M 6.4 21 80 M M 1 3 29 70
10 83 59 71 0 0 6 0.05 M M 8.3 22 350 M M 2 3 31 360
11 74 55 65 -6 0 0 T M M 9.0 18 20 M M 7 1 25 30
12 73 54 64 -7 1 0 0.00 M M 5.9 13 140 M M 7 8 19 130
13 77 56 67 -5 0 2 0.00 M M 5.6 17 350 M M 5 138 23 360
14 83 50 67 -5 0 2 0.00 M M 4.2 9 340 M M 0 18 13 330
15 86 52 69 -3 0 4 T M M 6.6 21 250 M M 1 13 29 190
16 82 58 70 -3 0 5 0.39 M M 10.4 20 360 M M 3 13 26 10
17 76 55 66 -7 0 1 1.08 M M 5.6 22 40 M M 4 1238 28 40
18 85 54 70 -3 0 5 0.00 M M 7.6 14 180 M M 0 1 20 200
19 89 59 74 1 0 9 0.00 M M 11.0 25 160 M M 0 37 150
20 85 65 75 1 0 10 0.00 M M 10.5 20 130 M M 5 3 27 140
21 82 68 75 1 0 10 T M M 10.1 20 120 M M 8 138 27 120
22 84 66 75 1 0 10 T M M 6.5 17 90 M M 6 138 24 90
23 90 62 76 2 0 11 0.00 M M 8.9 21 160 M M 2 18 31 180
24 90 61 76 1 0 11 0.00 M M 11.6 23 330 M M 1 3 34 300
25 84 52 68 -7 0 3 0.00 M M 7.9 18 330 M M 0 24 330
26 87 56 72 -3 0 7 0.00 M M 7.3 18 150 M M 1 25 140
27 88 61 75 0 0 10 0.24 M M 15.2 29 170 M M 2 3 44 160
28 90 61 76 0 0 11 0.02 M M 9.4 22 60 M M 1 13 31 60
29 87 63 75 -1 0 10 0.71 M M 9.7 47 320 M M 2 123 64 310
30 79 61 70 -6 0 5 0.12 M M 10.4 30 320 M M 5 138 41 320
================================================================================
SM 2492 1751 1 179 2.71 M 238.1 M 81
================================================================================
AV 83.1 58.4 7.9 FASTST M M 3 MAX(MPH)
MISC ----> 47 320 64 310
================================================================================
NOTES:
# LAST OF SEVERAL OCCURRENCES
COLUMN 17 PEAK WIND IN M.P.H.
PRELIMINARY LOCAL CLIMATOLOGICAL DATA (WS FORM: F-6) , PAGE 2
STATION: MCCOOK NE
MONTH: JUNE
YEAR: 2023
LATITUDE: 40 13 N
LONGITUDE: 100 35 W
[TEMPERATURE DATA] [PRECIPITATION DATA] SYMBOLS USED IN COLUMN 16
AVERAGE MONTHLY: 70.7 TOTAL FOR MONTH: 2.71 1 = FOG OR MIST
DPTR FM NORMAL: -1.5 DPTR FM NORMAL: -0.38 2 = FOG REDUCING VISIBILITY
HIGHEST: 90 ON 28,24 GRTST 24HR 1.47 ON 16-17 TO 1/4 MILE OR LESS
LOWEST: 50 ON 14 3 = THUNDER
SNOW, ICE PELLETS, HAIL 4 = ICE PELLETS
TOTAL MONTH: M 5 = HAIL
GRTST 24HR M ON M 6 = FREEZING RAIN OR DRIZZLE
GRTST DEPTH: M ON M 7 = DUSTSTORM OR SANDSTORM:
VSBY 1/2 MILE OR LESS
8 = SMOKE OR HAZE
[NO. OF DAYS WITH] [WEATHER - DAYS WITH] 9 = BLOWING SNOW
X = TORNADO
MAX 32 OR BELOW: 0 0.01 INCH OR MORE: 8
MAX 90 OR ABOVE: 3 0.10 INCH OR MORE: 6
MIN 32 OR BELOW: 0 0.50 INCH OR MORE: 2
MIN 0 OR BELOW: 0 1.00 INCH OR MORE: 1
[HDD (BASE 65) ]
TOTAL THIS MO. 1 CLEAR (SCALE 0-3) 19
DPTR FM NORMAL -19 PTCLDY (SCALE 4-7) 11
TOTAL FM JUL 1 5782 CLOUDY (SCALE 8-10) 0
DPTR FM NORMAL 7
[CDD (BASE 65) ]
TOTAL THIS MO. 179
DPTR FM NORMAL -57 [PRESSURE DATA]
TOTAL FM JAN 1 236 HIGHEST SLP M ON M
DPTR FM NORMAL -63 LOWEST SLP 29.63 ON 18
[REMARKS]
#FINAL-06-23#