000
CXUS53 KGLD 010800
CF6MCK
PRELIMINARY LOCAL CLIMATOLOGICAL DATA (WS FORM: F-6)
STATION: MCCOOK NE
MONTH: MARCH
YEAR: 2022
LATITUDE: 40 13 N
LONGITUDE: 100 35 W
TEMPERATURE IN F: :PCPN: SNOW: WIND :SUNSHINE: SKY :PK WND
================================================================================
1 2 3 4 5 6A 6B 7 8 9 10 11 12 13 14 15 16 17 18
12Z AVG MX 2MIN
DY MAX MIN AVG DEP HDD CDD WTR SNW DPTH SPD SPD DIR MIN PSBL S-S WX SPD DR
================================================================================
1 73 30 52 16 13 0 0.00 M M 9.2 18 340 M M 0 24 310
2 77 33 55 19 10 0 0.00 M M 7.4 18 80 M M 0 8 24 80
3 47 26 37 0 28 0 0.00 M M 7.7 18 80 M M 5 128 23 70
4 57 18 38 1 27 0 0.00 M M 6.5 22 30 M M 0 18 25 30
5 47 18 33 -5 32 0 0.18 M M 16.2 31 10 M M 6 12368 40 360
6 25 13 19 -19 46 0 T M M 12.3 23 360 M M 6 18 28 360
7 32 8 20 -18 45 0 0.00 M M 9.0 17 330 M M 2 20 330
8 43 12 28 -11 37 0 0.00 M M 9.3 24 10 M M 1 30 10
9 21 14 18 -21 47 0 T M M 11.6 20 40 M M 8 1 25 50
10 22 5 14 -26 51 0 0.05 M M 5.4 14 270 M M 7 18 18 270
11 33 1 17 -23 48 0 0.00 M M 9.8 18 300 M M 0 24 280
12 57 10 34 -6 31 0 0.00 M M 9.1 22 270 M M 1 31 270
13 70 29 50 9 15 0 0.00 M M 7.9 20 160 M M 0 29 160
14 56 27 42 1 23 0 0.00 M M 16.3 35 360 M M 2 46 350
15 70 22 46 4 19 0 0.00 M M 10.0 25 210 M M 0 35 210
16 68 28 48 6 17 0 0.00 M M 11.0 23 30 M M 0 29 360
17 48 32 40 -2 25 0 0.16 M M 15.2 31 30 M M 9 1 40 30
18 58 26 42 -1 23 0 0.00 M M 8.5 18 310 M M 1 12 25 310
19 67 28 48 5 17 0 0.00 M M 8.3 20 230 M M 0 30 230
20 76 32 54 10 11 0 0.00 M M 9.4 23 210 M M 0 31 210
21 58 34 46 2 19 0 0.10 M M 21.9 36 360 M M 6 1 45 10
22 55 34 45 1 20 0 0.00 M M 24.9 44 360 M M 3 56 10
23 52 27 40 -5 25 0 0.00 M M 19.2 33 350 M M 2 57 340
24 69 22 46 1 19 0 0.00 M M 9.3 18 350 M M 0 27 290
25 59 33 46 1 19 0 0.00 M M 14.0 29 20 M M 5 37 10
26 60 31 46 0 19 0 0.00 M M 13.4 22 120 M M 0 35 120
27 55 25 40 -6 25 0 0.00 M M 11.9 20 80 M M 0 28 150
28 68 25 47 1 18 0 0.00 M M 11.5 23 150 M M 0 31 150
29 59 31 45 -1 20 0 0.01 M M 15.1 40 340 M M 6 51 330
30 42 28 35 -12 30 0 T M M 25.5 41 340 M M 10 1 59 360
31 56 21 39 -8 26 0 0.00 M M 7.3 21 330 M M 3 27 330
================================================================================
SM 1680 723 805 0 0.50 M 374.1 M 83
================================================================================
AV 54.2 23.3 12.1 FASTST M M 3 MAX(MPH)
MISC ----> 44 360 59 360
================================================================================
NOTES:
# LAST OF SEVERAL OCCURRENCES
COLUMN 17 PEAK WIND IN M.P.H.
PRELIMINARY LOCAL CLIMATOLOGICAL DATA (WS FORM: F-6) , PAGE 2
STATION: MCCOOK NE
MONTH: MARCH
YEAR: 2022
LATITUDE: 40 13 N
LONGITUDE: 100 35 W
[TEMPERATURE DATA] [PRECIPITATION DATA] SYMBOLS USED IN COLUMN 16
AVERAGE MONTHLY: 38.8 TOTAL FOR MONTH: 0.50 1 = FOG OR MIST
DPTR FM NORMAL: -3.0 DPTR FM NORMAL: -0.40 2 = FOG REDUCING VISIBILITY
HIGHEST: 77 ON 2 GRTST 24HR 0.18 ON 5- 5 TO 1/4 MILE OR LESS
LOWEST: 1 ON 11 3 = THUNDER
SNOW, ICE PELLETS, HAIL 4 = ICE PELLETS
TOTAL MONTH: M 5 = HAIL
GRTST 24HR M ON M 6 = FREEZING RAIN OR DRIZZLE
GRTST DEPTH: M ON M 7 = DUSTSTORM OR SANDSTORM:
VSBY 1/2 MILE OR LESS
8 = SMOKE OR HAZE
[NO. OF DAYS WITH] [WEATHER - DAYS WITH] 9 = BLOWING SNOW
X = TORNADO
MAX 32 OR BELOW: 4 0.01 INCH OR MORE: 5
MAX 90 OR ABOVE: 0 0.10 INCH OR MORE: 3
MIN 32 OR BELOW: 27 0.50 INCH OR MORE: 0
MIN 0 OR BELOW: 0 1.00 INCH OR MORE: 0
[HDD (BASE 65) ]
TOTAL THIS MO. 805 CLEAR (SCALE 0-3) 20
DPTR FM NORMAL 85 PTCLDY (SCALE 4-7) 8
TOTAL FM JUL 1 4777 CLOUDY (SCALE 8-10) 3
DPTR FM NORMAL -366
[CDD (BASE 65) ]
TOTAL THIS MO. 0
DPTR FM NORMAL 0 [PRESSURE DATA]
TOTAL FM JAN 1 0 HIGHEST SLP M ON M
DPTR FM NORMAL 0 LOWEST SLP 29.26 ON 29
[REMARKS]
#FINAL-03-22#