000
CXUS53 KGLD 010800
CF6MCK
PRELIMINARY LOCAL CLIMATOLOGICAL DATA (WS FORM: F-6)
STATION: MCCOOK NE
MONTH: AUGUST
YEAR: 2020
LATITUDE: 40 13 N
LONGITUDE: 100 35 W
TEMPERATURE IN F: :PCPN: SNOW: WIND :SUNSHINE: SKY :PK WND
================================================================================
1 2 3 4 5 6A 6B 7 8 9 10 11 12 13 14 15 16 17 18
12Z AVG MX 2MIN
DY MAX MIN AVG DEP HDD CDD WTR SNW DPTH SPD SPD DIR MIN PSBL S-S WX SPD DR
================================================================================
1 86 59 73 -3 0 8 T M M 6.8 18 30 M M 1 1 25 30
2 81 58 70 -6 0 5 0.00 M M 6.9 15 20 M M 3 22 40
3 81 53 67 -8 0 2 0.00 M M 6.7 17 120 M M 1 18 22 110
4 79 59 69 -6 0 4 T M M 11.2 23 170 M M 4 33 140
5 90 56 73 -2 0 8 0.01 M M 7.6 28 270 M M 1 38 41 180
6 90 59 75 0 0 10 T M M 9.2 21 180 M M 1 13 27 170
7 95 69 82 7 0 17 0.00 M M 9.1 16 160 M M 2 18 22 150
8 98 60 79 4 0 14 T M M 6.1 32 270 M M 1 138 45 250
9 101 60 81 6 0 16 0.14 M M 6.8 23 200 M M 0 3 31 200
10 85 60 73 -2 0 8 0.00 M M 10.3 23 60 M M 0 29 50
11 93 63 78 3 0 13 0.00 M M 9.6 29 340 M M 1 13 44 330
12 92 64 78 3 0 13 0.04 M M 10.2 41 270 M M 1 59 270
13 94 68 81 7 0 16 0.00 M M 9.2 23 300 M M 3 18 31 300
14 91 64 78 4 0 13 0.00 M M 6.9 17 20 M M 1 18 23 360
15 87 58 73 -1 0 8 0.00 M M 7.9 18 130 M M 2 1 25 130
16 96 63 80 6 0 15 0.46 M M 6.7 40 250 M M 1 38 60 260
17 89 59 74 0 0 9 0.00 M M 5.2 13 130 M M 0 18 19 130
18 93 64 79 5 0 14 0.00 M M 9.1 21 170 M M 1 30 170
19 90 64 77 3 0 12 0.00 M M 8.7 16 160 M M 0 22 150
20 95 63 79 6 0 14 0.00 M M 8.9 16 160 M M 0 23 150
21 93 67 80 7 0 15 0.07 M M 9.1 26 70 M M 2 3 33 70
22 96 61 79 6 0 14 0.00 M M 5.7 14 200 M M 0 18 22 200
23 98 62 80 7 0 15 0.00 M M 6.6 16 170 M M 0 18 21 170
24 98 63 81 8 0 16 0.00 M M 9.6 20 160 M M 0 27 160
25 98 70 84 12 0 19 0.00 M M 13.9 24 190 M M 0 33 180
26 98 66 82 10 0 17 0.00 M M 10.6 20 200 M M 0 33 170
27 98 69 84 12 0 19 0.00 M M 8.1 18 160 M M 0 25 170
28 92 64 78 6 0 13 0.00 M M 11.6 25 10 M M 1 18 34 360
29 84 59 72 1 0 7 0.00 M M 8.1 15 140 M M 1 18 20 140
30 93 64 79 8 0 14 0.00 M M 12.4 35 10 M M 2 18 47 10
31 76 59 68 -3 0 3 0.00 M M 13.0 36 20 M M 2 8 49 10
================================================================================
SM 2830 1927 0 371 0.72 M 271.8 M 32
================================================================================
AV 91.3 62.2 8.8 FASTST M M 1 MAX(MPH)
MISC ----> 41 270 60 260
================================================================================
NOTES:
# LAST OF SEVERAL OCCURRENCES
COLUMN 17 PEAK WIND IN M.P.H.
PRELIMINARY LOCAL CLIMATOLOGICAL DATA (WS FORM: F-6) , PAGE 2
STATION: MCCOOK NE
MONTH: AUGUST
YEAR: 2020
LATITUDE: 40 13 N
LONGITUDE: 100 35 W
[TEMPERATURE DATA] [PRECIPITATION DATA] SYMBOLS USED IN COLUMN 16
AVERAGE MONTHLY: 76.7 TOTAL FOR MONTH: 0.72 1 = FOG OR MIST
DPTR FM NORMAL: 2.9 DPTR FM NORMAL: -2.42 2 = FOG REDUCING VISIBILITY
HIGHEST: 101 ON 9 GRTST 24HR 0.46 ON 16-16 TO 1/4 MILE OR LESS
LOWEST: 53 ON 3 3 = THUNDER
SNOW, ICE PELLETS, HAIL 4 = ICE PELLETS
TOTAL MONTH: M 5 = HAIL
GRTST 24HR M ON M 6 = FREEZING RAIN OR DRIZZLE
GRTST DEPTH: M ON M 7 = DUSTSTORM OR SANDSTORM:
VSBY 1/2 MILE OR LESS
8 = SMOKE OR HAZE
[NO. OF DAYS WITH] [WEATHER - DAYS WITH] 9 = BLOWING SNOW
X = TORNADO
MAX 32 OR BELOW: 0 0.01 INCH OR MORE: 5
MAX 90 OR ABOVE: 22 0.10 INCH OR MORE: 2
MIN 32 OR BELOW: 0 0.50 INCH OR MORE: 0
MIN 0 OR BELOW: 0 1.00 INCH OR MORE: 0
[HDD (BASE 65) ]
TOTAL THIS MO. 0 CLEAR (SCALE 0-3) 29
DPTR FM NORMAL -9 PTCLDY (SCALE 4-7) 2
TOTAL FM JUL 1 0 CLOUDY (SCALE 8-10) 0
DPTR FM NORMAL -8
[CDD (BASE 65) ]
TOTAL THIS MO. 371
DPTR FM NORMAL 91 [PRESSURE DATA]
TOTAL FM JAN 1 1154 HIGHEST SLP M ON M
DPTR FM NORMAL 303 LOWEST SLP 29.51 ON 30
[REMARKS]
#FINAL-08-20#