000
CXUS53 KGLD 031355
CLMMCK
CLIMATE REPORT
NATIONAL WEATHER SERVICE
755 AM MDT WED APR 03 2024
...................................
...THE MCCOOK NE CLIMATE SUMMARY FOR THE MONTH OF MARCH 2024...
CLIMATE NORMAL PERIOD: 1991 TO 2020
CLIMATE RECORD PERIOD: 1896 TO 2024
WEATHER OBSERVED NORMAL DEPART LAST YEAR`S
VALUE DATE(S) VALUE FROM VALUE DATE(S)
NORMAL
................................................................
TEMPERATURE (F)
RECORD
HIGH 93 03/16/2015
03/30/1943
03/10/1989
LOW -20 03/03/1960
HIGHEST 76 03/01 80 -4 75 03/15
LOWEST 15 03/18 9 6 15 03/19
03/26
AVG. MAXIMUM 59.1 56.3 2.8 48.5
AVG. MINIMUM 28.4 27.3 1.1 25.1
MEAN 43.8 41.8 2.0 36.8
DAYS MAX >= 90 0 0.1 -0.1 0
DAYS MAX <= 32 1 1.3 -0.3 3
DAYS MIN <= 32 21 22.7 -1.7 30
DAYS MIN <= 0 0 0.3 -0.3 0
PRECIPITATION (INCHES)
RECORD
MAXIMUM 4.20 1977
MINIMUM 0.00 1968
TOTALS 0.58 0.90 -0.32 0.25
DAILY AVG. 0.02 0.03 -0.01 0.01
DAYS >= .01 4 5.2 -1.2 4
DAYS >= .10 1 2.3 -1.3 1
DAYS >= .50 1 0.6 0.4 0
DAYS >= 1.00 0 0.1 -0.1 0
GREATEST
24 HR. TOTAL 0.50 03/24 TO 03/24 0.11
STORM TOTAL 0.50
(MM/DD(HH))
................................................................
- INDICATES NEGATIVE NUMBERS.
R INDICATES RECORD WAS SET OR TIED.
MM INDICATES DATA IS MISSING.
T INDICATES TRACE AMOUNT.
$$