000
CXUS52 KFFC 011010
CF6MCN
PRELIMINARY LOCAL CLIMATOLOGICAL DATA (WS FORM: F-6)
STATION: MACON
MONTH: AUGUST
YEAR: 2023
LATITUDE: 32 42 N
LONGITUDE: 83 39 W
TEMPERATURE IN F: :PCPN: SNOW: WIND :SUNSHINE: SKY :PK WND
================================================================================
1 2 3 4 5 6A 6B 7 8 9 10 11 12 13 14 15 16 17 18
12Z AVG MX 2MIN
DY MAX MIN AVG DEP HDD CDD WTR SNW DPTH SPD SPD DIR MIN PSBL S-S WX SPD DR
================================================================================
1 96 71 84 1 0 19 0.00 0.0 M 4.0 17 100 M M 2 3 23 110
2 93 72 83 0 0 18 0.00 0.0 M 6.6 14 90 M M 2 18 130
3 93 71 82 -1 0 17 0.49 0.0 M 4.1 28 340 M M 4 13 43 320
4 89 73 81 -1 0 16 0.10 0.0 M 6.5 16 270 M M 5 13 23 280
5 94 73 84 2 0 19 0.00 0.0 M 2.9 10 130 M M 4 1 13 110
6 98 74 86 4 0 21 0.64 0.0 M 5.2 30 20 M M 2 138 51 230
7 97 71 84 2 0 19 0.57 0.0 M 6.9 26 320 M M 2 138 42 320
8 96 72 84 2 0 19 0.14 0.0 M 5.5 29 360 M M 3 13 40 340
9 92 68 80 -2 0 15 0.00 0.0 M 3.1 10 230 M M 2 123 14 260
10 92 73 83 1 0 18 0.31 0.0 M 6.7 25 290 M M 2 13 35 280
11 83 73 78 -4 0 13 0.02 0.0 M 2.9 16 290 M M 2 3 21 290
12 97 70 84 2 0 19 0.04 0.0 M 3.6 29 10 M M 2 13 37 20
13 95 72 84 2 0 19 0.00 0.0 M 2.6 16 260 M M 1 12 21 270
14 98 74 86 4 0 21 0.00 0.0 M 4.2 13 260 M M 1 17 270
15 98 74 86 4 0 21 1.15 0.0 M 5.7 23 310 M M 2 1238 39 320
16 91 72 82 0 0 17 0.03 0.0 M 2.3 8 280 M M 5 1 12 280
17 91 65 78 -4 0 13 0.00 0.0 M 4.8 16 270 M M 1 23 270
18 93 65 79 -2 0 14 0.00 0.0 M 2.1 12 280 M M 0 1 17 300
19 93 68 81 0 0 16 0.00 0.0 0 2.5 8 70 M M 0 1 13 130
20 94 69 82 1 0 17 0.00 0.0 M 3.1 10 60 M M 3 1 14 70
21 96 72 84 3 0 19 0.00 0.0 M 1.3 8 90 M M 1 1 16 110
22 97 74 86 5 0 21 0.00 0.0 M 3.5 10 60 M M 0 14 60
23 95 74 85 4 0 20 0.00 0.0 M 6.9 16 60 M M 1 1 21 50
24 94 70 82 1 0 17 0.00 0.0 M 2.0 9 90 M M 0 12 14 120
25 101 73 87 7 0 22 0.00 0.0 M 5.0 16 310 M M 1 18 22 300
26 104 73 89 9 0 24 0.00 0.0 M 3.2 16 160 M M 1 13 24 50
27 101 74 88 8 0 23 0.00 0.0 M 4.2 15 160 M M 2 3 19 150
28 97 73 85 5 0 20 0.00 0.0 M 4.7 14 100 M M 3 19 110
29 96 74 85 5 0 20 0.90 0.0 M 4.5 20 120 M M 4 13 30 130
30 79 72 76 -4 0 11 0.92 0.0 M 9.4 23 40 M M 6 1 31 20
31 90 70 80 0 0 15 0.00 0.0 M 3.4 12 100 M M 4 15 50
================================================================================
SM 2923 2219 0 563 5.31 0.0 133.4 M 68
================================================================================
AV 94.3 71.6 4.3 FASTST M M 2 MAX(MPH)
MISC ----> 30 20 51 230
================================================================================
NOTES:
# LAST OF SEVERAL OCCURRENCES
COLUMN 17 PEAK WIND IN M.P.H.
PRELIMINARY LOCAL CLIMATOLOGICAL DATA (WS FORM: F-6) , PAGE 2
STATION: MACON
MONTH: AUGUST
YEAR: 2023
LATITUDE: 32 42 N
LONGITUDE: 83 39 W
[TEMPERATURE DATA] [PRECIPITATION DATA] SYMBOLS USED IN COLUMN 16
AVERAGE MONTHLY: 82.9 TOTAL FOR MONTH: 5.31 1 = FOG OR MIST
DPTR FM NORMAL: 1.5 DPTR FM NORMAL: 0.93 2 = FOG REDUCING VISIBILITY
HIGHEST: 104 ON 26 GRTST 24HR 1.77 ON 29-30 TO 1/4 MILE OR LESS
LOWEST: 65 ON 18,17 3 = THUNDER
SNOW, ICE PELLETS, HAIL 4 = ICE PELLETS
TOTAL MONTH: 0.0 INCH 5 = HAIL
GRTST 24HR 0.0 6 = FREEZING RAIN OR DRIZZLE
GRTST DEPTH: 0 7 = DUSTSTORM OR SANDSTORM:
VSBY 1/2 MILE OR LESS
8 = SMOKE OR HAZE
[NO. OF DAYS WITH] [WEATHER - DAYS WITH] 9 = BLOWING SNOW
X = TORNADO
MAX 32 OR BELOW: 0 0.01 INCH OR MORE: 12
MAX 90 OR ABOVE: 28 0.10 INCH OR MORE: 9
MIN 32 OR BELOW: 0 0.50 INCH OR MORE: 5
MIN 0 OR BELOW: 0 1.00 INCH OR MORE: 1
[HDD (BASE 65) ]
TOTAL THIS MO. 0 CLEAR (SCALE 0-3) 23
DPTR FM NORMAL 0 PTCLDY (SCALE 4-7) 8
TOTAL FM JUL 1 0 CLOUDY (SCALE 8-10) 0
DPTR FM NORMAL 0
[CDD (BASE 65) ]
TOTAL THIS MO. 563
DPTR FM NORMAL 53 [PRESSURE DATA]
TOTAL FM JAN 1 1882 HIGHEST SLP 30.16 ON 21
DPTR FM NORMAL 30 LOWEST SLP 29.56 ON 30
[REMARKS]
#FINAL-08-23#