000
CXUS51 KCTP 010900
CF6MDT
PRELIMINARY LOCAL CLIMATOLOGICAL DATA (WS FORM: F-6)
STATION: HARRISBURG PA
MONTH: FEBRUARY
YEAR: 2024
LATITUDE: 40 11 N
LONGITUDE: 76 46 W
TEMPERATURE IN F: :PCPN: SNOW: WIND :SUNSHINE: SKY :PK WND
================================================================================
1 2 3 4 5 6A 6B 7 8 9 10 11 12 13 14 15 16 17 18
12Z AVG MX 2MIN
DY MAX MIN AVG DEP HDD CDD WTR SNW DPTH SPD SPD DIR MIN PSBL S-S WX SPD DR
================================================================================
1 50 31 41 10 24 0 T 0.0 0 5.0 15 280 M M 9 1 21 260
2 48 39 44 13 21 0 0.10 0.0 0 8.2 17 10 M M 10 1 26 360
3 47 29 38 7 27 0 0.00 0.0 0 6.7 14 320 M M 3 24 10
4 50 26 38 7 27 0 0.00 0.0 0 2.9 9 330 M M 0 12 330
5 45 25 35 4 30 0 0.00 0.0 0 6.2 15 330 M M 1 20 340
6 43 24 34 3 31 0 0.00 0.0 0 5.4 13 290 M M 0 17 30
7 48 24 36 4 29 0 0.00 0.0 0 3.5 10 310 M M 2 12 300
8 55 28 42 10 23 0 0.00 0.0 0 4.0 13 140 M M 7 17 140
9 57 33 45 13 20 0 0.00 0.0 0 4.5 10 120 M M 7 12 70
10 58 35 47 15 18 0 0.00 0.0 0 1.2 8 260 M M 10 18 11 270
11 51 41 46 14 19 0 T 0.0 0 4.3 9 280 M M 10 1 13 360
12 50 32 41 8 24 0 0.10 0.0 0 2.9 12 110 M M 9 18 17 110
13 42 32 37 4 28 0 1.30 7.7 6 11.8 23 310 M M 8 12 36 280
14 38 30 34 1 31 0 0.00 0.0 2 15.4 26 300 M M 4 34 300
15 42 22 32 -1 33 0 0.03 0.0 1 5.6 15 140 M M 6 19 120
16 43 32 38 4 27 0 T T T 11.8 32 310 M M 5 1 53 320
17 35 27 31 -3 34 0 0.10 1.3 1 12.0 28 280 M M 8 1 36 280
18 45 24 35 1 30 0 0.00 0.0 T 10.1 20 270 M M 1 35 230
19 44 26 35 1 30 0 0.00 0.0 0 5.3 20 320 M M 2 25 320
20 45 20 33 -1 32 0 0.00 0.0 0 3.5 10 130 M M 1 19 50
21 45 24 35 0 30 0 0.00 0.0 0 6.2 13 170 M M 2 18 160
22 42 30 36 1 29 0 0.23 0.0 0 5.7 13 140 M M 9 1 17 140
23 48 32 40 5 25 0 T 0.0 0 5.3 14 310 M M 9 1 17 320
24 41 24 33 -3 32 0 0.05 0.0 0 8.3 18 360 M M 7 1 26 330
25 45 20 33 -3 32 0 0.00 0.0 0 5.4 14 220 M M 2 18 210
26 61 29 45 9 20 0 0.00 0.0 0 3.5 7 140 M M 7 10 130
27 61 34 48 12 17 0 0.05 0.0 0 3.8 13 170 M M 8 1 24 190
28 62 36 49 12 16 0 0.40 0.0 0 13.4 39 290 M M 9 123 52 280
29 42 30 36 -1 29 0 0.00 0.0 0 16.1 25 300 M M 3 41 300
================================================================================
SM 1383 839 768 0 2.36 9.0 198.0 M 159
================================================================================
AV 47.7 28.9 6.8 FASTST M M 5 MAX(MPH)
MISC ----> 39 290 53 320
================================================================================
NOTES:
# LAST OF SEVERAL OCCURRENCES
COLUMN 17 PEAK WIND IN M.P.H.
PRELIMINARY LOCAL CLIMATOLOGICAL DATA (WS FORM: F-6) , PAGE 2
STATION: HARRISBURG PA
MONTH: FEBRUARY
YEAR: 2024
LATITUDE: 40 11 N
LONGITUDE: 76 46 W
[TEMPERATURE DATA] [PRECIPITATION DATA] SYMBOLS USED IN COLUMN 16
AVERAGE MONTHLY: 38.3 TOTAL FOR MONTH: 2.36 1 = FOG OR MIST
DPTR FM NORMAL: 4.9 DPTR FM NORMAL: -0.23 2 = FOG REDUCING VISIBILITY
HIGHEST: 62 ON 28 GRTST 24HR 1.40 ON 12-13 TO 1/4 MILE OR LESS
LOWEST: 20 ON 25,20 3 = THUNDER
SNOW, ICE PELLETS, HAIL 4 = ICE PELLETS
TOTAL MONTH: 9.0 INCHES 5 = HAIL
GRTST 24HR 7.7 ON 13-13 6 = FREEZING RAIN OR DRIZZLE
GRTST DEPTH: 6 ON 13 7 = DUSTSTORM OR SANDSTORM:
VSBY 1/2 MILE OR LESS
8 = SMOKE OR HAZE
[NO. OF DAYS WITH] [WEATHER - DAYS WITH] 9 = BLOWING SNOW
X = TORNADO
MAX 32 OR BELOW: 0 0.01 INCH OR MORE: 9
MAX 90 OR ABOVE: 0 0.10 INCH OR MORE: 6
MIN 32 OR BELOW: 23 0.50 INCH OR MORE: 1
MIN 0 OR BELOW: 0 1.00 INCH OR MORE: 1
[HDD (BASE 65) ]
TOTAL THIS MO. 768 CLEAR (SCALE 0-3) 10
DPTR FM NORMAL -118 PTCLDY (SCALE 4-7) 9
TOTAL FM JUL 1 3277 CLOUDY (SCALE 8-10) 10
DPTR FM NORMAL -586
[CDD (BASE 65) ]
TOTAL THIS MO. 0
DPTR FM NORMAL 0 [PRESSURE DATA]
TOTAL FM JAN 1 0 HIGHEST SLP 30.50 ON 20
DPTR FM NORMAL 0 LOWEST SLP 29.48 ON 28
[REMARKS]
#FINAL-02-24#