000
CXUS51 KCTP 010800
CF6MDT
PRELIMINARY LOCAL CLIMATOLOGICAL DATA (WS FORM: F-6)
STATION: HARRISBURG PA
MONTH: AUGUST
YEAR: 2020
LATITUDE: 40 11 N
LONGITUDE: 76 46 W
TEMPERATURE IN F: :PCPN: SNOW: WIND :SUNSHINE: SKY :PK WND
================================================================================
1 2 3 4 5 6A 6B 7 8 9 10 11 12 13 14 15 16 17 18
12Z AVG MX 2MIN
DY MAX MIN AVG DEP HDD CDD WTR SNW DPTH SPD SPD DIR MIN PSBL S-S WX SPD DR
================================================================================
1 89 71 80 5 0 15 0.24 0.0 0 5.1 16 140 M M 4 13 M M
2 93 74 84 9 0 19 0.94 0.0 0 8.4 29 280 M M 7 13 37 270
3 87 72 80 5 0 15 0.27 0.0 0 6.9 20 180 M M 7 1 24 190
4 86 70 78 3 0 13 1.41 0.0 0 10.0 23 300 M M 7 1 28 290
5 86 69 78 3 0 13 0.00 0.0 0 5.9 17 270 M M 3 21 290
6 84 68 76 1 0 11 0.07 0.0 0 5.2 12 200 M M 9 138 20 140
7 77 69 73 -2 0 8 0.32 0.0 0 5.2 15 30 M M 9 18 23 20
8 87 70 79 4 0 14 0.00 0.0 0 1.4 9 200 M M 7 12 190
9 91 70 81 6 0 16 0.00 0.0 0 4.5 12 220 M M 3 1 15 270
10 93 71 82 7 0 17 0.00 0.0 0 3.5 12 190 M M 1 8 15 180
11 93 75 84 9 0 19 0.00 0.0 0 6.1 17 210 M M 6 18 22 210
12 92 74 83 8 0 18 0.00 0.0 0 4.5 16 120 M M 5 18 19 120
13 87 75 81 7 0 16 0.00 0.0 0 5.0 14 120 M M 7 16 120
14 89 73 81 7 0 16 0.00 0.0 0 5.8 15 80 M M 7 18 27 50
15 81 70 76 2 0 11 0.02 0.0 0 3.9 9 110 M M 9 13 100
16 78 67 73 -1 0 8 0.04 0.0 0 5.5 14 100 M M 7 21 80
17 84 65 75 1 0 10 0.14 0.0 0 5.1 15 130 M M 7 8 17 120
18 85 66 76 2 0 11 0.00 0.0 0 3.2 10 150 M M 4 8 12 150
19 83 66 75 1 0 10 T 0.0 0 3.7 12 20 M M 5 15 40
20 83 59 71 -3 0 6 0.00 0.0 0 5.3 13 200 M M 4 8 18 180
21 88 66 77 3 0 12 0.00 0.0 0 5.6 15 190 M M 8 8 21 200
22 92 73 83 10 0 18 0.00 0.0 0 5.0 13 200 M M 7 19 200
23 90 71 81 8 0 16 T 0.0 0 3.8 15 130 M M 8 1 19 150
24 92 70 81 8 0 16 T 0.0 0 2.7 20 330 M M 5 18 26 330
25 93 72 83 10 0 18 T 0.0 0 8.3 23 310 M M 6 8 30 310
26 87 67 77 4 0 12 0.00 0.0 0 5.7 17 320 M M 3 8 27 300
27 96 71 84 12 0 19 T 0.0 0 11.1 30 280 M M 5 8 38 270
28 88 73 81 9 0 16 0.12 0.0 0 5.9 28 300 M M 8 138 34 300
29 86 70 78 6 0 13 0.82 0.0 0 8.6 29 290 M M 8 13 37 250
30 81 64 73 1 0 8 0.00 0.0 0 8.2 20 300 M M 3 26 320
31 74 63 69 -3 0 4 0.09 0.0 0 5.9 15 160 M M 9 8 18 160
================================================================================
SM 2695 2154 0 418 4.48 0.0 175.0 M 188
================================================================================
AV 86.9 69.5 5.6 FASTST M M 6 MAX(MPH)
MISC ----> 30 280 38 270
================================================================================
NOTES:
# LAST OF SEVERAL OCCURRENCES
COLUMN 17 PEAK WIND IN M.P.H.
PRELIMINARY LOCAL CLIMATOLOGICAL DATA (WS FORM: F-6) , PAGE 2
STATION: HARRISBURG PA
MONTH: AUGUST
YEAR: 2020
LATITUDE: 40 11 N
LONGITUDE: 76 46 W
[TEMPERATURE DATA] [PRECIPITATION DATA] SYMBOLS USED IN COLUMN 16
AVERAGE MONTHLY: 78.2 TOTAL FOR MONTH: 4.48 1 = FOG OR MIST
DPTR FM NORMAL: 4.2 DPTR FM NORMAL: 1.28 2 = FOG REDUCING VISIBILITY
HIGHEST: 96 ON 27 GRTST 24HR 1.68 ON 3- 4 TO 1/4 MILE OR LESS
LOWEST: 59 ON 20 3 = THUNDER
SNOW, ICE PELLETS, HAIL 4 = ICE PELLETS
TOTAL MONTH: 0.0 INCH 5 = HAIL
GRTST 24HR 0.0 6 = FREEZING RAIN OR DRIZZLE
GRTST DEPTH: 0 7 = DUSTSTORM OR SANDSTORM:
VSBY 1/2 MILE OR LESS
8 = SMOKE OR HAZE
[NO. OF DAYS WITH] [WEATHER - DAYS WITH] 9 = BLOWING SNOW
X = TORNADO
MAX 32 OR BELOW: 0 0.01 INCH OR MORE: 12
MAX 90 OR ABOVE: 10 0.10 INCH OR MORE: 8
MIN 32 OR BELOW: 0 0.50 INCH OR MORE: 3
MIN 0 OR BELOW: 0 1.00 INCH OR MORE: 1
[HDD (BASE 65) ]
TOTAL THIS MO. 0 CLEAR (SCALE 0-3) 3
DPTR FM NORMAL -2 PTCLDY (SCALE 4-7) 23
TOTAL FM JUL 1 0 CLOUDY (SCALE 8-10) 5
DPTR FM NORMAL 0
[CDD (BASE 65) ]
TOTAL THIS MO. 418
DPTR FM NORMAL 138 [PRESSURE DATA]
TOTAL FM JAN 1 1281 HIGHEST SLP 30.17 ON 8
DPTR FM NORMAL 385 LOWEST SLP 29.48 ON 29
[REMARKS]
#FINAL-08-20#