000
CXUS53 KARX 011326
CF6MDZ
PRELIMINARY LOCAL CLIMATOLOGICAL DATA (WS FORM: F-6)
STATION: MEDFORD WI
MONTH: JANUARY
YEAR: 2023
LATITUDE: 45 5 N
LONGITUDE: 90 18 W
TEMPERATURE IN F: :PCPN: SNOW: WIND :SUNSHINE: SKY :PK WND
================================================================================
1 2 3 4 5 6A 6B 7 8 9 10 11 12 13 14 15 16 17 18
12Z AVG MX 2MIN
DY MAX MIN AVG DEP HDD CDD WTR SNW DPTH SPD SPD DIR MIN PSBL S-S WX SPD DR
================================================================================
1 32 28 30 M 35 0 0.00 0.0 M 7.0 9 270 M M 10 M M
2 30 26 28 M 37 0 M M M 3.5 9 320 M M 10 M M
3 32 28 30 M 35 0 M M M 10.1 20 70 M M 10 25 70
4 32 31 32 M 33 0 M M M 7.8 13 70 M M 10 20 70
5 31 22 27 M 38 0 M M M 7.8 10 350 M M 10 M M
6 22 7 15 M 50 0 0.00 0.0 M 3.5 7 10 M M 8 M M
7 20 2 11 M 54 0 0.00 0.0 M 0.4 5 60 M M 8 M M
8 16 9 13 M 52 0 0.00 0.0 M 3.0 8 200 M M 6 M M
9 26 9 18 M 47 0 0.00 0.0 M 3.9 10 120 M M 5 18 120
10 32 25 29 M 36 0 0.00 0.0 M 5.3 9 80 M M 10 M M
11 32 29 31 M 34 0 0.00 0.0 M 3.1 10 330 M M 10 16 330
12 31 25 28 M 37 0 0.00 0.0 M 9.3 13 340 M M 10 22 360
13 25 17 21 M 44 0 0.00 0.0 M 7.2 15 360 M M 10 20 360
14 26 16 21 M 44 0 0.00 0.0 M 8.0 13 150 M M 5 18 150
15 35 24 30 M 35 0 0.00 0.0 M 11.1 20 160 M M 2 24 160
16 33 32 33 M 32 0 0.05 0.0 M 7.6 12 120 M M 10 17 120
17 33 31 32 M 33 0 0.00 0.0 M 7.3 12 320 M M 10 M M
18 32 28 30 M 35 0 0.00 0.0 M 9.8 16 70 M M 10 23 90
19 29 26 28 M 37 0 M M M 10.4 15 330 M M 10 20 80
20 26 19 23 M 42 0 0.00 0.0 M 9.5 16 330 M M 10 21 330
21 23 15 19 M 46 0 0.00 0.0 M 4.4 12 250 M M 10 M M
22 19 15 17 M 48 0 0.00 0.0 M 0.9 5 300 M M 10 M M
23 23 13 18 M 47 0 0.00 0.0 M 6.3 13 270 M M 10 21 270
24 26 19 23 M 42 0 0.00 0.0 M 5.1 10 220 M M 10 17 270
25 31 23 27 M 38 0 0.00 0.0 M 3.4 7 320 M M 10 M M
26 26 4 15 M 50 0 0.00 0.0 M 7.0 10 360 M M 9 16 360
27 26 2 14 M 51 0 0.00 0.0 M 13.7 18 280 M M 8 28 280
28 10 -2 4 M 61 0 0.00 0.0 M 3.8 8 360 M M 1 M M
29 7 -3 2 M 63 0 0.00 0.0 M 7.3 12 270 M M 5 16 270
30 1 -11 -5 M 70 0 0.00 0.0 M 8.0 15 280 M M 1 21 280
31 8 -19 -5 M 70 0 0.00 0.0 M 5.6 9 210 M M 2 M M
================================================================================
SM 775 490 1376 0 0.05 0.0 201.1 M 250
================================================================================
AV 25.0 15.8 6.5 FASTST M M 8 MAX(MPH)
MISC ----> # 20 70 28 280
================================================================================
NOTES:
# LAST OF SEVERAL OCCURRENCES
COLUMN 17 PEAK WIND IN M.P.H.
PRELIMINARY LOCAL CLIMATOLOGICAL DATA (WS FORM: F-6) , PAGE 2
STATION: MEDFORD WI
MONTH: JANUARY
YEAR: 2023
LATITUDE: 45 5 N
LONGITUDE: 90 18 W
[TEMPERATURE DATA] [PRECIPITATION DATA] SYMBOLS USED IN COLUMN 16
AVERAGE MONTHLY: 20.4 TOTAL FOR MONTH: 0.05 1 = FOG OR MIST
DPTR FM NORMAL: 0.0 DPTR FM NORMAL: M 2 = FOG REDUCING VISIBILITY
HIGHEST: 35 ON 15 GRTST 24HR 0.96 ON 2- 3 TO 1/4 MILE OR LESS
LOWEST: -19 ON 31 3 = THUNDER
SNOW, ICE PELLETS, HAIL 4 = ICE PELLETS
TOTAL MONTH: 0.0 INCH 5 = HAIL
GRTST 24HR 0.0 6 = FREEZING RAIN OR DRIZZLE
GRTST DEPTH: M ON M 7 = DUSTSTORM OR SANDSTORM:
VSBY 1/2 MILE OR LESS
8 = SMOKE OR HAZE
[NO. OF DAYS WITH] [WEATHER - DAYS WITH] 9 = BLOWING SNOW
X = TORNADO
MAX 32 OR BELOW: 28 0.01 INCH OR MORE: 1
MAX 90 OR ABOVE: 0 0.10 INCH OR MORE: 0
MIN 32 OR BELOW: 31 0.50 INCH OR MORE: 0
MIN 0 OR BELOW: 4 1.00 INCH OR MORE: 0
[HDD (BASE 65) ]
TOTAL THIS MO. 1376 CLEAR (SCALE 0-3) 4
DPTR FM NORMAL M PTCLDY (SCALE 4-7) 7
TOTAL FM JUL 1 4731 CLOUDY (SCALE 8-10) 20
DPTR FM NORMAL M
[CDD (BASE 65) ]
TOTAL THIS MO. 0
DPTR FM NORMAL M [PRESSURE DATA]
TOTAL FM JAN 1 0 HIGHEST SLP M ON M
DPTR FM NORMAL M LOWEST SLP M ON M
[REMARKS]
#FINAL-01-23#