000
CXUS53 KARX 010900
CF6MDZ
PRELIMINARY LOCAL CLIMATOLOGICAL DATA (WS FORM: F-6)
STATION: MEDFORD WI
MONTH: MARCH
YEAR: 2021
LATITUDE: 45 5 N
LONGITUDE: 90 18 W
TEMPERATURE IN F: :PCPN: SNOW: WIND :SUNSHINE: SKY :PK WND
================================================================================
1 2 3 4 5 6A 6B 7 8 9 10 11 12 13 14 15 16 17 18
12Z AVG MX 2MIN
DY MAX MIN AVG DEP HDD CDD WTR SNW DPTH SPD SPD DIR MIN PSBL S-S WX SPD DR
================================================================================
1 19 7 13 M 52 0 M M M 8.9 15 330 M M 2 22 320
2 40 7 24 M 41 0 0.00 0.0 M 10.7 21 210 M M 1 28 210
3 41 22 32 M 33 0 0.00 0.0 M 4.6 9 310 M M 1 1 M M
4 32 14 23 M 42 0 0.00 0.0 M 3.6 8 70 M M 0 M M
5 42 17 30 M 35 0 0.00 0.0 M 3.2 7 310 M M 4 M M
6 40 10 25 M 40 0 0.00 0.0 M 1.8 7 360 M M 0 M M
7 41 20 31 M 34 0 0.00 0.0 M 9.7 16 150 M M 3 22 150
8 49 27 38 M 27 0 0.00 0.0 M 4.8 9 310 M M 1 1 17 300
9 54 27 41 M 24 0 0.00 0.0 M 8.7 15 160 M M 3 20 140
10 50 40 45 M 20 0 M M M 9.3 15 170 M M 9 12 22 170
11 50 30 40 M 25 0 0.00 0.0 M 16.8 25 220 M M 6 1 43 220
12 34 22 28 M 37 0 0.00 0.0 M 7.9 17 320 M M 0 25 310
13 54 24 39 M 26 0 0.00 0.0 M 7.8 20 260 M M 0 24 260
14 43 25 34 M 31 0 M M 0 8.4 14 80 M M 0 21 80
15 34 20 27 M 38 0 M M M 10.8 15 90 M M 4 23 100
16 32 25 29 M 36 0 0.00 0.0 M 2.1 9 90 M M 10 M M
17 44 27 36 M 29 0 M M M 5.0 12 10 M M 7 18 360
18 48 27 38 M 27 0 0.00 0.0 M 10.3 16 40 M M 0 27 50
19 48 19 34 M 31 0 0.00 0.0 M 5.8 10 160 M M 0 M M
20 54 25 40 M 25 0 0.00 0.0 M 10.1 16 200 M M 0 24 190
21 60 32 46 M 19 0 0.00 0.0 M 14.0 29 190 M M 2 40 190
22 60 43 52 M 13 0 0.00 0.0 0 6.2 14 180 M M 6 M M
23 60 38 49 M 16 0 0.17 M M 10.0 16 80 M M 8 1 22 70
24 50 31 41 M 24 0 0.22 M M 10.5 17 80 M M 10 22 80
25 41 28 35 M 30 0 M M M 6.6 12 70 M M 7 17 40
26 38 22 30 M 35 0 0.00 0.0 0 4.4 13 360 M M 6 M M
27 40 24 32 M 33 0 0.09 M 0 4.7 14 330 M M 8 18 330
28 35 25 30 M 35 0 M M M 12.2 21 330 M M 4 29 330
29 60 25 43 M 22 0 0.00 0.0 M 16.4 25 170 M M 3 35 170
30 55 27 41 M 24 0 0.00 0.0 0 15.9 23 270 M M 5 33 270
31 30 18 24 M 41 0 M M 0 12.4 20 280 M M 6 28 280
================================================================================
SM 1378 748 945 0 0.48 0.0 263.6 M 116
================================================================================
AV 44.5 24.1 8.5 FASTST M M 4 MAX(MPH)
MISC ----> 29 190 43 220
================================================================================
NOTES:
# LAST OF SEVERAL OCCURRENCES
COLUMN 17 PEAK WIND IN M.P.H.
PRELIMINARY LOCAL CLIMATOLOGICAL DATA (WS FORM: F-6) , PAGE 2
STATION: MEDFORD WI
MONTH: MARCH
YEAR: 2021
LATITUDE: 45 5 N
LONGITUDE: 90 18 W
[TEMPERATURE DATA] [PRECIPITATION DATA] SYMBOLS USED IN COLUMN 16
AVERAGE MONTHLY: 34.3 TOTAL FOR MONTH: 0.48 1 = FOG OR MIST
DPTR FM NORMAL: 0.0 DPTR FM NORMAL: M 2 = FOG REDUCING VISIBILITY
HIGHEST: 60 ON 29,23 GRTST 24HR 0.22 ON 24-24 TO 1/4 MILE OR LESS
LOWEST: 7 ON 2, 1 3 = THUNDER
SNOW, ICE PELLETS, HAIL 4 = ICE PELLETS
TOTAL MONTH: 0.0 INCH 5 = HAIL
GRTST 24HR 0.0 6 = FREEZING RAIN OR DRIZZLE
GRTST DEPTH: 0 7 = DUSTSTORM OR SANDSTORM:
VSBY 1/2 MILE OR LESS
8 = SMOKE OR HAZE
[NO. OF DAYS WITH] [WEATHER - DAYS WITH] 9 = BLOWING SNOW
X = TORNADO
MAX 32 OR BELOW: 4 0.01 INCH OR MORE: 3
MAX 90 OR ABOVE: 0 0.10 INCH OR MORE: 2
MIN 32 OR BELOW: 28 0.50 INCH OR MORE: 0
MIN 0 OR BELOW: 0 1.00 INCH OR MORE: 0
[HDD (BASE 65) ]
TOTAL THIS MO. 945 CLEAR (SCALE 0-3) 16
DPTR FM NORMAL M PTCLDY (SCALE 4-7) 12
TOTAL FM JUL 1 7609 CLOUDY (SCALE 8-10) 3
DPTR FM NORMAL M
[CDD (BASE 65) ]
TOTAL THIS MO. 0
DPTR FM NORMAL M [PRESSURE DATA]
TOTAL FM JAN 1 0 HIGHEST SLP M ON M
DPTR FM NORMAL M LOWEST SLP M ON M
[REMARKS]
#FINAL-03-21#