000
CXUS54 KMEG 010900
CF6MEG
PRELIMINARY LOCAL CLIMATOLOGICAL DATA (WS FORM: F-6)
STATION: MEMPHIS/GERMANTOWN WFO
MONTH: SEPTEMBER
YEAR: 2022
LATITUDE: 35 7 N
LONGITUDE: 89 48 W
TEMPERATURE IN F: :PCPN: SNOW: WIND :SUNSHINE: SKY :PK WND
================================================================================
1 2 3 4 5 6A 6B 7 8 9 10 11 12 13 14 15 16 17 18
12Z AVG MX 2MIN
DY MAX MIN AVG DEP HDD CDD WTR SNW DPTH SPD SPD DIR MIN PSBL S-S WX SPD DR
================================================================================
1 88 62 75 -3 0 10 0.00 0.0 0 M M M M M M M M
2 88 66 77 -1 0 12 T 0.0 0 M M M M M M 1 M M
3 94 72 83 6 0 18 1.65 0.0 0 M M M M M M 13 M M
4 86 71 79 2 0 14 0.00 0.0 0 M M M M M M 1 M M
5 90 70 80 3 0 15 0.00 0.0 0 M M M M M M M M
6 89 72 81 5 0 16 0.00 0.0 0 M M M M M M M M
7 87 71 79 3 0 14 0.00 0.0 0 M M M M M M M M
8 84 65 75 -1 0 10 0.00 0.0 0 M M M M M M M M
9 85 63 74 -2 0 9 0.00 0.0 0 M M M M M M M M
10 74 70 72 -4 0 7 0.80 0.0 0 M M M M M M 1 M M
11 83 61 72 -3 0 7 0.00 0.0 0 M M M M M M 1 M M
12 80 56 68 -7 0 3 0.00 0.0 0 M M M M M M M M
13 87 55 71 -4 0 6 0.00 0.0 0 M M M M M M M M
14 87 59 73 -1 0 8 0.00 0.0 0 M M M M M M M M
15 87 60 74 0 0 9 0.00 0.0 0 M M M M M M M M
16 89 63 76 2 0 11 0.00 0.0 0 M M M M M M M M
17 89 63 76 3 0 11 0.00 0.0 0 M M M M M M M M
18 92 66 79 6 0 14 0.00 0.0 0 M M M M M M M M
19 96 68 82 9 0 17 0.00 0.0 0 M M M M M M M M
20 99 69 84 12 0 19 0.00 0.0 0 M M M M M M M M
21 99 69 84 12 0 19 0.00 0.0 0 M M M M M M M M
22 83 63 73 1 0 8 0.00 0.0 0 M M M M M M M M
23 83 57 70 -1 0 5 0.00 0.0 0 M M M M M M M M
24 93 62 78 7 0 13 0.91 0.0 0 M M M M M M 13 M M
25 88 60 74 3 0 9 T 0.0 0 M M M M M M M M
26 79 54 67 -3 0 2 0.00 0.0 0 M M M M M M M M
27 79 48 64 -6 1 0 0.00 0.0 0 M M M M M M M M
28 73 51 62 -7 3 0 0.00 0.0 0 M M M M M M M M
29 74 50 62 -7 3 0 0.00 0.0 0 M M M M M M M M
30 76 48 62 -7 3 0 0.00 0.0 0 M M M M M M M M
================================================================================
SM 2581 1864 10 286 3.36 0.0 M M M
================================================================================
AV 86.0 62.1 M FASTST M M M MAX(MPH)
MISC ----> M M M M
================================================================================
NOTES:
# LAST OF SEVERAL OCCURRENCES
COLUMN 17 PEAK WIND IN M.P.H.
PRELIMINARY LOCAL CLIMATOLOGICAL DATA (WS FORM: F-6) , PAGE 2
STATION: MEMPHIS/GERMANTOWN WFO
MONTH: SEPTEMBER
YEAR: 2022
LATITUDE: 35 7 N
LONGITUDE: 89 48 W
[TEMPERATURE DATA] [PRECIPITATION DATA] SYMBOLS USED IN COLUMN 16
AVERAGE MONTHLY: 74.1 TOTAL FOR MONTH: 3.36 1 = FOG OR MIST
DPTR FM NORMAL: 0.5 DPTR FM NORMAL: -0.38 2 = FOG REDUCING VISIBILITY
HIGHEST: 99 ON 21,20 GRTST 24HR 1.65 ON 3- 3 TO 1/4 MILE OR LESS
LOWEST: 48 ON 30,27 3 = THUNDER
SNOW, ICE PELLETS, HAIL 4 = ICE PELLETS
TOTAL MONTH: 0.0 INCH 5 = HAIL
GRTST 24HR 0.0 6 = FREEZING RAIN OR DRIZZLE
GRTST DEPTH: 0 7 = DUSTSTORM OR SANDSTORM:
VSBY 1/2 MILE OR LESS
8 = SMOKE OR HAZE
[NO. OF DAYS WITH] [WEATHER - DAYS WITH] 9 = BLOWING SNOW
X = TORNADO
MAX 32 OR BELOW: 0 0.01 INCH OR MORE: 3
MAX 90 OR ABOVE: 7 0.10 INCH OR MORE: 3
MIN 32 OR BELOW: 0 0.50 INCH OR MORE: 3
MIN 0 OR BELOW: 0 1.00 INCH OR MORE: 1
[HDD (BASE 65) ]
TOTAL THIS MO. 10 CLEAR (SCALE 0-3) 0
DPTR FM NORMAL -5 PTCLDY (SCALE 4-7) 0
TOTAL FM JUL 1 10 CLOUDY (SCALE 8-10) 30
DPTR FM NORMAL -3
[CDD (BASE 65) ]
TOTAL THIS MO. 286
DPTR FM NORMAL 14 [PRESSURE DATA]
TOTAL FM JAN 1 2177 HIGHEST SLP M ON M
DPTR FM NORMAL 284 LOWEST SLP M ON M
[REMARKS]
#FINAL-09-22#