000
CXUS54 KMEG 011000
CF6MEG
PRELIMINARY LOCAL CLIMATOLOGICAL DATA (WS FORM: F-6)
STATION: MEMPHIS/GERMANTOWN WFO
MONTH: JANUARY
YEAR: 2024
LATITUDE: 35 7 N
LONGITUDE: 89 48 W
TEMPERATURE IN F: :PCPN: SNOW: WIND :SUNSHINE: SKY :PK WND
================================================================================
1 2 3 4 5 6A 6B 7 8 9 10 11 12 13 14 15 16 17 18
12Z AVG MX 2MIN
DY MAX MIN AVG DEP HDD CDD WTR SNW DPTH SPD SPD DIR MIN PSBL S-S WX SPD DR
================================================================================
1 39 27 33 -7 32 0 0.00 0.0 0 M M M M M M M M
2 44 23 34 -6 31 0 0.00 0.0 0 M M M M M M M M
3 47 28 38 -2 27 0 0.00 0.0 0 M M M M M M M M
4 41 26 34 -6 31 0 0.00 0.0 0 M M M M M M 1 M M
5 41 26 34 -6 31 0 0.44 0.0 0 M M M M M M 1 M M
6 41 31 36 -4 29 0 0.07 0.0 0 M M M M M M 12 M M
7 54 32 43 3 22 0 0.01 0.0 0 M M M M M M M M
8 50 29 40 0 25 0 1.49 0.0 0 M M M M M M 13 M M
9 47 33 40 1 25 0 0.29 T 0 M M M M M M 1 M M
10 51 29 40 1 25 0 0.00 0.0 0 M M M M M M M M
11 64 33 49 10 16 0 T 0.0 0 M M M M M M M M
12 60 29 45 6 20 0 0.86 0.0 0 M M M M M M 13 M M
13 46 25 36 -3 29 0 0.00 0.0 0 M M M M M M M M
14 32 12 22 -17 43 0 0.29 2.9 0 M M M M M M 18 M M
15 13 10 12 -27 53 0 0.20 2.3 4 M M M M M M 18 M M
16 20 2 11 -28 54 0 0.00 0.0 5 M M M M M M M M
17 34 1 18 -21 47 0 0.00 0.0 4 M M M M M M M M
18 34 21 28 -11 37 0 0.14 0.0 3 M M M M M M 16 M M
19 32 14 23 -16 42 0 0.00 0.0 3 M M M M M M 1 M M
20 22 12 17 -22 48 0 0.00 0.0 2 M M M M M M M M
21 37 11 24 -16 41 0 0.00 0.0 1 M M M M M M M M
22 48 30 39 -1 26 0 0.07 0.0 1 M M M M M M M M
23 58 46 52 12 13 0 0.90 0.0 0 M M M M M M 1 M M
24 62 56 59 19 6 0 1.08 0.0 0 M M M M M M 12 M M
25 62 55 59 19 6 0 0.36 0.0 0 M M M M M M 12 M M
26 61 48 55 15 10 0 T 0.0 0 M M M M M M 1 M M
27 50 42 46 6 19 0 1.33 0.0 0 M M M M M M 1 M M
28 43 31 37 -3 28 0 0.00 0.0 0 M M M M M M 1 M M
29 54 29 42 2 23 0 0.00 0.0 0 M M M M M M M M
30 62 35 49 9 16 0 0.00 0.0 0 M M M M M M M M
31 56 33 45 5 20 0 0.00 0.0 0 M M M M M M M M
================================================================================
SM 1405 859 875 0 7.53 5.2 M M M
================================================================================
AV 45.3 27.7 M FASTST M M M MAX(MPH)
MISC ----> M M M M
================================================================================
NOTES:
# LAST OF SEVERAL OCCURRENCES
COLUMN 17 PEAK WIND IN M.P.H.
PRELIMINARY LOCAL CLIMATOLOGICAL DATA (WS FORM: F-6) , PAGE 2
STATION: MEMPHIS/GERMANTOWN WFO
MONTH: JANUARY
YEAR: 2024
LATITUDE: 35 7 N
LONGITUDE: 89 48 W
[TEMPERATURE DATA] [PRECIPITATION DATA] SYMBOLS USED IN COLUMN 16
AVERAGE MONTHLY: 36.5 TOTAL FOR MONTH: 7.53 1 = FOG OR MIST
DPTR FM NORMAL: -3.1 DPTR FM NORMAL: 3.19 2 = FOG REDUCING VISIBILITY
HIGHEST: 64 ON 11 GRTST 24HR 1.50 ON 8- 9 TO 1/4 MILE OR LESS
LOWEST: 1 ON 17 3 = THUNDER
SNOW, ICE PELLETS, HAIL 4 = ICE PELLETS
TOTAL MONTH: 5.2 INCHES 5 = HAIL
GRTST 24HR 2.9 ON 14-14 6 = FREEZING RAIN OR DRIZZLE
GRTST DEPTH: 5 ON 16 7 = DUSTSTORM OR SANDSTORM:
VSBY 1/2 MILE OR LESS
8 = SMOKE OR HAZE
[NO. OF DAYS WITH] [WEATHER - DAYS WITH] 9 = BLOWING SNOW
X = TORNADO
MAX 32 OR BELOW: 5 0.01 INCH OR MORE: 14
MAX 90 OR ABOVE: 0 0.10 INCH OR MORE: 11
MIN 32 OR BELOW: 22 0.50 INCH OR MORE: 5
MIN 0 OR BELOW: 0 1.00 INCH OR MORE: 3
[HDD (BASE 65) ]
TOTAL THIS MO. 875 CLEAR (SCALE 0-3) 0
DPTR FM NORMAL 89 PTCLDY (SCALE 4-7) 0
TOTAL FM JUL 1 1907 CLOUDY (SCALE 8-10) 31
DPTR FM NORMAL -196
[CDD (BASE 65) ]
TOTAL THIS MO. 0
DPTR FM NORMAL 0 [PRESSURE DATA]
TOTAL FM JAN 1 0 HIGHEST SLP M ON M
DPTR FM NORMAL 0 LOWEST SLP M ON M
[REMARKS]
#FINAL-01-24#