000
CXUS54 KJAN 011642
CF6MEI
PRELIMINARY LOCAL CLIMATOLOGICAL DATA (WS FORM: F-6)
STATION: MERIDIAN
MONTH: OCTOBER
YEAR: 2022
LATITUDE: 32 19 N
LONGITUDE: 88 45 W
TEMPERATURE IN F: :PCPN: SNOW: WIND :SUNSHINE: SKY :PK WND
================================================================================
1 2 3 4 5 6A 6B 7 8 9 10 11 12 13 14 15 16 17 18
12Z AVG MX 2MIN
DY MAX MIN AVG DEP HDD CDD WTR SNW DPTH SPD SPD DIR MIN PSBL S-S WX SPD DR
================================================================================
1 81 44 63 -10 2 0 0.00 0.0 0 3.7 15 350 M M 0 22 340
2 83 46 65 -7 0 0 0.00 0.0 0 4.1 17 330 M M 0 23 360
3 81 50 66 -6 0 1 0.00 0.0 0 4.6 15 60 M M 1 23 20
4 83 53 68 -4 0 3 0.00 0.0 0 2.0 9 50 M M 2 14 40
5 83 55 69 -2 0 4 0.00 0.0 0 2.6 13 10 M M 2 16 10
6 85 50 68 -3 0 3 0.00 0.0 0 2.0 12 340 M M 0 17 10
7 88 53 71 1 0 6 0.00 0.0 0 2.9 16 350 M M 0 20 350
8 79 50 65 -5 0 0 0.00 0.0 0 8.1 16 360 M M 0 27 20
9 77 45 61 -9 4 0 0.00 0.0 0 3.9 13 10 M M 0 19 50
10 80 46 63 -6 2 0 0.00 0.0 0 3.0 15 20 M M 0 20 20
11 85 45 65 -4 0 0 0.00 0.0 0 3.2 13 140 M M 0 17 140
12 77 60 69 1 0 4 3.18 0.0 0 4.6 22 250 M M 8 123 32 250
13 83 54 69 1 0 4 0.02 0.0 0 3.8 22 360 M M 2 13 27 20
14 82 47 65 -3 0 0 0.00 0.0 0 1.6 9 320 M M 0 1 14 260
15 84 50 67 0 0 2 0.00 0.0 0 2.5 10 200 M M 0 14 170
16 81 51 66 -1 0 1 0.00 0.0 0 1.6 6 270 M M 0 9 290
17 75 47 61 -5 4 0 0.00 0.0 0 6.3 14 340 M M 0 20 340
18 58 38 48 -18 17 0 0.00 0.0 0 9.3 22 10 M M 0 29 20
19 63 31 47 -18 18 0 0.00 0.0 0 3.4 12 350 M M 0 17 350
20 67 31 49 -16 16 0 0.00 0.0 0 1.7 10 260 M M 0 16 210
21 79 40 60 -4 5 0 0.00 0.0 0 4.0 12 180 M M 0 16 240
22 79 49 64 0 1 0 0.00 0.0 0 4.8 15 150 M M 1 21 160
23 80 47 64 0 1 0 0.00 0.0 0 3.4 14 150 M M 0 1 20 130
24 82 46 64 1 1 0 0.00 0.0 0 5.9 16 160 M M 1 23 190
25 78 53 66 3 0 1 0.24 0.0 0 9.2 23 180 M M 6 1 32 180
26 71 45 58 -4 7 0 0.00 0.0 0 7.1 15 20 M M 0 22 350
27 73 43 58 -4 7 0 0.00 0.0 0 4.7 15 50 M M 0 18 40
28 76 47 62 0 3 0 0.00 0.0 0 5.8 14 90 M M 2 17 80
29 77 63 70 9 0 5 0.65 0.0 0 10.0 18 110 M M 8 1 27 110
30 73 61 67 6 0 2 0.09 0.0 0 6.7 15 190 M M 9 1 21 210
31 75 53 64 4 1 0 0.00 0.0 0 3.2 12 280 M M 6 17 280
================================================================================
SM 2418 1493 89 36 4.18 0.0 139.7 M 48
================================================================================
AV 78.0 48.2 4.5 FASTST M M 2 MAX(MPH)
MISC ----> 23 180 # 32 250
================================================================================
NOTES:
# LAST OF SEVERAL OCCURRENCES
COLUMN 17 PEAK WIND IN M.P.H.
PRELIMINARY LOCAL CLIMATOLOGICAL DATA (WS FORM: F-6) , PAGE 2
STATION: MERIDIAN
MONTH: OCTOBER
YEAR: 2022
LATITUDE: 32 19 N
LONGITUDE: 88 45 W
[TEMPERATURE DATA] [PRECIPITATION DATA] SYMBOLS USED IN COLUMN 16
AVERAGE MONTHLY: 63.1 TOTAL FOR MONTH: 4.18 1 = FOG OR MIST
DPTR FM NORMAL: -3.5 DPTR FM NORMAL: 0.32 2 = FOG REDUCING VISIBILITY
HIGHEST: 88 ON 7 GRTST 24HR 3.20 ON 12-13 TO 1/4 MILE OR LESS
LOWEST: 31 ON 20,19 3 = THUNDER
SNOW, ICE PELLETS, HAIL 4 = ICE PELLETS
TOTAL MONTH: 0.0 INCH 5 = HAIL
GRTST 24HR 0.0 6 = FREEZING RAIN OR DRIZZLE
GRTST DEPTH: 0 7 = DUSTSTORM OR SANDSTORM:
VSBY 1/2 MILE OR LESS
8 = SMOKE OR HAZE
[NO. OF DAYS WITH] [WEATHER - DAYS WITH] 9 = BLOWING SNOW
X = TORNADO
MAX 32 OR BELOW: 0 0.01 INCH OR MORE: 5
MAX 90 OR ABOVE: 0 0.10 INCH OR MORE: 3
MIN 32 OR BELOW: 2 0.50 INCH OR MORE: 2
MIN 0 OR BELOW: 0 1.00 INCH OR MORE: 1
[HDD (BASE 65) ]
TOTAL THIS MO. 89 CLEAR (SCALE 0-3) 26
DPTR FM NORMAL 6 PTCLDY (SCALE 4-7) 4
TOTAL FM JUL 1 93 CLOUDY (SCALE 8-10) 1
DPTR FM NORMAL 8
[CDD (BASE 65) ]
TOTAL THIS MO. 36
DPTR FM NORMAL -96 [PRESSURE DATA]
TOTAL FM JAN 1 2515 HIGHEST SLP 30.32 ON 9
DPTR FM NORMAL 67 LOWEST SLP 29.73 ON 25
[REMARKS]
#FINAL-10-22#