000
CXUS54 KJAN 030515
CLMMEI
CLIMATE REPORT
NATIONAL WEATHER SERVICE JACKSON MS
1115 PM CST FRI FEB 02 2024
...................................
...THE MERIDIAN CLIMATE SUMMARY FOR THE MONTH OF JANUARY 2024...
CLIMATE NORMAL PERIOD: 1991 TO 2020
CLIMATE RECORD PERIOD: 1889 TO 2024
WEATHER OBSERVED NORMAL DEPART LAST YEAR`S
VALUE DATE(S) VALUE FROM VALUE DATE(S)
NORMAL
................................................................
TEMPERATURE (F)
RECORD
HIGH 83 01/26/1950
01/10/1949
LOW 0 01/12/1962
HIGHEST 73 01/30 74 -1 80 01/02
LOWEST 11 01/17 18 -7 27 01/15
01/27
AVG. MAXIMUM 56.4 59.0 -2.6 64.0
AVG. MINIMUM 32.7 36.4 -3.7 41.1
MEAN 44.5 47.7 -3.2 52.6
DAYS MAX >= 90 0 0.0 0.0 0
DAYS MAX <= 32 1 0.3 0.7 0
DAYS MIN <= 32 17 14.4 2.6 MM
DAYS MIN <= 0 0 0.0 0.0 MM
PRECIPITATION (INCHES)
RECORD
MAXIMUM 18.77 1937
MINIMUM 0.72 1927
TOTALS 8.18 5.61 2.57 6.88
DAILY AVG. 0.26 0.18 0.08 0.22
DAYS >= .01 13 9.9 3.1 14
DAYS >= .10 7 7.3 -0.3 12
DAYS >= .50 5 3.6 1.4 5
DAYS >= 1.00 2 1.8 0.2 2
GREATEST
24 HR. TOTAL 3.40 01/24 TO 01/25 1.69
SNOWFALL (INCHES)
RECORDS
TOTAL 7.6 1904
TOTALS 0.0 0.2 -0.2 0.0
SINCE 7/1 0.0 0.3 -0.3 MM
DAYS >= TRACE 0
DAYS >= 1.0 0 0.1 -0.1 0
GREATEST
24 HR TOTAL MM
DEGREE DAYS
HEATING TOTAL 625 541 84 390
SINCE 7/1 1422 1406 16 MM
COOLING TOTAL 1 5 -4 13
SINCE 1/1 1 5 -4 MM
................................................................
WIND (MPH)
AVERAGE WIND SPEED 6.8
HIGHEST WIND SPEED/DIRECTION 29/130 DATE 01/08
HIGHEST GUST SPEED/DIRECTION 45/150 DATE 01/08
SKY COVER
POSSIBLE SUNSHINE (PERCENT) MM
AVERAGE SKY COVER 0.39
NUMBER OF DAYS FAIR 15
NUMBER OF DAYS PC 8
NUMBER OF DAYS CLOUDY 8
AVERAGE RH (PERCENT) 70
WEATHER CONDITIONS. NUMBER OF DAYS WITH
THUNDERSTORM 4 MIXED PRECIP 0
HEAVY RAIN 6 RAIN 7
LIGHT RAIN 12 FREEZING RAIN 2
LT FREEZING RAIN 2 HAIL 0
HEAVY SNOW 0 SNOW 0
LIGHT SNOW 2 SLEET 0
FOG 12 FOG W/VIS <= 1/4 MILE 1
HAZE 3
- INDICATES NEGATIVE NUMBERS.
R INDICATES RECORD WAS SET OR TIED.
MM INDICATES DATA IS MISSING.
T INDICATES TRACE AMOUNT.
$$