000
CXUS54 KMEG 010636
CF6MEM
PRELIMINARY LOCAL CLIMATOLOGICAL DATA (WS FORM: F-6)
STATION: MEMPHIS
MONTH: JUNE
YEAR: 2020
LATITUDE: 35 3 N
LONGITUDE: 89 59 W
TEMPERATURE IN F: :PCPN: SNOW: WIND :SUNSHINE: SKY :PK WND
================================================================================
1 2 3 4 5 6A 6B 7 8 9 10 11 12 13 14 15 16 17 18
12Z AVG MX 2MIN
DY MAX MIN AVG DEP HDD CDD WTR SNW DPTH SPD SPD DIR MIN PSBL S-S WX SPD DR
================================================================================
1 86 64 75 -1 0 10 0.00 0.0 0 6.6 15 80 M M 4 21 350
2 89 64 77 1 0 12 0.00 0.0 0 4.9 13 260 M M 6 17 270
3 90 72 81 4 0 16 T 0.0 0 5.9 16 250 M M 7 23 220
4 87 72 80 3 0 15 0.43 0.0 0 7.6 20 180 M M 7 13 25 180
5 92 69 81 4 0 16 0.20 0.0 0 5.8 46 10 M M 6 13 58 360
6 92 68 80 2 0 15 0.00 0.0 0 6.0 14 100 M M 2 19 120
7 95 75 85 7 0 20 0.00 0.0 0 10.7 23 70 M M 3 29 70
8 82 74 78 0 0 13 0.45 0.0 0 18.6 30 90 M M 9 1 39 110
9 89 75 82 4 0 17 0.05 0.0 0 17.7 29 190 M M 8 13 39 190
10 83 65 74 -5 0 9 T 0.0 0 13.0 24 260 M M 5 3 35 240
11 85 61 73 -6 0 8 0.00 0.0 0 6.5 17 40 M M 1 26 360
12 90 63 77 -2 0 12 0.00 0.0 0 6.1 20 70 M M 1 26 70
13 90 65 78 -1 0 13 0.00 0.0 0 4.0 13 70 M M 3 19 110
14 92 70 81 1 0 16 0.00 0.0 0 4.6 14 70 M M 2 22 50
15 86 69 78 -2 0 13 0.00 0.0 0 7.9 16 80 M M 3 23 90
16 86 65 76 -4 0 11 0.00 0.0 0 5.4 14 60 M M 2 20 70
17 88 67 78 -2 0 13 0.00 0.0 0 4.9 14 90 M M 3 21 350
18 89 67 78 -2 0 13 0.00 0.0 0 5.5 13 50 M M 2 17 130
19 92 70 81 0 0 16 0.00 0.0 0 4.7 14 180 M M 3 20 250
20 93 72 83 2 0 18 T 0.0 0 7.9 20 240 M M 4 27 250
21 87 70 79 -2 0 14 0.83 0.0 0 8.1 17 290 M M 6 13 24 250
22 80 71 76 -5 0 11 0.13 0.0 0 9.4 23 220 M M 8 1 33 210
23 88 70 79 -2 0 14 1.02 0.0 0 4.7 31 230 M M 7 13 41 240
24 87 70 79 -2 0 14 0.00 0.0 0 4.7 13 120 M M 7 16 20
25 89 69 79 -3 0 14 0.00 0.0 0 5.8 17 180 M M 5 12 25 210
26 78 71 75 -7 0 10 0.20 0.0 0 9.4 20 230 M M 10 1 26 230
27 88 72 80 -2 0 15 0.01 0.0 0 10.5 18 240 M M 8 1 27 250
28 90 77 84 2 0 19 0.00 0.0 0 10.4 18 220 M M 6 26 190
29 88 74 81 -1 0 16 0.01 0.0 0 8.0 16 170 M M 8 23 240
30 92 77 85 3 0 20 T 0.0 0 10.0 22 240 M M 7 3 28 240
================================================================================
SM 2643 2088 0 423 3.33 0.0 235.3 M 153
================================================================================
AV 88.1 69.6 7.8 FASTST M M 5 MAX(MPH)
MISC ----> # 46 10 # 58 360
================================================================================
NOTES:
# LAST OF SEVERAL OCCURRENCES
COLUMN 17 PEAK WIND IN M.P.H.
PRELIMINARY LOCAL CLIMATOLOGICAL DATA (WS FORM: F-6) , PAGE 2
STATION: MEMPHIS
MONTH: JUNE
YEAR: 2020
LATITUDE: 35 3 N
LONGITUDE: 89 59 W
[TEMPERATURE DATA] [PRECIPITATION DATA] SYMBOLS USED IN COLUMN 16
AVERAGE MONTHLY: 78.9 TOTAL FOR MONTH: 3.33 1 = FOG OR MIST
DPTR FM NORMAL: -0.8 DPTR FM NORMAL: -0.30 2 = FOG REDUCING VISIBILITY
HIGHEST: 95 ON 7 GRTST 24HR 1.02 ON 23-23 TO 1/4 MILE OR LESS
LOWEST: 61 ON 11 3 = THUNDER
SNOW, ICE PELLETS, HAIL 4 = ICE PELLETS
TOTAL MONTH: 0.0 INCH 5 = HAIL
GRTST 24HR 0.0 6 = FREEZING RAIN OR DRIZZLE
GRTST DEPTH: 0 7 = DUSTSTORM OR SANDSTORM:
VSBY 1/2 MILE OR LESS
8 = SMOKE OR HAZE
[NO. OF DAYS WITH] [WEATHER - DAYS WITH] 9 = BLOWING SNOW
X = TORNADO
MAX 32 OR BELOW: 0 0.01 INCH OR MORE: 10
MAX 90 OR ABOVE: 11 0.10 INCH OR MORE: 7
MIN 32 OR BELOW: 0 0.50 INCH OR MORE: 2
MIN 0 OR BELOW: 0 1.00 INCH OR MORE: 1
[HDD (BASE 65) ]
TOTAL THIS MO. 0 CLEAR (SCALE 0-3) 8
DPTR FM NORMAL 0 PTCLDY (SCALE 4-7) 20
TOTAL FM JUL 1 2729 CLOUDY (SCALE 8-10) 2
DPTR FM NORMAL -235
[CDD (BASE 65) ]
TOTAL THIS MO. 423
DPTR FM NORMAL -15 [PRESSURE DATA]
TOTAL FM JAN 1 675 HIGHEST SLP M ON M
DPTR FM NORMAL -84 LOWEST SLP 29.49 ON 8
[REMARKS]
#FINAL-06-20#