000
CXUS54 KBRO 010737
CLMMFE
CLIMATE REPORT
NATIONAL WEATHER SERVICE BROWNSVILLE, TX
137 AM CST THU FEB 01 2024
...................................
...THE MCALLEN CLIMATE SUMMARY FOR THE MONTH OF JANUARY 2024...
CLIMATE NORMAL PERIOD 1991 TO 2020
CLIMATE RECORD PERIOD 1961 TO 2024
WEATHER OBSERVED NORMAL DEPART LAST YEAR`S
VALUE DATE(S) VALUE FROM VALUE DATE(S)
NORMAL
................................................................
TEMPERATURE (F)
HIGHEST 91 01/08 86 5 89 01/02
LOWEST 27 01/17 32 -5 40 01/14
01/31
AVG. MAXIMUM 71.7 72.8 -1.1
AVG. MINIMUM 49.3 52.7 -3.4
MEAN 60.5 62.8 -2.3 67.5
DAYS MAX >= 90 1 0.4 0.6
DAYS MAX <= 32 0 0.0 0.0
DAYS MIN <= 32 3 0.3 2.7
DAYS MIN <= 0 0 0.0 0.0
PRECIPITATION (INCHES)
TOTALS 0.74 0.77 -0.03 0.13
DAILY AVG. 0.02 0.02 -0.00 0.00
DAYS >= .01 9 6.1 2.9 3
DAYS >= .10 2 2.3 -0.3 0
DAYS >= .50 0 0.4 -0.4 0
DAYS >= 1.00 0 0.1 -0.1 0
GREATEST
24 HR. TOTAL 0.33 01/21 TO 01/22
STORM TOTAL 0.31
(MM/DD(HH))
SNOWFALL (INCHES)
TOTALS 0.0 MM MM 0.0
SINCE 7/1 0.0 MM MM MM
DEGREE DAYS
HEATING TOTAL 178 150 28 69
SINCE 7/1 335 342 -7 MM
COOLING TOTAL 44 81 -37 153
SINCE 1/1 44 81 -37 MM
................................................................
WIND (MPH)
AVERAGE WIND SPEED 8.4
HIGHEST WIND SPEED/DIRECTION 35/350 DATE 01/08
HIGHEST GUST SPEED/DIRECTION 54/350 DATE 01/08
SKY COVER
POSSIBLE SUNSHINE (PERCENT) MM
AVERAGE SKY COVER 0.44
NUMBER OF DAYS FAIR 14
NUMBER OF DAYS PC 9
NUMBER OF DAYS CLOUDY 7
AVERAGE RH (PERCENT) 68
WEATHER CONDITIONS. NUMBER OF DAYS WITH
THUNDERSTORM 0 MIXED PRECIP 0
HEAVY RAIN 1 RAIN 3
LIGHT RAIN 11 FREEZING RAIN 0
LT FREEZING RAIN 0 HAIL 0
HEAVY SNOW 0 SNOW 0
LIGHT SNOW 0 SLEET 0
FOG 16 FOG W/VIS <= 1/4 MILE 2
HAZE 3
- INDICATES NEGATIVE NUMBERS.
R INDICATES RECORD WAS SET OR TIED.
MM INDICATES DATA IS MISSING.
T INDICATES TRACE AMOUNT.
$$