000
CXUS56 KMFR 011129
CF6MFR
PRELIMINARY LOCAL CLIMATOLOGICAL DATA (WS FORM: F-6)
STATION: MEDFORD OR
MONTH: SEPTEMBER
YEAR: 2021
LATITUDE: 42 22 N
LONGITUDE: 122 52 W
TEMPERATURE IN F: :PCPN: SNOW: WIND :SUNSHINE: SKY :PK WND
================================================================================
1 2 3 4 5 6A 6B 7 8 9 10 11 12 13 14 15 16 17 18
12Z AVG MX 2MIN
DY MAX MIN AVG DEP HDD CDD WTR SNW DPTH SPD SPD DIR MIN PSBL S-S WX SPD DR
================================================================================
1 84 48 66 -6 0 1 0.00 0.0 0 2.8 13 320 M M 4 8 18 350
2 86 50 68 -3 0 3 0.00 0.0 0 2.6 10 10 M M 6 8 14 290
3 90 50 70 -1 0 5 0.00 0.0 0 2.6 12 310 M M 6 8 16 310
4 87 54 71 0 0 6 0.00 0.0 0 1.2 9 30 M M 8 8 11 20
5 89 53 71 0 0 6 0.00 0.0 0 1.3 7 190 M M 4 8 9 180
6 94 56 75 5 0 10 0.00 0.0 0 2.1 6 190 M M 2 8 8 320
7 94 58 76 6 0 11 0.00 0.0 0 3.3 18 300 M M 2 8 27 300
8 94 58 76 6 0 11 0.00 0.0 0 2.2 9 70 M M 0 8 11 330
9 89 62 76 6 0 11 T 0.0 0 2.4 14 40 M M 1 8 21 10
10 84 60 72 2 0 7 0.17 0.0 0 6.0 20 10 M M 3 18 24 10
11 88 53 71 2 0 6 0.00 0.0 0 2.6 13 270 M M 0 8 15 270
12 88 53 71 2 0 6 0.00 0.0 0 3.5 16 360 M M 0 8 21 360
13 84 53 69 0 0 4 0.00 0.0 0 1.7 8 50 M M 0 13 50
14 92 50 71 3 0 6 0.00 0.0 0 1.5 13 350 M M 0 8 17 340
15 86 53 70 2 0 5 0.00 0.0 0 3.9 16 350 M M 0 8 27 330
16 85 49 67 -1 0 2 0.00 0.0 0 2.2 10 290 M M 0 8 12 290
17 88 48 68 0 0 3 0.00 0.0 0 3.2 17 290 M M 0 8 27 290
18 70 53 62 -5 3 0 0.76 0.0 M 5.6 18 310 M M 5 18 25 320
19 69 51 60 -7 5 0 0.31 0.0 0 4.0 16 360 M M 6 1 21 360
20 81 44 63 -4 2 0 0.00 0.0 0 1.9 9 360 M M 0 12 360
21 91 49 70 4 0 5 0.00 0.0 0 2.8 10 290 M M 0 15 300
22 83 53 68 2 0 3 0.00 0.0 0 4.5 20 360 M M 0 23 350
23 88 49 69 3 0 4 0.00 0.0 0 2.2 9 20 M M 0 13 340
24 95 51 73 8 0 8 0.00 0.0 0 2.3 9 170 M M 0 13 300
25 90 52 71 6 0 6 0.00 0.0 0 3.5 14 300 M M 0 21 290
26 84 50 67 3 0 2 0.00 0.0 0 5.4 17 300 M M 1 24 290
27 64 49 57 -7 8 0 0.24 0.0 0 4.4 18 300 M M 8 1 26 300
28 65 47 56 -8 9 0 0.00 0.0 0 3.0 10 10 M M 6 16 340
29 74 43 59 -4 6 0 0.00 0.0 0 1.6 9 270 M M 0 13 300
30 81 43 62 -1 3 0 0.00 0.0 0 1.5 10 290 M M 0 15 280
================================================================================
SM 2537 1542 36 131 1.48 0.0 87.8 M 62
================================================================================
AV 84.6 51.4 2.9 FASTST M M 2 MAX(MPH)
MISC ----> # 20 10 # 27 300
================================================================================
NOTES:
# LAST OF SEVERAL OCCURRENCES
COLUMN 17 PEAK WIND IN M.P.H.
PRELIMINARY LOCAL CLIMATOLOGICAL DATA (WS FORM: F-6) , PAGE 2
STATION: MEDFORD OR
MONTH: SEPTEMBER
YEAR: 2021
LATITUDE: 42 22 N
LONGITUDE: 122 52 W
[TEMPERATURE DATA] [PRECIPITATION DATA] SYMBOLS USED IN COLUMN 16
AVERAGE MONTHLY: 68.0 TOTAL FOR MONTH: 1.48 1 = FOG OR MIST
DPTR FM NORMAL: 0.3 DPTR FM NORMAL: 1.00 2 = FOG REDUCING VISIBILITY
HIGHEST: 95 ON 24 GRTST 24HR 1.04 ON 18-19 TO 1/4 MILE OR LESS
LOWEST: 43 ON 30,29 3 = THUNDER
SNOW, ICE PELLETS, HAIL 4 = ICE PELLETS
TOTAL MONTH: 0.0 INCH 5 = HAIL
GRTST 24HR 0.0 6 = FREEZING RAIN OR DRIZZLE
GRTST DEPTH: 0 7 = DUSTSTORM OR SANDSTORM:
VSBY 1/2 MILE OR LESS
8 = SMOKE OR HAZE
[NO. OF DAYS WITH] [WEATHER - DAYS WITH] 9 = BLOWING SNOW
X = TORNADO
MAX 32 OR BELOW: 0 0.01 INCH OR MORE: 4
MAX 90 OR ABOVE: 8 0.10 INCH OR MORE: 4
MIN 32 OR BELOW: 0 0.50 INCH OR MORE: 1
MIN 0 OR BELOW: 0 1.00 INCH OR MORE: 0
[HDD (BASE 65) ]
TOTAL THIS MO. 36 CLEAR (SCALE 0-3) 20
DPTR FM NORMAL -12 PTCLDY (SCALE 4-7) 10
TOTAL FM JUL 1 36 CLOUDY (SCALE 8-10) 0
DPTR FM NORMAL -20
[CDD (BASE 65) ]
TOTAL THIS MO. 131
DPTR FM NORMAL 1 [PRESSURE DATA]
TOTAL FM JAN 1 1329 HIGHEST SLP 30.31 ON 20
DPTR FM NORMAL 432 LOWEST SLP 29.76 ON 18
[REMARKS]
#FINAL-09-21#