000
CXUS56 KMFR 010930
CF6MFR
PRELIMINARY LOCAL CLIMATOLOGICAL DATA (WS FORM: F-6)
STATION: MEDFORD OR
MONTH: OCTOBER
YEAR: 2023
LATITUDE: 42 22 N
LONGITUDE: 122 52 W
TEMPERATURE IN F: :PCPN: SNOW: WIND :SUNSHINE: SKY :PK WND
================================================================================
1 2 3 4 5 6A 6B 7 8 9 10 11 12 13 14 15 16 17 18
12Z AVG MX 2MIN
DY MAX MIN AVG DEP HDD CDD WTR SNW DPTH SPD SPD DIR MIN PSBL S-S WX SPD DR
================================================================================
1 69 41 55 -7 10 0 0.00 0.0 0 1.9 14 360 M M 0 1 17 10
2 67 43 55 -7 10 0 0.19 0.0 0 1.8 7 40 M M 4 1 M M
3 71 54 63 1 2 0 0.01 0.0 0 1.7 9 270 M M 6 1 12 280
4 76 47 62 1 3 0 0.00 0.0 0 0.9 6 210 M M 3 1 8 70
5 88 48 68 7 0 3 0.00 0.0 0 1.2 8 190 M M 1 12 10 200
6 91 51 71 11 0 6 0.00 0.0 0 1.9 9 200 M M 0 13 320
7 88 52 70 10 0 5 0.00 0.0 0 2.9 14 300 M M 0 20 280
8 86 52 69 9 0 4 0.00 0.0 0 1.8 8 300 M M 0 12 300
9 64 56 60 1 5 0 0.18 0.0 M 3.2 15 90 M M 6 1 19 90
10 63 50 57 -2 8 0 0.16 M M 5.1 17 300 M M 9 1 24 300
11 61 48 55 -3 10 0 T M M 2.9 14 320 M M 9 19 320
12 71 46 59 1 6 0 0.00 0.0 0 1.9 8 60 M M 4 8 11 270
13 61 44 53 -4 12 0 0.03 0.0 0 2.0 10 90 M M 5 14 340
14 64 47 56 -1 9 0 0.00 0.0 0 1.7 6 20 M M 4 1 9 10
15 74 52 63 7 2 0 0.00 0.0 0 2.2 9 320 M M 1 1 13 330
16 66 51 59 3 6 0 0.05 0.0 M 1.3 10 90 M M 7 1 12 90
17 74 54 64 8 1 0 0.00 0.0 M 2.1 7 170 M M 4 1 9 180
18 82 47 65 10 0 0 0.00 0.0 M 0.5 6 230 M M 1 128 8 230
19 81 49 65 10 0 0 0.00 0.0 0 0.8 6 210 M M 0 8 210
20 82 48 65 11 0 0 0.00 0.0 0 1.5 7 200 M M 0 8 200
21 74 48 61 7 4 0 0.00 0.0 0 3.9 15 310 M M 2 18 23 320
22 61 53 57 3 8 0 0.11 0.0 0 1.7 7 310 M M 9 10 300
23 68 47 58 5 7 0 0.00 0.0 0 2.3 10 290 M M 4 1 13 280
24 54 43 49 -4 16 0 0.01 0.0 0 1.8 7 110 M M 7 8 8 140
25 51 43 47 -5 18 0 0.38 0.0 0 4.9 14 240 M M 9 18 22 10
26 57 41 49 -3 16 0 T 0.0 0 2.2 8 310 M M 6 1 14 310
27 57 34 46 -6 19 0 0.00 0.0 0 1.3 8 200 M M 3 12 11 210
28 60 29 45 -6 20 0 0.00 0.0 0 2.5 9 180 M M 2 128 12 20
29 68 30 49 -2 16 0 0.00 0.0 0 2.0 8 20 M M 0 11 360
30 67 29 48 -2 17 0 0.00 0.0 0 0.7 8 170 M M 0 11 180
31 66 35 51 1 14 0 0.00 0.0 0 1.0 7 150 M M 1 7 140
================================================================================
SM 2162 1412 239 18 1.12 0.0 63.6 M 107
================================================================================
AV 69.7 45.5 2.1 FASTST M M 3 MAX(MPH)
MISC ----> 17 300 24 300
================================================================================
NOTES:
# LAST OF SEVERAL OCCURRENCES
COLUMN 17 PEAK WIND IN M.P.H.
PRELIMINARY LOCAL CLIMATOLOGICAL DATA (WS FORM: F-6) , PAGE 2
STATION: MEDFORD OR
MONTH: OCTOBER
YEAR: 2023
LATITUDE: 42 22 N
LONGITUDE: 122 52 W
[TEMPERATURE DATA] [PRECIPITATION DATA] SYMBOLS USED IN COLUMN 16
AVERAGE MONTHLY: 57.6 TOTAL FOR MONTH: 1.12 1 = FOG OR MIST
DPTR FM NORMAL: 1.5 DPTR FM NORMAL: -0.10 2 = FOG REDUCING VISIBILITY
HIGHEST: 91 ON 6 GRTST 24HR 0.39 ON 24-25 TO 1/4 MILE OR LESS
LOWEST: 29 ON 30,28 3 = THUNDER
SNOW, ICE PELLETS, HAIL 4 = ICE PELLETS
TOTAL MONTH: 0.0 INCH 5 = HAIL
GRTST 24HR 0.0 6 = FREEZING RAIN OR DRIZZLE
GRTST DEPTH: 0 7 = DUSTSTORM OR SANDSTORM:
VSBY 1/2 MILE OR LESS
8 = SMOKE OR HAZE
[NO. OF DAYS WITH] [WEATHER - DAYS WITH] 9 = BLOWING SNOW
X = TORNADO
MAX 32 OR BELOW: 0 0.01 INCH OR MORE: 9
MAX 90 OR ABOVE: 1 0.10 INCH OR MORE: 5
MIN 32 OR BELOW: 3 0.50 INCH OR MORE: 0
MIN 0 OR BELOW: 0 1.00 INCH OR MORE: 0
[HDD (BASE 65) ]
TOTAL THIS MO. 239 CLEAR (SCALE 0-3) 15
DPTR FM NORMAL -49 PTCLDY (SCALE 4-7) 12
TOTAL FM JUL 1 300 CLOUDY (SCALE 8-10) 4
DPTR FM NORMAL -43
[CDD (BASE 65) ]
TOTAL THIS MO. 18
DPTR FM NORMAL 6 [PRESSURE DATA]
TOTAL FM JAN 1 1304 HIGHEST SLP M ON M
DPTR FM NORMAL 395 LOWEST SLP 29.62 ON 10
[REMARKS]
#FINAL-10-23#