000
CXUS51 KPBZ 011756
CLAMGW
CLIMATE REPORT
NATIONAL WEATHER SERVICE PITTSBURGH PA
1256 PM EST SAT JAN 01 2022
...................................
...THE MORGANTOWN WV CLIMATE SUMMARY FOR THE YEAR OF 2021...
CLIMATE NORMAL PERIOD 1991 TO 2020
CLIMATE RECORD PERIOD 1872 TO 2021
WEATHER OBSERVED NORMAL DEPART LAST YEAR`S
VALUE DATE(S) VALUE FROM VALUE DATE(S)
NORMAL
................................................................
TEMPERATURE (F)
RECORD
HIGH 105 08/26/1893
LOW -25 02/10/1899
HIGHEST 93 06/29 MM MM 95 07/06
08/12
LOWEST 6 02/21 MM MM 12 01/22
12/27
AVG. MAXIMUM 65.1 63.8 1.3 65.1
AVG. MINIMUM 45.8 43.9 1.9 45.7
MEAN 55.4 53.8 1.6 55.4
DAYS MAX >= 90 10 13.3 -3.3 26
DAYS MAX <= 32 14 24.0 -10.0 9
DAYS MIN <= 32 103 101.9 1.1 80
DAYS MIN <= 0 0 1.4 -1.4 0
PRECIPITATION (INCHES)
RECORD
MAXIMUM 60.91 2003
MINIMUM 25.15 1930
TOTALS 47.27 43.15 4.12 40.69
DAILY AVG. 0.13 0.12 0.01 0.11
DAYS >= .01 147 155.0 -8.0 171
DAYS >= .10 92 92.5 -0.5 103
DAYS >= .50 23 28.3 -5.3 28
DAYS >= 1.00 7 7.2 -0.2 4
DAYS >= %-5.2F 2 0
GREATEST
24 HR. TOTAL 3.13
STORM TOTAL 2.99
(MM/DD(HH))
DEGREE DAYS
HEATING TOTAL 4501 4964 -463 4531
SINCE 7/1 1466 1877 -411 1710
COOLING TOTAL 1160 930 230 1134
FREEZE DATES
RECORD
EARLIEST MM
LATEST MM
EARLIEST 11/02
LATEST 05/12
................................................................
WIND (MPH)
AVERAGE WIND SPEED 4.6
HIGHEST WIND SPEED/DIRECTION 29/020 DATE 08/12
HIGHEST GUST SPEED/DIRECTION 48/010 DATE 08/12
AVERAGE RH (PERCENT) 67
WEATHER CONDITIONS. NUMBER OF DAYS WITH
THUNDERSTORM 40 MIXED PRECIP 0
HEAVY RAIN 45 RAIN 63
LIGHT RAIN 152 FREEZING RAIN 0
LT FREEZING RAIN 1 HAIL 0
HEAVY SNOW 0 SNOW 6
LIGHT SNOW 30 SLEET 0
FOG 193 FOG W/VIS <= 1/4 MILE 28
HAZE 83
- INDICATES NEGATIVE NUMBERS.
R INDICATES RECORD WAS SET OR TIED.
MM INDICATES DATA IS MISSING.
T INDICATES TRACE AMOUNT.
$$