000
CXUS53 KFSD 011641
CF6MHE
PRELIMINARY LOCAL CLIMATOLOGICAL DATA (WS FORM: F-6)
STATION: MITCHELL SD
MONTH: JULY
YEAR: 2022
LATITUDE: 43 46 N
LONGITUDE: 98 2 W
TEMPERATURE IN F: :PCPN: SNOW: WIND :SUNSHINE: SKY :PK WND
================================================================================
1 2 3 4 5 6A 6B 7 8 9 10 11 12 13 14 15 16 17 18
12Z AVG MX 2MIN
DY MAX MIN AVG DEP HDD CDD WTR SNW DPTH SPD SPD DIR MIN PSBL S-S WX SPD DR
================================================================================
1 88 58 73 -1 0 8 0.00 0.0 0 4.4 10 190 M M 0 16 150
2 89 64 77 3 0 12 0.07 0.0 0 9.5 22 330 M M 5 1 31 330
3 93 69 81 7 0 16 0.02 0.0 0 11.6 21 170 M M 1 3 29 140
4 93 68 81 6 0 16 0.48 0.0 0 6.6 29 240 M M 2 3 47 250
5 93 66 80 5 0 15 0.93 0.0 0 11.4 48 360 M M 1 123 74 10
6 86 67 77 2 0 12 0.00 0.0 0 5.0 10 80 M M 2 12 16 90
7 85 69 77 2 0 12 0.01 0.0 0 6.7 31 360 M M 5 13 44 10
8 88 65 77 2 0 12 0.00 0.0 0 5.1 12 40 M M 2 1 15 70
9 92 67 80 5 0 15 0.00 0.0 0 12.3 22 150 M M 1 1 32 160
10 96 69 83 8 0 18 0.00 0.0 0 12.3 21 350 M M 1 29 350
11 85 65 75 -1 0 10 T 0.0 0 12.6 28 320 M M 1 44 310
12 89 60 75 -1 0 10 0.00 0.0 0 6.5 14 300 M M 0 20 300
13 91 62 77 1 0 12 0.00 0.0 0 8.9 15 90 M M 0 25 90
14 98 68 83 7 0 18 0.00 0.0 0 10.7 17 150 M M 0 25 140
15 94 69 82 6 0 17 0.00 0.0 0 6.8 18 60 M M 0 27 60
16 78 67 73 -3 0 8 0.45 0.0 0 7.0 16 170 M M 4 1 21 160
17 89 64 77 1 0 12 0.00 0.0 0 4.7 10 210 M M 3 1 14 210
18 99 68 84 8 0 19 0.00 0.0 0 14.6 26 170 M M 0 1 36 160
19 91 73 82 6 0 17 0.00 0.0 0 19.6 31 320 M M 0 3 45 320
20 94 64 79 3 0 14 0.00 0.0 0 10.2 21 310 M M 0 30 310
21 91 62 77 1 0 12 0.00 0.0 0 6.8 15 160 M M 0 22 150
22 95 67 81 5 0 16 0.00 0.0 0 7.9 13 160 M M 0 19 30
23 94 70 82 6 0 17 T 0.0 0 11.5 22 350 M M 0 30 340
24 83 59 71 -5 0 6 0.00 0.0 0 7.3 16 350 M M 0 21 350
25 79 63 71 -5 0 6 0.14 0.0 0 10.3 20 150 M M 6 1 26 160
26 83 64 74 -1 0 9 0.15 0.0 0 6.6 28 200 M M 6 13 37 210
27 88 61 75 0 0 10 0.27 0.0 0 7.9 22 350 M M 4 13 34 360
28 78 55 67 -8 0 2 0.00 0.0 0 M M M M M 0 M M
29 85 54 70 -5 0 5 0.00 0.0 0 7.1 13 150 M M 1 17 160
30 90 66 78 3 0 13 0.00 0.0 0 14.6 24 180 M M 2 34 210
31 91 64 78 3 0 13 0.00 0.0 0 11.7 25 310 M M 0 32 310
================================================================================
SM 2768 2007 0 382 2.52 0.0 278.2 M 47
================================================================================
AV 89.3 64.7 9.3 FASTST M M 2 MAX(MPH)
MISC ----> 48 360 74 10
================================================================================
NOTES:
# LAST OF SEVERAL OCCURRENCES
-COLUMN 17 PEAK WIND IN M.P.H.
-PRECIPITATION AMOUNTS IN COLUMNS 7,8 AND 9 ARE THE OFFICIAL
PRECIPITATION AMOUNTS FOR MITCHELL, SD.
-SNOW DEPTH IN COLUMN 9 IS RECORDED AT 6 AM CST (12Z).
PRELIMINARY LOCAL CLIMATOLOGICAL DATA (WS FORM: F-6) , PAGE 2
STATION: MITCHELL SD
MONTH: JULY
YEAR: 2022
LATITUDE: 43 46 N
LONGITUDE: 98 2 W
[TEMPERATURE DATA] [PRECIPITATION DATA] SYMBOLS USED IN COLUMN 16
AVERAGE MONTHLY: 77.0 TOTAL FOR MONTH: 2.52 1 = FOG OR MIST
DPTR FM NORMAL: 1.7 DPTR FM NORMAL: 0.16 2 = FOG REDUCING VISIBILITY
HIGHEST: 99 ON 18 GRTST 24HR 0.93 ON 5- 5 TO 1/4 MILE OR LESS
LOWEST: 54 ON 29 3 = THUNDER
SNOW, ICE PELLETS, HAIL 4 = ICE PELLETS
TOTAL MONTH: 0.0 INCH 5 = HAIL
GRTST 24HR 0.0 6 = FREEZING RAIN OR DRIZZLE
GRTST DEPTH: 0 7 = DUSTSTORM OR SANDSTORM:
VSBY 1/2 MILE OR LESS
8 = SMOKE OR HAZE
[NO. OF DAYS WITH] [WEATHER - DAYS WITH] 9 = BLOWING SNOW
X = TORNADO
MAX 32 OR BELOW: 0 0.01 INCH OR MORE: 9
MAX 90 OR ABOVE: 16 0.10 INCH OR MORE: 6
MIN 32 OR BELOW: 0 0.50 INCH OR MORE: 1
MIN 0 OR BELOW: 0 1.00 INCH OR MORE: 0
[HDD (BASE 65) ]
TOTAL THIS MO. 0 CLEAR (SCALE 0-3) 25
DPTR FM NORMAL -4 PTCLDY (SCALE 4-7) 6
TOTAL FM JUL 1 0 CLOUDY (SCALE 8-10) 0
DPTR FM NORMAL 0
[CDD (BASE 65) ]
TOTAL THIS MO. 382
DPTR FM NORMAL 59 [PRESSURE DATA]
TOTAL FM JAN 1 656 HIGHEST SLP 30.16 ON 29
DPTR FM NORMAL 109 LOWEST SLP 29.47 ON 19
[REMARKS]
#FINAL-07-22#