000
CXUS52 KMFL 011030
CF6MIA
PRELIMINARY LOCAL CLIMATOLOGICAL DATA (WS FORM: F-6)
STATION: MIAMI
MONTH: JULY
YEAR: 2023
LATITUDE: 25 49 N
LONGITUDE: 80 17 W
TEMPERATURE IN F: :PCPN: SNOW: WIND :SUNSHINE: SKY :PK WND
================================================================================
1 2 3 4 5 6A 6B 7 8 9 10 11 12 13 14 15 16 17 18
12Z AVG MX 2MIN
DY MAX MIN AVG DEP HDD CDD WTR SNW DPTH SPD SPD DIR MIN PSBL S-S WX SPD DR
================================================================================
1 90 79 85 1 0 20 0.47 0.0 0 3.5 15 50 M M 7 13 21 50
2 93 77 85 1 0 20 3.47 0.0 0 3.2 22 120 M M 7 138 28 120
3 94 79 87 3 0 22 0.67 0.0 0 2.5 17 90 M M 6 3 21 80
4 93 80 87 3 0 22 0.09 0.0 0 3.5 10 100 M M 6 3 M M
5 94 80 87 3 0 22 0.01 0.0 0 4.2 15 130 M M 6 3 20 170
6 95 82 89 5 0 24 0.02 0.0 0 2.7 18 300 M M 7 3 28 320
7 97 80 89 5 0 24 0.25 0.0 0 4.3 16 130 M M 7 38 22 260
8 96 76 86 2 0 21 0.00 0.0 0 4.9 16 220 M M 7 3 23 340
9 94 75 85 1 0 20 0.00 0.0 0 4.6 17 170 M M 7 3 26 170
10 95 78 87 3 0 22 0.00 0.0 0 6.7 15 150 M M 4 3 25 180
11 96 77 87 3 0 22 0.00 0.0 0 6.0 13 120 M M 5 3 18 160
12 97 80 89 5 0 24 0.00 0.0 0 5.6 14 110 M M 5 3 17 110
13 95 80 88 4 0 23 0.02 0.0 0 4.4 18 50 M M 6 38 28 50
14 95 79 87 3 0 22 0.25 0.0 0 4.0 16 350 M M 6 3 22 350
15 93 75 84 0 0 19 0.05 0.0 0 3.8 17 200 M M 6 3 24 210
16 95 75 85 1 0 20 0.11 0.0 0 4.6 18 260 M M 7 3 29 270
17 94 77 86 2 0 21 0.32 M M 3.8 17 100 M M 9 3 25 60
18 91 78 85 1 0 20 0.04 0.0 0 4.2 18 100 M M 8 138 23 100
19 92 79 86 2 0 21 0.18 0.0 0 6.8 20 100 M M 7 13 23 100
20 94 84 89 5 0 24 0.21 0.0 0 6.3 14 100 M M 7 3 19 110
21 94 82 88 4 0 23 0.00 0.0 0 4.6 16 200 M M 6 3 21 220
22 97 81 89 5 0 24 0.00 0.0 0 5.6 15 270 M M 5 3 20 260
23 98 82 90 6 0 25 0.00 0.0 0 5.7 14 230 M M 3 19 210
24 96 83 90 6 0 25 0.00 0.0 0 4.9 14 130 M M 4 3 21 200
25 95 83 89 5 0 24 0.00 0.0 0 6.8 17 90 M M 6 3 22 90
26 90 76 83 -1 0 18 0.20 0.0 0 5.4 26 60 M M 10 3 36 60
27 89 77 83 -1 0 18 0.13 0.0 0 5.8 21 160 M M 9 13 34 160
28 88 76 82 -2 0 17 0.92 0.0 0 5.8 17 180 M M 8 138 23 190
29 93 81 87 3 0 22 T 0.0 0 6.9 14 130 M M 7 19 140
30 94 82 88 4 0 23 0.00 0.0 0 5.6 13 130 M M 6 3 19 150
31 94 81 88 4 0 23 0.01 0.0 0 4.9 15 170 M M 8 3 23 180
================================================================================
SM 2911 2454 0 675 7.42 0.0 151.6 M 202
================================================================================
AV 93.9 79.2 4.9 FASTST M M 7 MAX(MPH)
MISC ----> 26 60 36 60
================================================================================
NOTES:
# LAST OF SEVERAL OCCURRENCES
COLUMN 17 PEAK WIND IN M.P.H.
PRELIMINARY LOCAL CLIMATOLOGICAL DATA (WS FORM: F-6) , PAGE 2
STATION: MIAMI
MONTH: JULY
YEAR: 2023
LATITUDE: 25 49 N
LONGITUDE: 80 17 W
[TEMPERATURE DATA] [PRECIPITATION DATA] SYMBOLS USED IN COLUMN 16
AVERAGE MONTHLY: 86.5 TOTAL FOR MONTH: 7.42 1 = FOG OR MIST
DPTR FM NORMAL: 2.4 DPTR FM NORMAL: 0.06 2 = FOG REDUCING VISIBILITY
HIGHEST: 98 ON 23 GRTST 24HR 3.85 ON 1- 2 TO 1/4 MILE OR LESS
LOWEST: 75 ON 16,15 3 = THUNDER
SNOW, ICE PELLETS, HAIL 4 = ICE PELLETS
TOTAL MONTH: 0.0 INCH 5 = HAIL
GRTST 24HR 0.0 6 = FREEZING RAIN OR DRIZZLE
GRTST DEPTH: 0 7 = DUSTSTORM OR SANDSTORM:
VSBY 1/2 MILE OR LESS
8 = SMOKE OR HAZE
[NO. OF DAYS WITH] [WEATHER - DAYS WITH] 9 = BLOWING SNOW
X = TORNADO
MAX 32 OR BELOW: 0 0.01 INCH OR MORE: 19
MAX 90 OR ABOVE: 29 0.10 INCH OR MORE: 12
MIN 32 OR BELOW: 0 0.50 INCH OR MORE: 3
MIN 0 OR BELOW: 0 1.00 INCH OR MORE: 1
[HDD (BASE 65) ]
TOTAL THIS MO. 0 CLEAR (SCALE 0-3) 1
DPTR FM NORMAL 0 PTCLDY (SCALE 4-7) 26
TOTAL FM JUL 1 0 CLOUDY (SCALE 8-10) 4
DPTR FM NORMAL 0
[CDD (BASE 65) ]
TOTAL THIS MO. 675
DPTR FM NORMAL 85 [PRESSURE DATA]
TOTAL FM JAN 1 3116 HIGHEST SLP 30.17 ON 24
DPTR FM NORMAL 576 LOWEST SLP 29.92 ON 1
[REMARKS]
#FINAL-07-23#