000
CXUS53 KMPX 042258
CF6MKT
PRELIMINARY LOCAL CLIMATOLOGICAL DATA (WS FORM: F-6)
STATION: MANKATO MN
MONTH: DECEMBER
YEAR: 2022
LATITUDE: 44 13 N
LONGITUDE: 93 55 W
TEMPERATURE IN F: :PCPN: SNOW: WIND :SUNSHINE: SKY :PK WND
================================================================================
1 2 3 4 5 6A 6B 7 8 9 10 11 12 13 14 15 16 17 18
12Z AVG MX 2MIN
DY MAX MIN AVG DEP HDD CDD WTR SNW DPTH SPD SPD DIR MIN PSBL S-S WX SPD DR
================================================================================
1 34 4 19 -6 46 0 T M M 13.9 25 150 M M 0 37 150
2 39 10 25 0 40 0 0.00 M M 18.6 38 300 M M 3 1 50 310
3 17 3 10 -14 55 0 0.05 M M 12.9 31 300 M M 1 44 310
4 37 13 25 1 40 0 0.00 M M 9.3 16 220 M M 0 M M
5 35 15 25 2 40 0 0.00 M M 9.2 18 340 M M 4 1 M M
6 30 9 20 -3 45 0 T M M 5.5 12 150 M M 0 1 M M
7 22 8 15 -7 50 0 0.00 M M 7.7 18 20 M M 3 1 M M
8 32 6 19 -3 46 0 0.00 M M 7.6 15 130 M M 5 1 M M
9 34 28 31 10 34 0 0.16 M M 9.4 15 100 M M 10 1 M M
10 34 30 32 11 33 0 0.09 M M 8.6 15 130 M M 10 1 M M
11 34 21 28 7 37 0 0.00 M M 6.7 13 140 M M 7 1 M M
12 33 28 31 11 34 0 0.00 M M 17.8 23 140 M M 10 36 140
13 35 33 34 14 31 0 T M M 26.6 31 110 M M 10 1 40 110
14 38 29 34 14 31 0 0.40 M M 15.0 28 110 M M 10 1 33 110
15 33 24 29 10 36 0 0.13 M M 11.9 22 270 M M 10 1 30 270
16 29 18 24 5 41 0 0.52 M M 18.2 27 290 M M 10 1 35 290
17 18 5 12 -6 53 0 0.05 M M 19.8 25 300 M M 10 1 31 300
18 6 -4 1 -17 64 0 T M M 9.8 18 290 M M 3 18 24 300
19 17 -6 6 -12 59 0 0.00 M M 5.5 15 300 M M 7 1 M M
20 5 -7 -1 -19 66 0 0.08 M M 10.6 15 290 M M 1 22 300
21 1 -10 -4 -21 69 0 0.00 M M 7.3 14 310 M M 8 1 M M
22 -4 -13 -8 -25 73 0 0.21 M M 20.9 30 300 M M 10 18 39 290
23 -4 -11 -7 -24 72 0 0.00 M M 26.6 33 310 M M 10 12 46 310
24 1 -7 -3 -19 68 0 0.00 M M 20.1 27 300 M M 7 18 38 300
25 8 -7 1 -15 64 0 0.00 M M 9.9 17 300 M M 4 1 M M
26 13 -4 5 -11 60 0 0.19 M M 8.4 13 360 M M 3 18 M M
27 28 -1 14 -2 51 0 0.00 M M 15.0 22 190 M M 0 31 190
28 37 28 33 17 32 0 0.00 M M 13.1 18 180 M M 2 30 170
29 36 15 26 11 39 0 0.00 M M 9.8 23 320 M M 8 18 30 310
30 27 14 21 6 44 0 0.04 M M 9.9 18 290 M M 7 23 290
31 37 21 29 14 36 0 0.00 M M 12.0 16 160 M M 4 1 21 170
================================================================================
SM 742 292 1489 0 1.92 M 397.6 M 177
================================================================================
AV 23.9 9.4 12.8 FASTST M M 6 MAX(MPH)
MISC ----> 38 300 50 310
================================================================================
NOTES:
# LAST OF SEVERAL OCCURRENCES
COLUMN 17 PEAK WIND IN M.P.H.
PRELIMINARY LOCAL CLIMATOLOGICAL DATA (WS FORM: F-6) , PAGE 2
STATION: MANKATO MN
MONTH: DECEMBER
YEAR: 2022
LATITUDE: 44 13 N
LONGITUDE: 93 55 W
[TEMPERATURE DATA] [PRECIPITATION DATA] SYMBOLS USED IN COLUMN 16
AVERAGE MONTHLY: 16.7 TOTAL FOR MONTH: 1.92 1 = FOG OR MIST
DPTR FM NORMAL: -2.5 DPTR FM NORMAL: 0.83 2 = FOG REDUCING VISIBILITY
HIGHEST: 39 ON 2 GRTST 24HR 0.52 ON 16-16 TO 1/4 MILE OR LESS
LOWEST: -13 ON 22 3 = THUNDER
SNOW, ICE PELLETS, HAIL 4 = ICE PELLETS
TOTAL MONTH: M 5 = HAIL
GRTST 24HR M ON M 6 = FREEZING RAIN OR DRIZZLE
GRTST DEPTH: M ON M 7 = DUSTSTORM OR SANDSTORM:
VSBY 1/2 MILE OR LESS
8 = SMOKE OR HAZE
[NO. OF DAYS WITH] [WEATHER - DAYS WITH] 9 = BLOWING SNOW
X = TORNADO
MAX 32 OR BELOW: 17 0.01 INCH OR MORE: 11
MAX 90 OR ABOVE: 0 0.10 INCH OR MORE: 6
MIN 32 OR BELOW: 30 0.50 INCH OR MORE: 1
MIN 0 OR BELOW: 10 1.00 INCH OR MORE: 0
[HDD (BASE 65) ]
TOTAL THIS MO. 1489 CLEAR (SCALE 0-3) 9
DPTR FM NORMAL 71 PTCLDY (SCALE 4-7) 11
TOTAL FM JUL 1 3006 CLOUDY (SCALE 8-10) 11
DPTR FM NORMAL -84
[CDD (BASE 65) ]
TOTAL THIS MO. 0
DPTR FM NORMAL 0 [PRESSURE DATA]
TOTAL FM JAN 1 790 HIGHEST SLP M ON M
DPTR FM NORMAL 136 LOWEST SLP M ON M
[REMARKS]
#FINAL-12-22#
THE PRECIPITATION VALUES ARE FROM COCORAHS STATION
MN-BU-23 WITH AN OBSERVATION TIME OF 7AM.