000
CXUS52 KMLB 010628
CF6MLB
PRELIMINARY LOCAL CLIMATOLOGICAL DATA (WS FORM: F-6)
STATION: MELBOURNE
MONTH: OCTOBER
YEAR: 2023
LATITUDE: 28 6 N
LONGITUDE: 80 39 W
TEMPERATURE IN F: :PCPN: SNOW: WIND :SUNSHINE: SKY :PK WND
================================================================================
1 2 3 4 5 6A 6B 7 8 9 10 11 12 13 14 15 16 17 18
12Z AVG MX 2MIN
DY MAX MIN AVG DEP HDD CDD WTR SNW DPTH SPD SPD DIR MIN PSBL S-S WX SPD DR
================================================================================
1 82 74 78 -1 0 13 2.24 0.0 0 13.5 25 60 M M 9 13 34 60
2 84 76 80 1 0 15 0.09 0.0 0 16.9 24 60 M M 7 8 33 50
3 86 74 80 1 0 15 0.05 0.0 0 15.4 25 40 M M 8 18 32 60
4 85 74 80 1 0 15 0.18 0.0 0 13.8 22 70 M M 5 18 30 60
5 87 77 82 3 0 17 0.01 0.0 0 10.1 20 50 M M 3 27 50
6 87 73 80 2 0 15 0.00 0.0 0 7.3 15 40 M M 1 20 50
7 88 72 80 2 0 15 T 0.0 0 4.4 12 210 M M 6 1 15 70
8 80 71 76 -2 0 11 0.00 0.0 0 8.8 16 350 M M 3 20 360
9 81 67 74 -4 0 9 0.00 0.0 0 10.0 16 20 M M 1 23 340
10 83 71 77 -1 0 12 0.00 0.0 0 9.6 16 30 M M 4 23 50
11 86 78 82 4 0 17 0.16 0.0 0 8.8 17 130 M M 4 1 25 130
12 88 79 84 7 0 19 0.77 0.0 0 12.7 24 280 M M 7 13 37 230
13 87 78 83 6 0 18 0.01 0.0 0 7.1 13 130 M M 7 1 17 130
14 85 70 78 1 0 13 0.00 0.0 0 9.6 17 290 M M 2 24 280
15 83 64 74 -3 0 9 0.00 0.0 0 11.3 22 270 M M 1 30 280
16 74 61 68 -8 0 3 0.00 0.0 0 11.5 23 290 M M 5 29 300
17 73 53 63 -13 2 0 0.00 0.0 0 8.6 17 330 M M 0 24 320
18 79 56 68 -8 0 3 0.00 0.0 0 10.6 21 360 M M 1 27 10
19 80 60 70 -6 0 5 0.00 0.0 0 5.3 14 40 M M 1 19 60
20 83 61 72 -4 0 7 0.00 0.0 0 6.5 18 260 M M 1 24 260
21 86 66 76 1 0 11 0.00 0.0 0 9.2 16 290 M M 0 22 300
22 83 58 71 -4 0 6 0.00 0.0 0 4.2 9 280 M M 0 12 360
23 84 61 73 -2 0 8 0.00 0.0 0 9.1 20 60 M M 0 26 60
24 83 75 79 5 0 14 T 0.0 0 16.3 23 60 M M 5 33 40
25 84 72 78 4 0 13 0.01 0.0 0 15.2 25 60 M M 7 1 34 70
26 84 75 80 6 0 15 0.02 0.0 0 13.8 21 70 M M 7 27 60
27 84 71 78 4 0 13 0.00 0.0 0 10.5 20 60 M M 4 24 60
28 84 74 79 6 0 14 0.00 0.0 0 11.5 20 60 M M 1 25 60
29 84 75 80 7 0 15 0.00 0.0 0 11.6 18 60 M M 1 25 40
30 84 73 79 6 0 14 0.00 0.0 0 8.9 15 40 M M 2 21 40
31 84 65 75 3 0 10 0.00 0.0 0 9.3 18 20 M M 1 27 10
================================================================================
SM 2585 2154 2 364 3.54 0.0 321.4 M 104
================================================================================
AV 83.4 69.5 10.4 FASTST M M 3 MAX(MPH)
MISC ----> # 25 60 37 230
================================================================================
NOTES:
# LAST OF SEVERAL OCCURRENCES
COLUMN 17 PEAK WIND IN M.P.H.
PRELIMINARY LOCAL CLIMATOLOGICAL DATA (WS FORM: F-6) , PAGE 2
STATION: MELBOURNE
MONTH: OCTOBER
YEAR: 2023
LATITUDE: 28 6 N
LONGITUDE: 80 39 W
[TEMPERATURE DATA] [PRECIPITATION DATA] SYMBOLS USED IN COLUMN 16
AVERAGE MONTHLY: 76.4 TOTAL FOR MONTH: 3.54 1 = FOG OR MIST
DPTR FM NORMAL: 0.1 DPTR FM NORMAL: -1.32 2 = FOG REDUCING VISIBILITY
HIGHEST: 88 ON 12, 7 GRTST 24HR 3.05 ON 30- 1 TO 1/4 MILE OR LESS
LOWEST: 53 ON 17 3 = THUNDER
SNOW, ICE PELLETS, HAIL 4 = ICE PELLETS
TOTAL MONTH: 0.0 INCH 5 = HAIL
GRTST 24HR 0.0 6 = FREEZING RAIN OR DRIZZLE
GRTST DEPTH: 0 7 = DUSTSTORM OR SANDSTORM:
VSBY 1/2 MILE OR LESS
8 = SMOKE OR HAZE
[NO. OF DAYS WITH] [WEATHER - DAYS WITH] 9 = BLOWING SNOW
X = TORNADO
MAX 32 OR BELOW: 0 0.01 INCH OR MORE: 10
MAX 90 OR ABOVE: 0 0.10 INCH OR MORE: 4
MIN 32 OR BELOW: 0 0.50 INCH OR MORE: 2
MIN 0 OR BELOW: 0 1.00 INCH OR MORE: 1
[HDD (BASE 65) ]
TOTAL THIS MO. 2 CLEAR (SCALE 0-3) 17
DPTR FM NORMAL -3 PTCLDY (SCALE 4-7) 13
TOTAL FM JUL 1 2 CLOUDY (SCALE 8-10) 1
DPTR FM NORMAL 2
[CDD (BASE 65) ]
TOTAL THIS MO. 364
DPTR FM NORMAL 10 [PRESSURE DATA]
TOTAL FM JAN 1 3770 HIGHEST SLP M ON M
DPTR FM NORMAL 583 LOWEST SLP 29.65 ON 12
[REMARKS]
#FINAL-10-23#