000
CXUS54 KTSA 010950
CF6MLC
PRELIMINARY LOCAL CLIMATOLOGICAL DATA (WS FORM: F-6)
STATION: MCALESTER OKLAHOMA
MONTH: JANUARY
YEAR: 2022
LATITUDE: 34 52 N
LONGITUDE: 95 47 W
TEMPERATURE IN F: :PCPN: SNOW: WIND :SUNSHINE: SKY :PK WND
================================================================================
1 2 3 4 5 6A 6B 7 8 9 10 11 12 13 14 15 16 17 18
12Z AVG MX 2MIN
DY MAX MIN AVG DEP HDD CDD WTR SNW DPTH SPD SPD DIR MIN PSBL S-S WX SPD DR
================================================================================
1 60 18 39 -2 26 0 1.19 M M 10.7 25 340 M M 10 136 33 330
2 34 16 25 -16 40 0 T M M 9.5 20 340 M M 6 26 350
3 50 16 33 -8 32 0 0.00 0.0 M 4.6 15 220 M M 2 19 220
4 57 35 46 5 19 0 0.00 0.0 M 9.2 22 180 M M 2 40 190
5 48 32 40 -1 25 0 0.00 0.0 0 9.2 21 10 M M 3 28 10
6 35 19 27 -14 38 0 T M M 14.1 25 360 M M 5 35 350
7 46 18 32 -9 33 0 0.00 0.0 M 6.6 13 150 M M 4 25 160
8 60 41 51 10 14 0 T 0.0 M 10.4 16 210 M M 10 1 28 190
9 61 30 46 5 19 0 T 0.0 M 16.5 30 10 M M 6 1 47 350
10 55 20 38 -3 27 0 0.00 0.0 M 2.3 9 350 M M 1 18 40
11 59 23 41 0 24 0 0.00 0.0 M 5.4 18 220 M M 2 28 210
12 63 33 48 7 17 0 0.00 0.0 M 7.3 18 210 M M 2 25 210
13 70 29 50 9 15 0 0.00 0.0 M 3.6 14 10 M M 1 20 340
14 65 34 50 9 15 0 T 0.0 M 5.3 23 350 M M 1 31 340
15 51 25 38 -3 27 0 T M M 19.1 30 350 M M 9 1 47 340
16 45 23 34 -7 31 0 0.00 0.0 M 5.3 17 340 M M 6 24 350
17 59 21 40 -1 25 0 0.00 0.0 M 3.9 10 220 M M 2 8 17 140
18 69 47 58 17 7 0 0.00 0.0 M 10.0 18 200 M M 2 35 180
19 62 24 43 2 22 0 T M M 16.1 32 10 M M 7 M 350
20 28 17 23 -18 42 0 0.00 0.0 M 14.3 26 10 M M 5 35 340
21 40 8 24 -17 41 0 0.00 0.0 M 1.7 8 90 M M 2 11 100
22 49 14 32 -9 33 0 0.00 0.0 M 3.1 12 240 M M 2 15 210
23 62 25 44 3 21 0 0.00 M M 4.6 12 260 M M 1 17 270
24 67 27 47 5 18 0 0.00 0.0 M 5.9 18 10 M M 1 24 20
25 46 29 38 -4 27 0 0.00 0.0 M 13.1 21 360 M M 1 28 10
26 46 22 34 -8 31 0 T M M 5.1 15 20 M M 4 8 23 20
27 50 27 39 -3 26 0 0.00 0.0 M 3.2 12 350 M M 8 15 350
28 52 19 36 -6 29 0 0.00 M M 5.3 20 320 M M 1 1 28 330
29 68 22 45 3 20 0 0.00 0.0 M 7.3 22 220 M M 2 28 220
30 69 25 47 5 18 0 0.00 0.0 M 2.5 9 20 M M 1 13 20
31 70 31 51 9 14 0 0.00 0.0 M 6.3 15 200 M M 3 8 26 190
================================================================================
SM 1696 770 776 0 1.19 0.0 241.5 M 112
================================================================================
AV 54.7 24.8 7.8 FASTST M M 4 MAX(MPH)
MISC ----> 32 10 # 47 350
================================================================================
NOTES:
# LAST OF SEVERAL OCCURRENCES
COLUMN 17 PEAK WIND IN M.P.H.
PRELIMINARY LOCAL CLIMATOLOGICAL DATA (WS FORM: F-6) , PAGE 2
STATION: MCALESTER OKLAHOMA
MONTH: JANUARY
YEAR: 2022
LATITUDE: 34 52 N
LONGITUDE: 95 47 W
[TEMPERATURE DATA] [PRECIPITATION DATA] SYMBOLS USED IN COLUMN 16
AVERAGE MONTHLY: 39.8 TOTAL FOR MONTH: 1.19 1 = FOG OR MIST
DPTR FM NORMAL: -1.3 DPTR FM NORMAL: -1.04 2 = FOG REDUCING VISIBILITY
HIGHEST: 70 ON 31,13 GRTST 24HR 1.28 ON 31- 1 TO 1/4 MILE OR LESS
LOWEST: 8 ON 21 3 = THUNDER
SNOW, ICE PELLETS, HAIL 4 = ICE PELLETS
TOTAL MONTH: 0.0 INCH 5 = HAIL
GRTST 24HR 0.0 6 = FREEZING RAIN OR DRIZZLE
GRTST DEPTH: 0 7 = DUSTSTORM OR SANDSTORM:
VSBY 1/2 MILE OR LESS
8 = SMOKE OR HAZE
[NO. OF DAYS WITH] [WEATHER - DAYS WITH] 9 = BLOWING SNOW
X = TORNADO
MAX 32 OR BELOW: 1 0.01 INCH OR MORE: 1
MAX 90 OR ABOVE: 0 0.10 INCH OR MORE: 1
MIN 32 OR BELOW: 26 0.50 INCH OR MORE: 1
MIN 0 OR BELOW: 0 1.00 INCH OR MORE: 1
[HDD (BASE 65) ]
TOTAL THIS MO. 776 CLEAR (SCALE 0-3) 19
DPTR FM NORMAL 34 PTCLDY (SCALE 4-7) 8
TOTAL FM JUL 1 1579 CLOUDY (SCALE 8-10) 4
DPTR FM NORMAL -387
[CDD (BASE 65) ]
TOTAL THIS MO. 0
DPTR FM NORMAL -1 [PRESSURE DATA]
TOTAL FM JAN 1 0 HIGHEST SLP 30.73 ON 10
DPTR FM NORMAL -1 LOWEST SLP 29.54 ON 1
[REMARKS]
#FINAL-01-22#