000
CXUS55 KBOU 010900
CF6MNH
PRELIMINARY LOCAL CLIMATOLOGICAL DATA (WS FORM: F-6)
STATION: ELBERT 6W CO
MONTH: JULY
YEAR: 2022
LATITUDE: 39 13 N
LONGITUDE: 104 38 W
TEMPERATURE IN F: :PCPN: SNOW: WIND :SUNSHINE: SKY :PK WND
================================================================================
1 2 3 4 5 6A 6B 7 8 9 10 11 12 13 14 15 16 17 18
12Z AVG MX 2MIN
DY MAX MIN AVG DEP HDD CDD WTR SNW DPTH SPD SPD DIR MIN PSBL S-S WX SPD DR
================================================================================
1 75 48 62 M 3 0 M M M 7.1 16 180 M M 2 20 190
2 81 46 64 M 1 0 M M M 6.1 13 200 M M 2 23 200
3 82 54 68 M 0 3 M M M 9.5 15 210 M M 3 27 30
4 82 57 70 M 0 5 M M M 6.6 14 90 M M 1 20 220
5 82 54 68 M 0 3 M M M 6.5 23 150 M M 2 3 28 150
6 77 54 66 M 0 1 M M M 7.2 18 110 M M 6 3 33 110
7 79 54 67 M 0 2 M M M 8.8 14 20 M M 2 3 23 150
8 81 54 68 M 0 3 M M M 10.9 21 150 M M 1 24 150
9 82 55 69 M 0 4 M M M 9.9 17 170 M M 1 28 0
10 72 59 66 M 0 1 M M M 10.1 26 250 M M 1 38 250
11 70 54 62 M 3 0 M M M 9.3 15 330 M M 3 22 330
12 81 55 68 M 0 3 M M M 13.9 21 170 M M 1 28 170
13 79 55 67 M 0 2 M M M 8.4 14 300 M M 1 31 10
14 84 55 70 M 0 5 M M M 8.7 25 230 M M 2 33 230
15 82 57 70 M 0 5 M M M 6.7 16 300 M M 4 3 26 300
16 82 55 69 M 0 4 M M M 6.8 15 340 M M 3 3 23 300
17 86 52 69 M 0 4 M M M 9.0 18 150 M M 2 26 140
18 82 61 72 M 0 7 M M M 8.1 15 170 M M 1 23 160
19 84 61 73 M 0 8 M M M 9.0 17 190 M M 2 26 110
20 82 57 70 M 0 5 M M M 9.8 17 140 M M 2 25 140
21 88 55 72 M 0 7 M M M 7.1 13 210 M M 1 21 40
22 88 55 72 M 0 7 M M M 7.2 17 210 M M 1 3 29 30
23 90 57 74 M 0 9 M M M 8.9 18 300 M M 3 31 300
24 81 54 68 M 0 3 M M M 9.4 17 150 M M 4 24 140
25 79 55 67 M 0 2 M M M 10.3 22 180 M M 3 29 180
26 81 55 68 M 0 3 M M M 11.9 20 30 M M 3 3 29 240
27 82 55 69 M 0 4 M M M 10.0 27 300 M M 3 3 33 300
28 68 52 60 M 5 0 M M M 9.5 15 150 M M 6 23 40
29 73 54 64 M 1 0 M M M 7.1 17 130 M M 6 23 130
30 81 50 66 M 0 1 M M M 6.7 12 180 M M 0 16 40
31 81 55 68 M 0 3 M M M 7.1 21 250 M M 2 25 250
================================================================================
SM 2497 1694 13 104 M M 267.8 M 74
================================================================================
AV 80.5 54.6 8.6 FASTST M M 2 MAX(MPH)
MISC ----> 27 300 38 250
================================================================================
NOTES:
# LAST OF SEVERAL OCCURRENCES
COLUMN 17 PEAK WIND IN M.P.H.
PRELIMINARY LOCAL CLIMATOLOGICAL DATA (WS FORM: F-6) , PAGE 2
STATION: ELBERT 6W CO
MONTH: JULY
YEAR: 2022
LATITUDE: 39 13 N
LONGITUDE: 104 38 W
[TEMPERATURE DATA] [PRECIPITATION DATA] SYMBOLS USED IN COLUMN 16
AVERAGE MONTHLY: 67.6 TOTAL FOR MONTH: M 1 = FOG OR MIST
DPTR FM NORMAL: 0.0 DPTR FM NORMAL: M 2 = FOG REDUCING VISIBILITY
HIGHEST: 90 ON 23 GRTST 24HR M ON M TO 1/4 MILE OR LESS
LOWEST: 46 ON 2 3 = THUNDER
SNOW, ICE PELLETS, HAIL 4 = ICE PELLETS
TOTAL MONTH: M 5 = HAIL
GRTST 24HR M ON M 6 = FREEZING RAIN OR DRIZZLE
GRTST DEPTH: M ON M 7 = DUSTSTORM OR SANDSTORM:
VSBY 1/2 MILE OR LESS
8 = SMOKE OR HAZE
[NO. OF DAYS WITH] [WEATHER - DAYS WITH] 9 = BLOWING SNOW
X = TORNADO
MAX 32 OR BELOW: 0 0.01 INCH OR MORE: 0
MAX 90 OR ABOVE: 1 0.10 INCH OR MORE: 0
MIN 32 OR BELOW: 0 0.50 INCH OR MORE: 0
MIN 0 OR BELOW: 0 1.00 INCH OR MORE: 0
[HDD (BASE 65) ]
TOTAL THIS MO. 13 CLEAR (SCALE 0-3) 25
DPTR FM NORMAL M PTCLDY (SCALE 4-7) 6
TOTAL FM JUL 1 13 CLOUDY (SCALE 8-10) 0
DPTR FM NORMAL M
[CDD (BASE 65) ]
TOTAL THIS MO. 104
DPTR FM NORMAL M [PRESSURE DATA]
TOTAL FM JAN 1 148 HIGHEST SLP M ON M
DPTR FM NORMAL M LOWEST SLP M ON M
[REMARKS]
#FINAL-07-22#