000
CXUS56 KSTO 102242
CF6MOD
PRELIMINARY LOCAL CLIMATOLOGICAL DATA (WS FORM: F-6)
STATION: MODESTO CA
MONTH: JULY
YEAR: 2021
LATITUDE: 37 37 N
LONGITUDE: 120 57 W
TEMPERATURE IN F: :PCPN: SNOW: WIND :SUNSHINE: SKY :PK WND
================================================================================
1 2 3 4 5 6A 6B 7 8 9 10 11 12 13 14 15 16 17 18
12Z AVG MX 2MIN
DY MAX MIN AVG DEP HDD CDD WTR SNW DPTH SPD SPD DIR MIN PSBL S-S WX SPD DR
================================================================================
1 92 62 77 -1 0 12 0.00 M M 8.9 15 330 M M 0 20 340
2 93 62 78 0 0 13 0.00 M M 9.4 16 320 M M 0 20 330
3 94 61 78 0 0 13 0.00 M M 8.5 16 330 M M 0 8 20 320
4 92 61 77 -1 0 12 0.00 M M 8.5 15 330 M M 0 19 320
5 93 59 76 -2 0 11 0.00 0.0 M 9.4 16 330 M M 0 21 330
6 92 59 76 -2 0 11 0.00 0.0 M 10.7 17 300 M M 0 22 320
7 93 60 77 -1 0 12 0.00 M M 9.2 15 290 M M 0 20 320
8 100 61 81 2 0 16 0.00 0.0 M 6.9 13 320 M M 0 17 320
9 106 73 90 11 0 25 0.00 0.0 M 7.7 18 340 M M 0 23 330
10 108 75 92 13 0 27 0.00 0.0 M 9.2 17 320 M M 0 23 340
11 105 74 90 11 0 25 0.00 0.0 M 9.0 20 340 M M 0 28 300
12 96 64 80 1 0 15 0.00 0.0 M 10.9 17 330 M M 0 20 320
13 91 60 76 -3 0 11 0.00 M M 8.2 15 330 M M 0 18 330
14 91 56 74 -5 0 9 0.00 M M 8.3 15 330 M M 0 17 330
15 90 58 74 -5 0 9 0.00 0.0 M 8.3 16 330 M M 0 22 360
16 90 57 74 -5 0 9 0.00 M M 7.3 14 330 M M 0 8 19 300
17 95 62 79 0 0 14 0.00 0.0 M 7.2 18 320 M M 0 21 320
18 99 66 83 4 0 18 0.00 0.0 M 5.9 14 320 M M 0 17 330
19 101 70 86 7 0 21 0.00 0.0 M 7.0 16 330 M M 0 21 320
20 95 67 81 2 0 16 0.00 0.0 M 9.3 21 320 M M 0 26 310
21 94 64 79 0 0 14 0.00 M M 8.1 17 320 M M 0 20 320
22 95 63 79 0 0 14 0.00 M M 8.2 16 320 M M 0 19 330
23 98 62 80 1 0 15 0.00 0.0 M 7.0 13 320 M M 0 16 330
24 98 66 82 3 0 17 0.00 0.0 M 8.0 15 320 M M 0 21 320
25 98 67 83 4 0 18 0.00 0.0 M 9.3 17 330 M M 0 23 300
26 92 68 80 1 0 15 0.00 0.0 M 7.0 13 320 M M 0 15 360
27 96 67 82 3 0 17 0.00 0.0 M 12.3 20 290 M M 0 24 320
28 99 69 84 5 0 19 0.00 M M 10.0 18 300 M M 0 8 23 310
29 101 71 86 7 0 21 0.00 M M 8.0 20 310 M M 0 23 310
30 103 72 88 9 0 23 0.00 M M 8.5 17 330 M M 0 20 320
31 96 69 83 4 0 18 0.00 M M 7.3 16 340 M M 0 20 330
================================================================================
SM 2986 2005 0 490 0.00 0.0 263.5 M 0
================================================================================
AV 96.3 64.7 8.5 FASTST M M 0 MAX(MPH)
MISC ----> 21 320 28 300
================================================================================
NOTES:
# LAST OF SEVERAL OCCURRENCES
COLUMN 17 PEAK WIND IN M.P.H.
PRELIMINARY LOCAL CLIMATOLOGICAL DATA (WS FORM: F-6) , PAGE 2
STATION: MODESTO CA
MONTH: JULY
YEAR: 2021
LATITUDE: 37 37 N
LONGITUDE: 120 57 W
[TEMPERATURE DATA] [PRECIPITATION DATA] SYMBOLS USED IN COLUMN 16
AVERAGE MONTHLY: 80.5 TOTAL FOR MONTH: 0.00 1 = FOG OR MIST
DPTR FM NORMAL: 1.7 DPTR FM NORMAL: 0.00 2 = FOG REDUCING VISIBILITY
HIGHEST: 108 ON 10 GRTST 24HR 0.00 ON 1- 1 TO 1/4 MILE OR LESS
LOWEST: 56 ON 14 3 = THUNDER
SNOW, ICE PELLETS, HAIL 4 = ICE PELLETS
TOTAL MONTH: 0.0 INCH 5 = HAIL
GRTST 24HR 0.0 6 = FREEZING RAIN OR DRIZZLE
GRTST DEPTH: M ON M 7 = DUSTSTORM OR SANDSTORM:
VSBY 1/2 MILE OR LESS
8 = SMOKE OR HAZE
[NO. OF DAYS WITH] [WEATHER - DAYS WITH] 9 = BLOWING SNOW
X = TORNADO
MAX 32 OR BELOW: 0 0.01 INCH OR MORE: 0
MAX 90 OR ABOVE: 31 0.10 INCH OR MORE: 0
MIN 32 OR BELOW: 0 0.50 INCH OR MORE: 0
MIN 0 OR BELOW: 0 1.00 INCH OR MORE: 0
[HDD (BASE 65) ]
TOTAL THIS MO. 0 CLEAR (SCALE 0-3) 31
DPTR FM NORMAL 0 PTCLDY (SCALE 4-7) 0
TOTAL FM JUL 1 0 CLOUDY (SCALE 8-10) 0
DPTR FM NORMAL 0
[CDD (BASE 65) ]
TOTAL THIS MO. 490
DPTR FM NORMAL 61 [PRESSURE DATA]
TOTAL FM JAN 1 998 HIGHEST SLP 29.98 ON 28
DPTR FM NORMAL 116 LOWEST SLP 29.71 ON 11
[REMARKS]
#FINAL-07-21#