000
CXUS53 KBIS 010930
CF6MOT
PRELIMINARY LOCAL CLIMATOLOGICAL DATA (WS FORM: F-6)
STATION: MINOT ND
MONTH: JANUARY
YEAR: 2024
LATITUDE: 48 15 N
LONGITUDE: 101 16 W
TEMPERATURE IN F: :PCPN: SNOW: WIND :SUNSHINE: SKY :PK WND
================================================================================
1 2 3 4 5 6A 6B 7 8 9 10 11 12 13 14 15 16 17 18
12Z AVG MX 2MIN
DY MAX MIN AVG DEP HDD CDD WTR SNW DPTH SPD SPD DIR MIN PSBL S-S WX SPD DR
================================================================================
1 43 21 32 17 33 0 T M M 14.6 23 280 M M 1 33 280
2 34 17 26 12 39 0 0.00 M M 11.1 17 350 M M 4 23 280
3 21 15 18 4 47 0 T M M 5.9 15 340 M M 9 19 360
4 26 17 22 8 43 0 0.00 M M 11.8 21 180 M M 10 8 30 170
5 25 21 23 9 42 0 M M M 3.1 10 310 M M 10 18 13 310
6 22 8 15 1 50 0 M M M 6.9 15 310 M M 10 18 19 310
7 19 5 12 -2 53 0 M M M 9.8 15 80 M M 10 1 20 90
8 15 -7 4 -10 61 0 M M M 5.4 12 300 M M 7 18 15 50
9 24 -10 7 -7 58 0 M M M 5.4 13 170 M M 3 18 20 190
10 24 -4 10 -4 55 0 M M M 19.2 33 290 M M 4 89 44 280
11 -1 -13 -7 -21 72 0 T M M 15.5 25 290 M M 3 89 31 290
12 -10 -20 -15 -29 80 0 M M M 17.3 29 290 M M 8 89 35 300
13 -19 -26 -22 -36 87 0 M M M 22.4 30 280 M M 9 9 38 290
14 -10 -25 -17 -31 82 0 M M M 17.3 23 270 M M 1 9 30 290
15 -6 -17 -11 -25 76 0 0.00 M M 26.2 36 260 M M 2 89 48 260
16 6 -11 -2 -16 67 0 0.00 M M 18.1 28 260 M M 0 9 37 270
17 2 -5 -1 -15 66 0 0.00 M M 13.1 22 290 M M 3 28 310
18 2 -6 -2 -16 67 0 0.00 M M 19.2 32 280 M M 6 8 42 260
19 6 -7 0 -14 65 0 T M M 12.7 26 290 M M 9 8 34 280
20 15 -10 3 -11 62 0 0.00 M M 13.9 26 170 M M 8 18 36 160
21 24 14 19 5 46 0 T M M 6.5 18 170 M M 7 1 23 180
22 18 13 16 2 49 0 T M M 10.2 16 100 M M 10 18 22 100
23 27 13 20 6 45 0 0.00 M M 13.6 23 170 M M M 1 29 170
24 30 11 21 7 44 0 0.00 M M 8.5 16 190 M M M 22 190
25 24 8 16 2 49 0 0.00 M M 4.0 12 200 M M M 12 22 190
26 38 14 26 12 39 0 0.00 M M 10.0 18 240 M M M 23 240
27 40 19 30 16 35 0 0.00 M M 6.9 17 230 M M 0 24 210
28 44 29 37 23 28 0 0.00 M M 11.7 21 250 M M 0 28 240
29 47 31 39 25 26 0 0.00 M M 12.9 22 290 M M 0 28 300
30 50 27 39 25 26 0 0.00 M M 11.8 22 230 M M 0 1 29 230
31 57 28 43 29 22 0 0.00 M M 5.3 16 270 M M 0 22 260
================================================================================
SM 637 150 1614 0 T M 370.3 M 134
================================================================================
AV 20.5 4.8 11.9 FASTST M M 5 MAX(MPH)
MISC ----> 36 260 48 260
================================================================================
NOTES:
# LAST OF SEVERAL OCCURRENCES
COLUMN 17 PEAK WIND IN M.P.H.
PRELIMINARY LOCAL CLIMATOLOGICAL DATA (WS FORM: F-6) , PAGE 2
STATION: MINOT ND
MONTH: JANUARY
YEAR: 2024
LATITUDE: 48 15 N
LONGITUDE: 101 16 W
[TEMPERATURE DATA] [PRECIPITATION DATA] SYMBOLS USED IN COLUMN 16
AVERAGE MONTHLY: 12.7 TOTAL FOR MONTH: T 1 = FOG OR MIST
DPTR FM NORMAL: -1.1 DPTR FM NORMAL: -0.28 2 = FOG REDUCING VISIBILITY
HIGHEST: 57 ON 31 GRTST 24HR 0.01 ON 21-21 TO 1/4 MILE OR LESS
LOWEST: -26 ON 13 3 = THUNDER
SNOW, ICE PELLETS, HAIL 4 = ICE PELLETS
TOTAL MONTH: M 5 = HAIL
GRTST 24HR M ON M 6 = FREEZING RAIN OR DRIZZLE
GRTST DEPTH: M ON M 7 = DUSTSTORM OR SANDSTORM:
VSBY 1/2 MILE OR LESS
8 = SMOKE OR HAZE
[NO. OF DAYS WITH] [WEATHER - DAYS WITH] 9 = BLOWING SNOW
X = TORNADO
MAX 32 OR BELOW: 23 0.01 INCH OR MORE: 0
MAX 90 OR ABOVE: 0 0.10 INCH OR MORE: 0
MIN 32 OR BELOW: 31 0.50 INCH OR MORE: 0
MIN 0 OR BELOW: 13 1.00 INCH OR MORE: 0
[HDD (BASE 65) ]
TOTAL THIS MO. 1614 CLEAR (SCALE 0-3) 12
DPTR FM NORMAL 28 PTCLDY (SCALE 4-7) 6
TOTAL FM JUL 1 4567 CLOUDY (SCALE 8-10) 13
DPTR FM NORMAL -353
[CDD (BASE 65) ]
TOTAL THIS MO. 0
DPTR FM NORMAL 0 [PRESSURE DATA]
TOTAL FM JAN 1 0 HIGHEST SLP 30.67 ON 19
DPTR FM NORMAL 0 LOWEST SLP 29.25 ON 10
[REMARKS]
#FINAL-01-24#