000
CXUS51 KPHI 010915
CF6MPO
PRELIMINARY LOCAL CLIMATOLOGICAL DATA (WS FORM: F-6)
STATION: MOUNT POCONO PA
MONTH: OCTOBER
YEAR: 2020
LATITUDE: 41 8 N
LONGITUDE: 75 24 W
TEMPERATURE IN F: :PCPN: SNOW: WIND :SUNSHINE: SKY :PK WND
================================================================================
1 2 3 4 5 6A 6B 7 8 9 10 11 12 13 14 15 16 17 18
12Z AVG MX 2MIN
DY MAX MIN AVG DEP HDD CDD WTR SNW DPTH SPD SPD DIR MIN PSBL S-S WX SPD DR
================================================================================
1 62 43 53 0 12 0 0.00 M M 7.8 18 270 M M 2 24 270
2 59 39 49 -3 16 0 0.04 M M 7.1 18 250 M M 6 23 240
3 57 36 47 -5 18 0 0.00 M M 5.4 14 310 M M 1 22 270
4 57 34 46 -6 19 0 0.00 M M 3.5 12 120 M M 2 17 140
5 58 39 49 -2 16 0 0.00 M M 1.7 9 310 M M 8 1 12 290
6 61 36 49 -2 16 0 0.00 M M 6.5 17 200 M M 2 1 22 210
7 67 50 59 8 6 0 T M M 14.9 36 270 M M 2 49 270
8 55 35 45 -5 20 0 0.00 M M 11.8 25 320 M M 4 36 320
9 64 34 49 -1 16 0 0.00 M M 7.8 22 270 M M 1 31 250
10 72 50 61 11 4 0 0.00 M M 11.3 20 250 M M 0 26 250
11 61 47 54 4 11 0 0.10 M M 7.4 14 340 M M 8 1 20 340
12 47 41 44 -5 21 0 0.66 M M 11.8 17 80 M M 10 1 27 70
13 56 45 51 2 14 0 0.03 M M 9.7 20 310 M M 8 1 26 320
14 63 40 52 3 13 0 0.00 M M 8.6 20 300 M M 0 24 260
15 68 52 60 12 5 0 0.00 M M 9.3 22 190 M M 1 31 170
16 58 41 50 2 15 0 0.08 M M 9.8 20 310 M M 10 26 300
17 52 30 41 -7 24 0 0.00 M M 7.9 20 310 M M 0 26 300
18 56 28 42 -6 23 0 0.00 M M 7.5 22 150 M M 2 31 130
19 56 49 53 6 12 0 T M M 6.7 13 160 M M 10 1 19 160
20 65 52 59 12 6 0 0.00 M M 5.0 14 210 M M 7 1 17 170
21 63 56 60 13 5 0 0.00 M M 6.7 16 200 M M 10 12 21 210
22 71 54 63 17 2 0 0.00 M M 5.3 13 150 M M 8 12 16 150
23 62 58 60 14 5 0 0.00 M M 6.7 13 200 M M 10 12 18 190
24 60 37 49 3 16 0 T M M 14.8 26 320 M M 6 1 32 300
25 45 34 40 -6 25 0 0.08 M M 8.7 23 330 M M 5 1 29 330
26 53 37 45 -1 20 0 0.19 M M 6.5 14 270 M M 10 1 17 260
27 52 42 47 2 18 0 0.00 M M 7.5 21 320 M M 9 1 24 310
28 52 42 47 2 18 0 0.20 M M 7.5 20 260 M M 9 1 26 270
29 45 40 43 -2 22 0 1.48 M M 7.5 17 50 M M 9 1 27 70
30 41 28 35 -9 30 0 0.24 M M 12.4 23 320 M M 7 1 30 320
31 39 22 31 -13 34 0 0.00 M M 5.7 15 300 M M 3 17 300
================================================================================
SM 1777 1271 482 0 3.10 M 250.8 M 170
================================================================================
AV 57.3 41.0 8.1 FASTST M M 5 MAX(MPH)
MISC ----> 36 270 49 270
================================================================================
NOTES:
# LAST OF SEVERAL OCCURRENCES
COLUMN 17 PEAK WIND IN M.P.H.
PRELIMINARY LOCAL CLIMATOLOGICAL DATA (WS FORM: F-6) , PAGE 2
STATION: MOUNT POCONO PA
MONTH: OCTOBER
YEAR: 2020
LATITUDE: 41 8 N
LONGITUDE: 75 24 W
[TEMPERATURE DATA] [PRECIPITATION DATA] SYMBOLS USED IN COLUMN 16
AVERAGE MONTHLY: 49.2 TOTAL FOR MONTH: 3.10 1 = FOG OR MIST
DPTR FM NORMAL: 1.0 DPTR FM NORMAL: -0.86 2 = FOG REDUCING VISIBILITY
HIGHEST: 72 ON 10 GRTST 24HR 1.65 ON 29-30 TO 1/4 MILE OR LESS
LOWEST: 22 ON 31 3 = THUNDER
SNOW, ICE PELLETS, HAIL 4 = ICE PELLETS
TOTAL MONTH: M 5 = HAIL
GRTST 24HR M ON M 6 = FREEZING RAIN OR DRIZZLE
GRTST DEPTH: M ON M 7 = DUSTSTORM OR SANDSTORM:
VSBY 1/2 MILE OR LESS
8 = SMOKE OR HAZE
[NO. OF DAYS WITH] [WEATHER - DAYS WITH] 9 = BLOWING SNOW
X = TORNADO
MAX 32 OR BELOW: 0 0.01 INCH OR MORE: 10
MAX 90 OR ABOVE: 0 0.10 INCH OR MORE: 6
MIN 32 OR BELOW: 4 0.50 INCH OR MORE: 2
MIN 0 OR BELOW: 0 1.00 INCH OR MORE: 1
[HDD (BASE 65) ]
TOTAL THIS MO. 482 CLEAR (SCALE 0-3) 12
DPTR FM NORMAL -38 PTCLDY (SCALE 4-7) 9
TOTAL FM JUL 1 708 CLOUDY (SCALE 8-10) 10
DPTR FM NORMAL -81
[CDD (BASE 65) ]
TOTAL THIS MO. 0
DPTR FM NORMAL -1 [PRESSURE DATA]
TOTAL FM JAN 1 424 HIGHEST SLP 30.53 ON 31
DPTR FM NORMAL 110 LOWEST SLP 29.57 ON 29
[REMARKS]
#FINAL-10-20#