000
CXUS51 KBTV 010700
CF6MPV
PRELIMINARY LOCAL CLIMATOLOGICAL DATA (WS FORM: F-6)
STATION: MONTPELIER VT
MONTH: MARCH
YEAR: 2023
LATITUDE: 44 12 N
LONGITUDE: 72 34 W
TEMPERATURE IN F: :PCPN: SNOW: WIND :SUNSHINE: SKY :PK WND
================================================================================
1 2 3 4 5 6A 6B 7 8 9 10 11 12 13 14 15 16 17 18
12Z AVG MX 2MIN
DY MAX MIN AVG DEP HDD CDD WTR SNW DPTH SPD SPD DIR MIN PSBL S-S WX SPD DR
================================================================================
1 37 26 32 9 33 0 T M M 6.7 18 160 M M 8 24 280
2 35 29 32 9 33 0 0.09 M M 8.6 23 310 M M 10 1 32 300
3 36 20 28 5 37 0 T M M 5.3 28 180 M M 5 1 36 180
4 33 27 30 6 35 0 0.48 M M 4.0 16 150 M M 10 12 22 160
5 34 28 31 7 34 0 T M M 6.9 21 300 M M 9 1 31 310
6 36 28 32 8 33 0 T M M 15.5 28 310 M M 0 40 310
7 29 21 25 0 40 0 T M M 11.3 21 320 M M 8 28 320
8 31 21 26 1 39 0 T M M 10.7 17 310 M M 10 1 23 310
9 33 25 29 4 36 0 0.00 M M 6.8 13 360 M M 10 17 310
10 40 13 27 1 38 0 M M M 1.8 7 340 M M 0 9 120
11 38 21 30 4 35 0 0.00 M M 3.4 13 360 M M 2 18 350
12 45 12 29 3 36 0 0.00 M M 2.3 12 160 M M 0 14 160
13 40 31 36 9 29 0 0.11 M M 6.4 18 160 M M 8 1 23 170
14 32 29 31 4 34 0 0.35 M M 9.5 20 350 M M 10 12 31 330
15 31 28 30 3 35 0 0.01 M M 12.1 20 310 M M 9 1 30 350
16 34 23 29 1 36 0 T M M 5.5 15 320 M M 7 1 23 310
17 42 30 36 8 29 0 0.04 M M 5.8 22 170 M M 10 1 29 160
18 42 26 34 6 31 0 T M M 5.8 14 320 M M 9 23 320
19 30 16 23 -6 42 0 T M M 10.7 23 310 M M 6 18 32 290
20 42 16 29 0 36 0 T M M 7.4 17 280 M M 2 24 290
21 46 26 36 6 29 0 T M M 5.7 16 300 M M 6 22 290
22 50 20 35 5 30 0 T M M 3.8 10 150 M M 3 18 M M
23 45 38 42 12 23 0 0.15 M M 4.6 12 280 M M 10 12 M M
24 39 26 33 2 32 0 0.01 M M 8.1 16 310 M M 6 1 24 310
25 35 20 28 -3 37 0 0.11 M M 6.9 21 160 M M 5 16 26 150
26 39 33 36 5 29 0 0.02 M M 8.1 22 290 M M 10 1 32 290
27 44 25 35 3 30 0 T M M 4.2 12 330 M M 4 15 330
28 39 24 32 0 33 0 0.00 M M 4.2 16 340 M M 7 23 340
29 46 18 32 -1 33 0 0.08 M M 5.4 22 230 M M 1 1 31 230
30 30 17 24 -9 41 0 T M M 11.8 24 300 M M 6 8 37 350
31 40 15 28 -6 37 0 0.23 M M 5.4 18 170 M M 5 128 23 150
================================================================================
SM 1173 732 1055 0 1.68 M 214.7 M 196
================================================================================
AV 37.8 23.6 6.9 FASTST M M 6 MAX(MPH)
MISC ----> # 28 180 40 310
================================================================================
NOTES:
# LAST OF SEVERAL OCCURRENCES
COLUMN 17 PEAK WIND IN M.P.H.
PRELIMINARY LOCAL CLIMATOLOGICAL DATA (WS FORM: F-6) , PAGE 2
STATION: MONTPELIER VT
MONTH: MARCH
YEAR: 2023
LATITUDE: 44 12 N
LONGITUDE: 72 34 W
[TEMPERATURE DATA] [PRECIPITATION DATA] SYMBOLS USED IN COLUMN 16
AVERAGE MONTHLY: 30.7 TOTAL FOR MONTH: 1.68 1 = FOG OR MIST
DPTR FM NORMAL: 2.8 DPTR FM NORMAL: -0.81 2 = FOG REDUCING VISIBILITY
HIGHEST: 50 ON 22 GRTST 24HR 0.48 ON 3- 4 TO 1/4 MILE OR LESS
LOWEST: 12 ON 12 3 = THUNDER
SNOW, ICE PELLETS, HAIL 4 = ICE PELLETS
TOTAL MONTH: M 5 = HAIL
GRTST 24HR M ON M 6 = FREEZING RAIN OR DRIZZLE
GRTST DEPTH: M ON M 7 = DUSTSTORM OR SANDSTORM:
VSBY 1/2 MILE OR LESS
8 = SMOKE OR HAZE
[NO. OF DAYS WITH] [WEATHER - DAYS WITH] 9 = BLOWING SNOW
X = TORNADO
MAX 32 OR BELOW: 6 0.01 INCH OR MORE: 12
MAX 90 OR ABOVE: 0 0.10 INCH OR MORE: 6
MIN 32 OR BELOW: 29 0.50 INCH OR MORE: 0
MIN 0 OR BELOW: 0 1.00 INCH OR MORE: 0
[HDD (BASE 65) ]
TOTAL THIS MO. 1055 CLEAR (SCALE 0-3) 7
DPTR FM NORMAL -97 PTCLDY (SCALE 4-7) 12
TOTAL FM JUL 1 5753 CLOUDY (SCALE 8-10) 12
DPTR FM NORMAL -1369
[CDD (BASE 65) ]
TOTAL THIS MO. 0
DPTR FM NORMAL 0 [PRESSURE DATA]
TOTAL FM JAN 1 0 HIGHEST SLP M ON M
DPTR FM NORMAL 0 LOWEST SLP 29.54 ON 17
[REMARKS]
#FINAL-03-23#