000
CXUS51 KBTV 010800
CF6MPV
PRELIMINARY LOCAL CLIMATOLOGICAL DATA (WS FORM: F-6)
STATION: MONTPELIER VT
MONTH: FEBRUARY
YEAR: 2022
LATITUDE: 44 12 N
LONGITUDE: 72 34 W
TEMPERATURE IN F: :PCPN: SNOW: WIND :SUNSHINE: SKY :PK WND
================================================================================
1 2 3 4 5 6A 6B 7 8 9 10 11 12 13 14 15 16 17 18
12Z AVG MX 2MIN
DY MAX MIN AVG DEP HDD CDD WTR SNW DPTH SPD SPD DIR MIN PSBL S-S WX SPD DR
================================================================================
1 31 -1 15 -1 50 0 T M M 7.8 22 180 M M 2 1 28 170
2 44 29 37 21 28 0 0.00 M M 9.5 20 160 M M 3 27 160
3 42 21 32 16 33 0 0.58 M M 6.7 13 180 M M 10 12 17 360
4 21 9 15 -2 50 0 0.68 M M 7.1 12 340 M M 10 128 15 340
5 14 -7 4 -13 61 0 T M M 9.0 23 320 M M 6 8 34 310
6 22 -11 6 -11 59 0 0.00 M M 4.7 16 170 M M 2 23 150
7 36 12 24 7 41 0 T M M 4.0 14 160 M M 6 18 17 160
8 38 29 34 17 31 0 T M M 6.0 18 310 M M 10 18 27 310
9 41 17 29 12 36 0 0.00 M M 7.3 16 180 M M 2 22 160
10 40 31 36 18 29 0 0.03 M M 7.6 16 250 M M 9 18 30 230
11 48 33 41 23 24 0 0.00 M M 9.1 22 180 M M 7 29 170
12 50 16 33 15 32 0 0.00 M M 12.1 22 260 M M 9 34 240
13 21 9 15 -3 50 0 T M M 6.0 13 320 M M 4 17 310
14 11 3 7 -11 58 0 T M M 8.5 22 300 M M 7 8 28 280
15 20 -3 9 -10 56 0 T M M 4.6 22 320 M M 4 8 30 320
16 39 -3 18 -1 47 0 0.00 M M 9.0 23 170 M M 3 8 31 150
17 55 39 47 28 18 0 0.18 M M 11.2 21 200 M M 10 1 34 200
18 52 7 30 10 35 0 0.28 M M 13.3 32 300 M M 8 168 45 310
19 29 5 17 -3 48 0 0.02 M M 11.4 28 310 M M 7 128 39 310
20 31 2 17 -3 48 0 T M M 10.7 22 310 M M 4 8 29 310
21 45 30 38 18 27 0 M M M 4.3 17 180 M M 9 21 220
22 47 27 37 16 28 0 0.28 M M 8.5 24 170 M M 6 1 33 170
23 59 11 35 14 30 0 T M M 14.9 30 320 M M 7 42 300
24 23 8 16 -5 49 0 T M M 5.3 16 330 M M 1 25 360
25 19 7 13 -9 52 0 0.46 M M 4.5 15 280 M M 9 128 21 290
26 25 -2 12 -10 53 0 T M M 3.7 13 240 M M 4 19 240
27 32 14 23 1 42 0 T M M 10.9 30 320 M M 9 128 42 310
28 16 -2 7 -15 58 0 T M M 7.8 20 320 M M 3 89 28 310
================================================================================
SM 951 330 1173 0 2.51 M 225.5 M 171
================================================================================
AV 34.0 11.8 8.1 FASTST M M 6 MAX(MPH)
MISC ----> 32 300 45 310
================================================================================
NOTES:
# LAST OF SEVERAL OCCURRENCES
COLUMN 17 PEAK WIND IN M.P.H.
PRELIMINARY LOCAL CLIMATOLOGICAL DATA (WS FORM: F-6) , PAGE 2
STATION: MONTPELIER VT
MONTH: FEBRUARY
YEAR: 2022
LATITUDE: 44 12 N
LONGITUDE: 72 34 W
[TEMPERATURE DATA] [PRECIPITATION DATA] SYMBOLS USED IN COLUMN 16
AVERAGE MONTHLY: 22.9 TOTAL FOR MONTH: 2.51 1 = FOG OR MIST
DPTR FM NORMAL: 4.0 DPTR FM NORMAL: 0.45 2 = FOG REDUCING VISIBILITY
HIGHEST: 59 ON 23 GRTST 24HR 1.17 ON 3- 4 TO 1/4 MILE OR LESS
LOWEST: -11 ON 6 3 = THUNDER
SNOW, ICE PELLETS, HAIL 4 = ICE PELLETS
TOTAL MONTH: M 5 = HAIL
GRTST 24HR M ON M 6 = FREEZING RAIN OR DRIZZLE
GRTST DEPTH: M ON M 7 = DUSTSTORM OR SANDSTORM:
VSBY 1/2 MILE OR LESS
8 = SMOKE OR HAZE
[NO. OF DAYS WITH] [WEATHER - DAYS WITH] 9 = BLOWING SNOW
X = TORNADO
MAX 32 OR BELOW: 14 0.01 INCH OR MORE: 8
MAX 90 OR ABOVE: 0 0.10 INCH OR MORE: 6
MIN 32 OR BELOW: 26 0.50 INCH OR MORE: 2
MIN 0 OR BELOW: 7 1.00 INCH OR MORE: 0
[HDD (BASE 65) ]
TOTAL THIS MO. 1173 CLEAR (SCALE 0-3) 6
DPTR FM NORMAL -118 PTCLDY (SCALE 4-7) 12
TOTAL FM JUL 1 5287 CLOUDY (SCALE 8-10) 10
DPTR FM NORMAL -681
[CDD (BASE 65) ]
TOTAL THIS MO. 0
DPTR FM NORMAL 0 [PRESSURE DATA]
TOTAL FM JAN 1 0 HIGHEST SLP 30.76 ON 16
DPTR FM NORMAL 0 LOWEST SLP 29.12 ON 18
[REMARKS]
#FINAL-02-22#