000
CXUS51 KBTV 010700
CF6MPV
PRELIMINARY LOCAL CLIMATOLOGICAL DATA (WS FORM: F-6)
STATION: MONTPELIER VT
MONTH: APRIL
YEAR: 2020
LATITUDE: 44 12 N
LONGITUDE: 72 34 W
TEMPERATURE IN F: :PCPN: SNOW: WIND :SUNSHINE: SKY :PK WND
================================================================================
1 2 3 4 5 6A 6B 7 8 9 10 11 12 13 14 15 16 17 18
12Z AVG MX 2MIN
DY MAX MIN AVG DEP HDD CDD WTR SNW DPTH SPD SPD DIR MIN PSBL S-S WX SPD DR
================================================================================
1 47 21 34 -2 31 0 0.00 M M 6.1 17 350 M M 5 22 350
2 39 32 36 0 29 0 0.25 M M 10.2 20 310 M M 10 1 26 310
3 51 34 43 6 22 0 0.07 M M 7.5 21 50 M M 10 1 30 50
4 54 32 43 6 22 0 0.00 M M 3.4 13 310 M M 7 16 320
5 54 31 43 5 22 0 0.04 M M 5.0 18 310 M M 9 1 26 310
6 53 30 42 4 23 0 0.00 M M 7.6 20 300 M M 2 30 290
7 54 28 41 2 24 0 0.00 M M 5.1 21 310 M M 1 30 300
8 53 30 42 3 23 0 0.00 M M 3.4 16 310 M M 6 23 310
9 43 33 38 -2 27 0 1.00 M M 7.3 22 300 M M 9 1 31 300
10 36 32 34 -6 31 0 0.03 M M 11.1 24 310 M M 10 1 32 310
11 40 28 34 -6 31 0 T M M 11.8 23 300 M M 8 1 32 310
12 53 25 39 -2 26 0 0.00 M M 5.9 18 200 M M 5 27 190
13 59 43 51 10 14 0 1.00 M M 13.8 24 170 M M 9 1 33 170
14 45 31 38 -4 27 0 0.00 M M 9.8 23 300 M M 4 36 290
15 41 27 34 -8 31 0 T M M 7.0 20 300 M M 8 1 27 230
16 39 27 33 -10 32 0 T M M 7.9 20 260 M M 8 1 32 310
17 42 28 35 -8 30 0 T M M 7.2 18 310 M M 8 30 290
18 45 23 34 -10 31 0 0.00 M M 2.1 13 320 M M 7 18 320
19 58 24 41 -3 24 0 T M M 9.0 23 300 M M 4 35 200
20 48 27 38 -6 27 0 T M M 7.4 23 320 M M 3 30 310
21 47 24 36 -9 29 0 0.30 M M 9.1 25 180 M M 4 1 32 180
22 33 21 27 -18 38 0 0.02 M M 13.8 29 290 M M 9 1 42 290
23 47 24 36 -10 29 0 0.00 M M 6.9 20 300 M M 0 27 310
24 57 24 41 -5 24 0 0.00 M M 3.4 16 310 M M 1 21 300
25 59 36 48 1 17 0 0.00 M M 2.9 13 300 M M 3 17 300
26 56 32 44 -3 21 0 0.42 M M 5.2 21 140 M M 5 1 30 130
27 39 33 36 -11 29 0 0.36 M M 7.0 16 30 M M 10 1 23 40
28 51 34 43 -5 22 0 0.00 M M 5.6 12 320 M M 7 M M
29 62 34 48 0 17 0 T M M 10.4 24 160 M M 5 32 160
30 46 39 43 -6 22 0 0.12 M M 14.3 24 160 M M 10 18 35 160
================================================================================
SM 1451 887 775 0 3.61 M 227.2 M 187
================================================================================
AV 48.4 29.6 7.6 FASTST M M 6 MAX(MPH)
MISC ----> 29 290 42 290
================================================================================
NOTES:
# LAST OF SEVERAL OCCURRENCES
COLUMN 17 PEAK WIND IN M.P.H.
PRELIMINARY LOCAL CLIMATOLOGICAL DATA (WS FORM: F-6) , PAGE 2
STATION: MONTPELIER VT
MONTH: APRIL
YEAR: 2020
LATITUDE: 44 12 N
LONGITUDE: 72 34 W
[TEMPERATURE DATA] [PRECIPITATION DATA] SYMBOLS USED IN COLUMN 16
AVERAGE MONTHLY: 39.0 TOTAL FOR MONTH: 3.61 1 = FOG OR MIST
DPTR FM NORMAL: -3.4 DPTR FM NORMAL: 0.95 2 = FOG REDUCING VISIBILITY
HIGHEST: 62 ON 29 GRTST 24HR 1.00 ON 9- 9 TO 1/4 MILE OR LESS
LOWEST: 21 ON 22, 1 3 = THUNDER
SNOW, ICE PELLETS, HAIL 4 = ICE PELLETS
TOTAL MONTH: M 5 = HAIL
GRTST 24HR M ON M 6 = FREEZING RAIN OR DRIZZLE
GRTST DEPTH: M ON M 7 = DUSTSTORM OR SANDSTORM:
VSBY 1/2 MILE OR LESS
8 = SMOKE OR HAZE
[NO. OF DAYS WITH] [WEATHER - DAYS WITH] 9 = BLOWING SNOW
X = TORNADO
MAX 32 OR BELOW: 0 0.01 INCH OR MORE: 11
MAX 90 OR ABOVE: 0 0.10 INCH OR MORE: 7
MIN 32 OR BELOW: 22 0.50 INCH OR MORE: 2
MIN 0 OR BELOW: 0 1.00 INCH OR MORE: 2
[HDD (BASE 65) ]
TOTAL THIS MO. 775 CLEAR (SCALE 0-3) 6
DPTR FM NORMAL 96 PTCLDY (SCALE 4-7) 13
TOTAL FM JUL 1 7540 CLOUDY (SCALE 8-10) 11
DPTR FM NORMAL -163
[CDD (BASE 65) ]
TOTAL THIS MO. 0
DPTR FM NORMAL -1 [PRESSURE DATA]
TOTAL FM JAN 1 0 HIGHEST SLP M ON M
DPTR FM NORMAL -1 LOWEST SLP 29.11 ON 10
[REMARKS]
#FINAL-04-20#