000
CXUS53 KMPX 011734
CF6MPX
PRELIMINARY LOCAL CLIMATOLOGICAL DATA (WS FORM: F-6)
STATION: CHANHASSEN MN
MONTH: MARCH
YEAR: 2020
LATITUDE: 44 50 N
LONGITUDE: 93 34 W
TEMPERATURE IN F: :PCPN: SNOW: WIND :SUNSHINE: SKY :PK WND
================================================================================
1 2 3 4 5 6A 6B 7 8 9 10 11 12 13 14 15 16 17 18
12Z AVG MX 2MIN
DY MAX MIN AVG DEP HDD CDD WTR SNW DPTH SPD SPD DIR MIN PSBL S-S WX SPD DR
================================================================================
1 45 33 39 15 26 0 0.00 0.0 5 M M M M M M M M
2 33 27 30 5 35 0 0.00 0.0 5 M M M M M M M M
3 40 28 34 9 31 0 T T 5 M M M M M M M M
4 40 20 30 4 35 0 T 0.0 5 M M M M M M M M
5 41 29 35 9 30 0 T T 3 M M M M M M M M
6 36 18 27 1 38 0 0.00 0.0 3 M M M M M M M M
7 50 30 40 13 25 0 0.00 0.0 3 M M M M M M M M
8 58 40 49 22 16 0 0.00 0.0 T M M M M M M M M
9 40 27 34 6 31 0 0.00 0.0 0 M M M M M M M M
10 38 22 30 2 35 0 0.08 1.1 0 M M M M M M M M
11 41 31 36 7 29 0 0.00 0.0 1 M M M M M M M M
12 41 29 35 6 30 0 0.07 0.0 0 M M M M M M M M
13 35 23 29 -1 36 0 0.00 0.0 0 M M M M M M M M
14 34 21 28 -2 37 0 0.00 0.0 0 M M M M M M M M
15 39 18 29 -2 36 0 0.00 0.0 0 M M M M M M M M
16 37 27 32 1 33 0 0.01 T 0 M M M M M M M M
17 42 27 35 3 30 0 T 0.0 0 M M M M M M M M
18 44 35 40 8 25 0 T 0.0 0 M M M M M M M M
19 39 30 35 2 30 0 0.48 0.0 0 M M M M M M M M
20 31 18 25 -8 40 0 0.00 0.0 0 M M M M M M M M
21 34 16 25 -9 40 0 T T 0 M M M M M M M M
22 43 30 37 3 28 0 0.05 0.3 0 M M M M M M M M
23 44 31 38 3 27 0 0.09 1.0 1 M M M M M M M M
24 50 35 43 8 22 0 0.00 0.0 0 M M M M M M M M
25 43 34 39 3 26 0 0.19 0.0 0 M M M M M M M M
26 49 28 39 3 26 0 0.00 0.0 0 M M M M M M M M
27 58 34 46 9 19 0 0.03 0.0 0 M M M M M M M M
28 46 34 40 3 25 0 1.57 T 0 M M M M M M M M
29 50 32 41 3 24 0 0.31 1.0 T M M M M M M M M
30 58 30 44 6 21 0 0.00 0.0 0 M M M M M M M M
31 54 33 44 5 21 0 0.00 0.0 0 M M M M M M M M
================================================================================
SM 1333 870 907 0 2.88 3.4 M M M
================================================================================
AV 43.0 28.1 M FASTST M M M MAX(MPH)
MISC ----> M M M M
================================================================================
NOTES:
# LAST OF SEVERAL OCCURRENCES
COLUMN 17 PEAK WIND IN M.P.H.
PRELIMINARY LOCAL CLIMATOLOGICAL DATA (WS FORM: F-6) , PAGE 2
STATION: CHANHASSEN MN
MONTH: MARCH
YEAR: 2020
LATITUDE: 44 50 N
LONGITUDE: 93 34 W
[TEMPERATURE DATA] [PRECIPITATION DATA] SYMBOLS USED IN COLUMN 16
AVERAGE MONTHLY: 35.5 TOTAL FOR MONTH: 2.88 1 = FOG OR MIST
DPTR FM NORMAL: 4.2 DPTR FM NORMAL: 1.10 2 = FOG REDUCING VISIBILITY
HIGHEST: 58 ON 30,27 GRTST 24HR 1.57 ON 28-28 TO 1/4 MILE OR LESS
LOWEST: 16 ON 21 3 = THUNDER
SNOW, ICE PELLETS, HAIL 4 = ICE PELLETS
TOTAL MONTH: 3.4 INCHES 5 = HAIL
GRTST 24HR 1.1 ON 10-10 6 = FREEZING RAIN OR DRIZZLE
GRTST DEPTH: 5 ON 4, 3 7 = DUSTSTORM OR SANDSTORM:
VSBY 1/2 MILE OR LESS
8 = SMOKE OR HAZE
[NO. OF DAYS WITH] [WEATHER - DAYS WITH] 9 = BLOWING SNOW
X = TORNADO
MAX 32 OR BELOW: 1 0.01 INCH OR MORE: 10
MAX 90 OR ABOVE: 0 0.10 INCH OR MORE: 4
MIN 32 OR BELOW: 23 0.50 INCH OR MORE: 1
MIN 0 OR BELOW: 0 1.00 INCH OR MORE: 1
[HDD (BASE 65) ]
TOTAL THIS MO. 907 CLEAR (SCALE 0-3) 0
DPTR FM NORMAL -139 PTCLDY (SCALE 4-7) 0
TOTAL FM JUL 1 6968 CLOUDY (SCALE 8-10) 31
DPTR FM NORMAL -91
[CDD (BASE 65) ]
TOTAL THIS MO. 0
DPTR FM NORMAL 0 [PRESSURE DATA]
TOTAL FM JAN 1 0 HIGHEST SLP M ON M
DPTR FM NORMAL 0 LOWEST SLP M ON M
[REMARKS]
#FINAL-03-20#