000
CXUS51 KLWX 010915
CF6MRB
PRELIMINARY LOCAL CLIMATOLOGICAL DATA (WS FORM: F-6)
STATION: MARTINSBURG WV
MONTH: DECEMBER
YEAR: 2022
LATITUDE: 39 24 N
LONGITUDE: 77 58 W
TEMPERATURE IN F: :PCPN: SNOW: WIND :SUNSHINE: SKY :PK WND
================================================================================
1 2 3 4 5 6A 6B 7 8 9 10 11 12 13 14 15 16 17 18
12Z AVG MX 2MIN
DY MAX MIN AVG DEP HDD CDD WTR SNW DPTH SPD SPD DIR MIN PSBL S-S WX SPD DR
================================================================================
1 43 24 34 -6 31 0 0.00 M M 10.0 28 290 M M 1 42 280
2 48 19 34 -5 31 0 0.00 M M 3.3 10 170 M M 3 15 150
3 63 38 51 12 14 0 0.26 M M 9.4 28 260 M M 7 1 37 270
4 47 21 34 -5 31 0 0.00 M M 3.7 14 300 M M 0 19 320
5 48 18 33 -5 32 0 0.00 M M 3.2 16 170 M M 0 20 170
6 48 32 40 2 25 0 0.09 M M 1.6 7 40 M M 10 1 9 40
7 51 40 46 8 19 0 0.09 M M 1.1 8 340 M M 10 12 9 340
8 54 39 47 9 18 0 T M M 5.0 15 330 M M 5 1 29 350
9 47 30 39 2 26 0 0.00 M M 3.6 10 10 M M 0 13 10
10 40 28 34 -3 31 0 T M M 1.1 6 80 M M 9 8 70
11 45 37 41 4 24 0 T M M 3.4 12 320 M M 9 14 280
12 43 36 40 3 25 0 0.00 M M 8.3 16 330 M M 10 21 340
13 42 21 32 -4 33 0 0.00 M M 3.8 10 350 M M 3 15 360
14 38 18 28 -8 37 0 0.00 M M 0.6 6 40 M M 2 9 340
15 36 31 34 -2 31 0 1.64 M M 5.7 13 20 M M 10 16 16 20
16 47 33 40 4 25 0 0.02 M M 5.8 18 310 M M 7 1 26 310
17 42 33 38 2 27 0 T M M 9.2 20 250 M M 10 8 25 280
18 40 29 35 0 30 0 T M M 11.6 25 280 M M 7 31 270
19 40 27 34 -1 31 0 0.00 M M 10.8 23 280 M M 5 28 280
20 38 21 30 -5 35 0 T M M 3.7 13 310 M M 4 16 340
21 42 17 30 -5 35 0 0.00 M M 0.7 5 100 M M 1 1 7 10
22 35 29 32 -3 33 0 1.46 M M 3.7 13 10 M M 10 12 16 10
23 39 4 22 -12 43 0 0.02 M M 19.8 39 260 M M 9 1 51 260
24 18 3 11 -23 54 0 0.00 M M 15.6 29 270 M M 6 39 250
25 29 10 20 -14 45 0 0.00 M M 9.4 24 280 M M 1 31 280
26 32 15 24 -10 41 0 0.00 M M 4.3 18 270 M M 4 25 280
27 41 23 32 -2 33 0 0.00 0.0 0 3.2 16 270 M M 9 19 260
28 M 18 M M M M 0.00 0.0 0 0.4 7 190 M M 0 8 270
29 58 19 39 5 26 0 0.00 0.0 0 1.4 7 140 M M 0 1 10 150
30 65 31 48 15 17 0 0.00 M M 2.4 9 140 M M 4 8 12 150
31 52 37 45 12 20 0 0.33 M M 2.0 10 320 M M 8 128 12 320
================================================================================
SM 1311 781 903 0 3.91 0.0 167.8 M 164
================================================================================
AV 43.7 25.2 5.4 FASTST M M 5 MAX(MPH)
MISC ----> 39 260 51 260
================================================================================
NOTES:
# LAST OF SEVERAL OCCURRENCES
COLUMN 17 PEAK WIND IN M.P.H.
PRELIMINARY LOCAL CLIMATOLOGICAL DATA (WS FORM: F-6) , PAGE 2
STATION: MARTINSBURG WV
MONTH: DECEMBER
YEAR: 2022
LATITUDE: 39 24 N
LONGITUDE: 77 58 W
[TEMPERATURE DATA] [PRECIPITATION DATA] SYMBOLS USED IN COLUMN 16
AVERAGE MONTHLY: 34.4 TOTAL FOR MONTH: 3.91 1 = FOG OR MIST
DPTR FM NORMAL: -1.6 DPTR FM NORMAL: 0.91 2 = FOG REDUCING VISIBILITY
HIGHEST: 65 ON 30 GRTST 24HR 1.64 ON 15-15 TO 1/4 MILE OR LESS
LOWEST: 3 ON 24 3 = THUNDER
SNOW, ICE PELLETS, HAIL 4 = ICE PELLETS
TOTAL MONTH: 0.0 INCH 5 = HAIL
GRTST 24HR 0.0 6 = FREEZING RAIN OR DRIZZLE
GRTST DEPTH: 0 7 = DUSTSTORM OR SANDSTORM:
VSBY 1/2 MILE OR LESS
8 = SMOKE OR HAZE
[NO. OF DAYS WITH] [WEATHER - DAYS WITH] 9 = BLOWING SNOW
X = TORNADO
MAX 32 OR BELOW: 3 0.01 INCH OR MORE: 8
MAX 90 OR ABOVE: 0 0.10 INCH OR MORE: 4
MIN 32 OR BELOW: 23 0.50 INCH OR MORE: 2
MIN 0 OR BELOW: 0 1.00 INCH OR MORE: 2
[HDD (BASE 65) ]
TOTAL THIS MO. 903 CLEAR (SCALE 0-3) 10
DPTR FM NORMAL 2 PTCLDY (SCALE 4-7) 11
TOTAL FM JUL 1 1883 CLOUDY (SCALE 8-10) 10
DPTR FM NORMAL -15
[CDD (BASE 65) ]
TOTAL THIS MO. 0
DPTR FM NORMAL 0 [PRESSURE DATA]
TOTAL FM JAN 1 1033 HIGHEST SLP 30.53 ON 2
DPTR FM NORMAL 21 LOWEST SLP 29.19 ON 23
[REMARKS]
#FINAL-12-22#