000
CXUS56 KMTR 010900
CF6MRY
PRELIMINARY LOCAL CLIMATOLOGICAL DATA (WS FORM: F-6)
STATION: MONTEREY AIRPORT
MONTH: JUNE
YEAR: 2023
LATITUDE: 36 34 N
LONGITUDE: 121 51 W
TEMPERATURE IN F: :PCPN: SNOW: WIND :SUNSHINE: SKY :PK WND
================================================================================
1 2 3 4 5 6A 6B 7 8 9 10 11 12 13 14 15 16 17 18
12Z AVG MX 2MIN
DY MAX MIN AVG DEP HDD CDD WTR SNW DPTH SPD SPD DIR MIN PSBL S-S WX SPD DR
================================================================================
1 57 52 55 -4 10 0 0.00 M M 8.1 16 240 M M 10 18 22 240
2 61 52 57 -2 8 0 0.00 M M 7.9 17 270 M M 9 25 260
3 63 49 56 -3 9 0 0.00 M M 6.1 14 280 M M 6 1 20 260
4 61 47 54 -5 11 0 0.00 M M 6.6 16 260 M M 8 1 25 250
5 63 52 58 -1 7 0 0.00 M M 4.4 13 260 M M 10 3 15 260
6 63 55 59 0 6 0 0.15 M M 4.5 10 90 M M 9 1 14 90
7 65 55 60 1 5 0 0.00 M M 5.3 15 250 M M 10 23 210
8 66 51 59 -1 6 0 0.00 M M 6.2 15 330 M M 2 22 320
9 64 55 60 0 5 0 0.00 M M 5.8 16 270 M M 8 20 270
10 58 53 56 -4 9 0 T M M 6.5 14 260 M M 10 1 18 250
11 63 53 58 -2 7 0 0.00 M M 8.9 23 250 M M 9 1 32 250
12 63 54 59 -1 6 0 0.00 M M 7.5 21 240 M M 8 27 240
13 64 55 60 0 5 0 0.00 M M 6.2 14 270 M M 9 1 19 310
14 62 54 58 -2 7 0 0.00 M M 7.5 16 260 M M 9 24 250
15 62 54 58 -2 7 0 0.00 M M 5.2 13 240 M M 9 1 18 250
16 66 55 61 1 4 0 0.00 M M 4.7 15 250 M M 8 1 19 270
17 66 54 60 0 5 0 0.00 M M 5.3 14 310 M M 8 1 20 300
18 67 54 61 1 4 0 0.00 M M 9.3 17 260 M M 3 26 270
19 63 53 58 -2 7 0 0.00 M M 10.3 20 280 M M 3 31 300
20 62 48 55 -5 10 0 0.00 M M 7.6 17 270 M M 0 23 280
21 61 49 55 -5 10 0 0.00 M M 8.6 16 260 M M 6 24 260
22 65 53 59 -1 6 0 T M M 8.9 20 260 M M 8 1 30 230
23 63 55 59 -2 6 0 T M M 7.1 14 280 M M 10 20 290
24 63 54 59 -2 6 0 0.00 M M 8.3 16 300 M M 8 25 260
25 63 53 58 -3 7 0 T M M 8.0 14 270 M M 9 1 21 260
26 60 52 56 -5 9 0 T M M 7.6 15 260 M M 10 1 20 270
27 59 52 56 -5 9 0 0.00 M M 7.8 15 300 M M 10 1 22 320
28 58 51 55 -6 10 0 0.00 M M 7.5 13 260 M M 10 1 19 260
29 62 50 56 -5 9 0 0.00 M M 5.1 14 310 M M 7 18 19 340
30 64 49 57 -4 8 0 0.00 M M 4.3 12 330 M M 6 128 15 320
================================================================================
SM 1877 1573 218 0 0.15 M 207.1 M 232
================================================================================
AV 62.6 52.4 6.9 FASTST M M 8 MAX(MPH)
MISC ----> 23 250 32 250
================================================================================
NOTES:
# LAST OF SEVERAL OCCURRENCES
COLUMN 17 PEAK WIND IN M.P.H.
PRELIMINARY LOCAL CLIMATOLOGICAL DATA (WS FORM: F-6) , PAGE 2
STATION: MONTEREY AIRPORT
MONTH: JUNE
YEAR: 2023
LATITUDE: 36 34 N
LONGITUDE: 121 51 W
[TEMPERATURE DATA] [PRECIPITATION DATA] SYMBOLS USED IN COLUMN 16
AVERAGE MONTHLY: 57.5 TOTAL FOR MONTH: 0.15 1 = FOG OR MIST
DPTR FM NORMAL: -2.6 DPTR FM NORMAL: 0.02 2 = FOG REDUCING VISIBILITY
HIGHEST: 67 ON 18 GRTST 24HR 0.15 ON 6- 6 TO 1/4 MILE OR LESS
LOWEST: 47 ON 4 3 = THUNDER
SNOW, ICE PELLETS, HAIL 4 = ICE PELLETS
TOTAL MONTH: M 5 = HAIL
GRTST 24HR M ON M 6 = FREEZING RAIN OR DRIZZLE
GRTST DEPTH: M ON M 7 = DUSTSTORM OR SANDSTORM:
VSBY 1/2 MILE OR LESS
8 = SMOKE OR HAZE
[NO. OF DAYS WITH] [WEATHER - DAYS WITH] 9 = BLOWING SNOW
X = TORNADO
MAX 32 OR BELOW: 0 0.01 INCH OR MORE: 1
MAX 90 OR ABOVE: 0 0.10 INCH OR MORE: 1
MIN 32 OR BELOW: 0 0.50 INCH OR MORE: 0
MIN 0 OR BELOW: 0 1.00 INCH OR MORE: 0
[HDD (BASE 65) ]
TOTAL THIS MO. 218 CLEAR (SCALE 0-3) 3
DPTR FM NORMAL 64 PTCLDY (SCALE 4-7) 9
TOTAL FM JUL 1 3418 CLOUDY (SCALE 8-10) 18
DPTR FM NORMAL 544
[CDD (BASE 65) ]
TOTAL THIS MO. 0
DPTR FM NORMAL -5 [PRESSURE DATA]
TOTAL FM JAN 1 0 HIGHEST SLP M ON M
DPTR FM NORMAL -11 LOWEST SLP 29.86 ON 5
[REMARKS]
#FINAL-06-23#