000
CXUS51 KBTV 010700
CF6MSS
PRELIMINARY LOCAL CLIMATOLOGICAL DATA (WS FORM: F-6)
STATION: MASSENA NY
MONTH: OCTOBER
YEAR: 2023
LATITUDE: 44 55 N
LONGITUDE: 74 51 W
TEMPERATURE IN F: :PCPN: SNOW: WIND :SUNSHINE: SKY :PK WND
================================================================================
1 2 3 4 5 6A 6B 7 8 9 10 11 12 13 14 15 16 17 18
12Z AVG MX 2MIN
DY MAX MIN AVG DEP HDD CDD WTR SNW DPTH SPD SPD DIR MIN PSBL S-S WX SPD DR
================================================================================
1 80 48 64 11 1 0 0.00 M M 3.0 8 360 M M 4 18 11 20
2 77 47 62 9 3 0 0.00 M M 2.4 9 210 M M 2 12 12 220
3 83 61 72 20 0 7 0.00 M M 8.9 14 220 M M 0 8 17 210
4 87 54 71 19 0 6 0.00 M M 2.7 9 230 M M 0 128 12 220
5 84 56 70 18 0 5 0.00 M M 6.2 15 190 M M 0 1 20 210
6 76 60 68 17 0 3 0.42 M M 8.8 24 260 M M 5 18 33 250
7 62 49 56 5 9 0 0.98 M M 5.0 20 250 M M 10 1 28 250
8 57 42 50 0 15 0 0.06 M M 13.2 29 210 M M 8 1 39 220
9 53 43 48 -2 17 0 0.04 M M 11.3 22 200 M M 8 30 190
10 51 43 47 -3 18 0 0.05 M M 3.0 12 180 M M 9 1 15 180
11 57 43 50 1 15 0 0.02 M M 4.7 14 220 M M 8 18 18 210
12 57 36 47 -2 18 0 0.00 M M 6.7 16 260 M M 6 1 21 290
13 58 35 47 -1 18 0 0.00 M M 4.6 12 320 M M 8 15 310
14 59 35 47 -1 18 0 T M M 3.5 13 330 M M 8 1 17 340
15 54 44 49 1 16 0 0.02 M M 6.6 13 280 M M 9 1 17 300
16 62 49 56 9 9 0 T M M 6.9 16 30 M M 10 1 21 10
17 55 37 46 -1 19 0 0.00 M M 3.1 9 250 M M 8 1 12 240
18 58 38 48 1 17 0 0.00 M M 4.9 16 210 M M 9 1 19 220
19 63 47 55 9 10 0 0.00 M M 4.2 14 210 M M 3 19 180
20 70 47 59 13 6 0 T M M 7.2 21 180 M M 5 27 160
21 56 45 51 5 14 0 0.44 M M 6.7 18 270 M M 10 1 26 270
22 45 40 43 -2 22 0 0.16 M M 11.3 18 270 M M 10 1 26 250
23 54 31 43 -2 22 0 0.01 M M 5.3 13 250 M M 6 1 16 280
24 56 31 44 0 21 0 T M M 2.1 10 30 M M 8 11 40
25 67 45 56 12 9 0 0.06 M M 9.5 20 220 M M 7 26 210
26 63 53 58 14 7 0 0.11 M M 4.9 15 210 M M 10 12 19 210
27 72 55 64 21 1 0 0.03 M M 11.3 22 220 M M 8 12 30 230
28 67 39 53 10 12 0 0.05 M M 11.6 24 220 M M 4 1 32 230
29 43 38 41 -2 24 0 0.00 M M 5.9 13 70 M M 8 14 80
30 41 29 35 -7 30 0 0.22 M M 6.5 17 30 M M 9 1 21 40
31 40 27 34 -8 31 0 0.00 M M 5.4 18 70 M M 4 25 40
================================================================================
SM 1907 1347 402 21 2.67 M 197.4 M 204
================================================================================
AV 61.5 43.5 6.4 FASTST M M 7 MAX(MPH)
MISC ----> 29 210 39 220
================================================================================
NOTES:
# LAST OF SEVERAL OCCURRENCES
COLUMN 17 PEAK WIND IN M.P.H.
PRELIMINARY LOCAL CLIMATOLOGICAL DATA (WS FORM: F-6) , PAGE 2
STATION: MASSENA NY
MONTH: OCTOBER
YEAR: 2023
LATITUDE: 44 55 N
LONGITUDE: 74 51 W
[TEMPERATURE DATA] [PRECIPITATION DATA] SYMBOLS USED IN COLUMN 16
AVERAGE MONTHLY: 52.5 TOTAL FOR MONTH: 2.67 1 = FOG OR MIST
DPTR FM NORMAL: 5.0 DPTR FM NORMAL: -0.76 2 = FOG REDUCING VISIBILITY
HIGHEST: 87 ON 4 GRTST 24HR 1.08 ON 6- 7 TO 1/4 MILE OR LESS
LOWEST: 27 ON 31 3 = THUNDER
SNOW, ICE PELLETS, HAIL 4 = ICE PELLETS
TOTAL MONTH: M 5 = HAIL
GRTST 24HR M ON M 6 = FREEZING RAIN OR DRIZZLE
GRTST DEPTH: M ON M 7 = DUSTSTORM OR SANDSTORM:
VSBY 1/2 MILE OR LESS
8 = SMOKE OR HAZE
[NO. OF DAYS WITH] [WEATHER - DAYS WITH] 9 = BLOWING SNOW
X = TORNADO
MAX 32 OR BELOW: 0 0.01 INCH OR MORE: 15
MAX 90 OR ABOVE: 0 0.10 INCH OR MORE: 6
MIN 32 OR BELOW: 4 0.50 INCH OR MORE: 1
MIN 0 OR BELOW: 0 1.00 INCH OR MORE: 0
[HDD (BASE 65) ]
TOTAL THIS MO. 402 CLEAR (SCALE 0-3) 5
DPTR FM NORMAL -144 PTCLDY (SCALE 4-7) 15
TOTAL FM JUL 1 581 CLOUDY (SCALE 8-10) 11
DPTR FM NORMAL -219
[CDD (BASE 65) ]
TOTAL THIS MO. 21
DPTR FM NORMAL 19 [PRESSURE DATA]
TOTAL FM JAN 1 419 HIGHEST SLP M ON M
DPTR FM NORMAL 13 LOWEST SLP 29.25 ON 21
[REMARKS]
#FINAL-10-23#