000
CXUS55 KGJT 010910
CF6MTJ
PRELIMINARY LOCAL CLIMATOLOGICAL DATA (WS FORM: F-6)
STATION: MONTROSE CO
MONTH: MARCH
YEAR: 2021
LATITUDE: 38 30 N
LONGITUDE: 107 53 W
TEMPERATURE IN F: :PCPN: SNOW: WIND :SUNSHINE: SKY :PK WND
================================================================================
1 2 3 4 5 6A 6B 7 8 9 10 11 12 13 14 15 16 17 18
12Z AVG MX 2MIN
DY MAX MIN AVG DEP HDD CDD WTR SNW DPTH SPD SPD DIR MIN PSBL S-S WX SPD DR
================================================================================
1 44 14 29 -8 36 0 0.00 M M 6.1 14 130 M M 0 16 150
2 53 19 36 -1 29 0 0.00 M M 5.9 13 150 M M 0 15 150
3 61 22 42 5 23 0 0.00 M M 6.6 14 180 M M 0 18 240
4 51 35 43 5 22 0 0.03 M M 8.4 37 210 M M 7 51 220
5 57 27 42 4 23 0 0.00 M M 5.3 14 140 M M 0 17 130
6 61 28 45 7 20 0 0.00 M M 6.5 18 80 M M 0 24 250
7 66 29 48 9 17 0 0.00 M M 7.9 15 250 M M 0 20 110
8 61 38 50 11 15 0 0.00 M M 10.3 37 180 M M 3 58 180
9 59 40 50 11 15 0 0.04 M M 12.1 33 200 M M 2 60 180
10 47 31 39 -1 26 0 T M M 10.8 25 240 M M 3 36 250
11 50 28 39 -1 26 0 0.00 M M 10.2 25 20 M M 5 38 20
12 55 30 43 3 22 0 0.00 M M 5.8 23 310 M M 4 28 310
13 45 31 38 -2 27 0 0.05 M M 6.0 15 320 M M 9 1 18 280
14 41 30 36 -5 29 0 0.05 M M 11.7 31 310 M M 10 1 38 310
15 55 31 43 2 22 0 0.00 M M 5.4 22 240 M M 6 30 250
16 49 31 40 -1 25 0 T M M 7.8 25 230 M M 4 33 230
17 51 26 39 -3 26 0 0.00 M M 5.1 14 290 M M 3 19 280
18 58 25 42 0 23 0 0.00 M M 6.3 15 140 M M 1 17 150
19 67 30 49 7 16 0 0.00 M M 7.3 16 110 M M 1 20 110
20 67 41 54 12 11 0 T M M 13.3 31 210 M M 1 47 240
21 51 34 43 0 22 0 0.01 M M 7.5 26 240 M M 7 36 240
22 47 32 40 -3 25 0 0.04 M M 5.5 14 170 M M 8 1 19 340
23 50 29 40 -3 25 0 0.02 M M 8.4 22 300 M M 6 1 30 290
24 47 33 40 -3 25 0 0.03 M M 9.1 22 260 M M 8 29 80
25 43 26 35 -9 30 0 0.00 M M 7.3 24 230 M M 7 35 220
26 48 31 40 -4 25 0 0.00 M M 5.8 18 320 M M 6 8 24 330
27 53 28 41 -3 24 0 0.00 M M 5.9 16 290 M M 3 24 320
28 62 26 44 0 21 0 0.00 M M 5.8 15 140 M M 0 18 140
29 66 33 50 6 15 0 0.00 M M 14.4 30 240 M M 1 43 220
30 46 24 35 -10 30 0 0.00 M M 11.8 25 310 M M 3 34 310
31 53 19 36 -9 29 0 0.00 M M 6.0 13 150 M M 0 17 310
================================================================================
SM 1664 901 724 0 0.27 M 246.3 M 108
================================================================================
AV 53.7 29.1 7.9 FASTST M M 3 MAX(MPH)
MISC ----> # 37 210 60 180
================================================================================
NOTES:
# LAST OF SEVERAL OCCURRENCES
COLUMN 17 PEAK WIND IN M.P.H.
PRELIMINARY LOCAL CLIMATOLOGICAL DATA (WS FORM: F-6) , PAGE 2
STATION: MONTROSE CO
MONTH: MARCH
YEAR: 2021
LATITUDE: 38 30 N
LONGITUDE: 107 53 W
[TEMPERATURE DATA] [PRECIPITATION DATA] SYMBOLS USED IN COLUMN 16
AVERAGE MONTHLY: 41.4 TOTAL FOR MONTH: 0.27 1 = FOG OR MIST
DPTR FM NORMAL: 0.3 DPTR FM NORMAL: -0.75 2 = FOG REDUCING VISIBILITY
HIGHEST: 67 ON 20,19 GRTST 24HR 0.10 ON 13-14 TO 1/4 MILE OR LESS
LOWEST: 14 ON 1 3 = THUNDER
SNOW, ICE PELLETS, HAIL 4 = ICE PELLETS
TOTAL MONTH: M 5 = HAIL
GRTST 24HR M ON M 6 = FREEZING RAIN OR DRIZZLE
GRTST DEPTH: M ON M 7 = DUSTSTORM OR SANDSTORM:
VSBY 1/2 MILE OR LESS
8 = SMOKE OR HAZE
[NO. OF DAYS WITH] [WEATHER - DAYS WITH] 9 = BLOWING SNOW
X = TORNADO
MAX 32 OR BELOW: 0 0.01 INCH OR MORE: 8
MAX 90 OR ABOVE: 0 0.10 INCH OR MORE: 0
MIN 32 OR BELOW: 24 0.50 INCH OR MORE: 0
MIN 0 OR BELOW: 0 1.00 INCH OR MORE: 0
[HDD (BASE 65) ]
TOTAL THIS MO. 724 CLEAR (SCALE 0-3) 17
DPTR FM NORMAL -17 PTCLDY (SCALE 4-7) 11
TOTAL FM JUL 1 5278 CLOUDY (SCALE 8-10) 3
DPTR FM NORMAL -176
[CDD (BASE 65) ]
TOTAL THIS MO. 0
DPTR FM NORMAL 0 [PRESSURE DATA]
TOTAL FM JAN 1 0 HIGHEST SLP M ON M
DPTR FM NORMAL 0 LOWEST SLP 29.50 ON 29
[REMARKS]
#FINAL-03-21#