000
CXUS53 KGRB 171635
CF6MTW
PRELIMINARY LOCAL CLIMATOLOGICAL DATA (WS FORM: F-6)
STATION: MANITOWOC AWOS
MONTH: NOVEMBER
YEAR: 2021
LATITUDE: 44 7 N
LONGITUDE: 87 40 W
TEMPERATURE IN F: :PCPN: SNOW: WIND :SUNSHINE: SKY :PK WND
================================================================================
1 2 3 4 5 6A 6B 7 8 9 10 11 12 13 14 15 16 17 18
12Z AVG MX 2MIN
DY MAX MIN AVG DEP HDD CDD WTR SNW DPTH SPD SPD DIR MIN PSBL S-S WX SPD DR
================================================================================
1 43 34 39 M 26 0 M M M 11.0 18 280 M M 4 29 280
2 42 30 36 M 29 0 M M M 9.4 15 290 M M 4 24 300
3 43 26 35 M 30 0 M M M 6.1 13 290 M M 3 M M
4 46 25 36 M 29 0 M M M 5.6 10 200 M M 4 M M
5 53 36 45 M 20 0 M M M 11.0 20 200 M M 0 26 220
6 63 41 52 M 13 0 M M M 10.7 17 230 M M 2 22 230
7 60 46 53 M 12 0 M M M 8.2 14 160 M M 0 M M
8 64 45 55 M 10 0 M M M 6.2 12 260 M M 0 M M
9 55 30 43 M 22 0 M M M 3.8 8 340 M M 0 M M
10 53 29 41 M 24 0 T M M 8.7 21 130 M M 3 31 120
11 54 37 46 M 19 0 0.34 M M 17.3 25 140 M M 7 1 36 140
12 40 33 37 M 28 0 0.02 M M 9.3 14 220 M M 7 1 21 230
13 40 33 37 M 28 0 T M M 11.7 20 300 M M 8 24 290
14 36 30 33 M 32 0 0.19 M M 9.9 21 340 M M 10 1 25 340
15 37 25 31 M 34 0 M M M 6.5 10 290 M M 0 M M
16 48 23 36 M 29 0 M M M 10.1 24 140 M M 5 32 150
17 50 36 43 M 22 0 M M M 11.9 23 280 M M 4 1 32 270
18 36 29 33 M 32 0 T M M 14.7 22 280 M M 9 30 260
19 38 25 32 M 33 0 M M M 10.0 17 190 M M 1 20 190
20 45 27 36 M 29 0 M M M 7.5 16 180 M M 5 23 180
21 47 25 36 M 29 0 T M M 11.0 35 290 M M 5 12 48 310
22 31 20 26 M 39 0 M M M 13.4 18 290 M M 1 25 280
23 40 15 28 M 37 0 M M M 10.1 22 190 M M 1 28 190
24 48 36 42 M 23 0 M M M 9.5 18 170 M M 1 24 190
25 44 18 31 M 34 0 M M M 13.7 21 340 M M 9 1 28 330
26 29 14 22 M 43 0 M M M 6.3 16 300 M M 6 22 300
27 39 26 33 M 32 0 M M M 5.4 13 320 M M 10 1 M M
28 38 22 30 M 35 0 M M M 11.5 24 300 M M 4 31 300
29 37 18 28 M 37 0 M M M 4.7 15 160 M M 6 1 22 160
30 40 29 35 M 30 0 M M M 9.5 18 300 M M 4 1 30 290
================================================================================
SM 1339 863 840 0 0.55 M 284.8 M 123
================================================================================
AV 44.6 28.8 9.5 FASTST M M 4 MAX(MPH)
MISC ----> 35 290 48 310
================================================================================
NOTES:
# LAST OF SEVERAL OCCURRENCES
COLUMN 17 PEAK WIND IN M.P.H.
PRELIMINARY LOCAL CLIMATOLOGICAL DATA (WS FORM: F-6) , PAGE 2
STATION: MANITOWOC AWOS
MONTH: NOVEMBER
YEAR: 2021
LATITUDE: 44 7 N
LONGITUDE: 87 40 W
[TEMPERATURE DATA] [PRECIPITATION DATA] SYMBOLS USED IN COLUMN 16
AVERAGE MONTHLY: 36.7 TOTAL FOR MONTH: 0.55 1 = FOG OR MIST
DPTR FM NORMAL: 0.0 DPTR FM NORMAL: M 2 = FOG REDUCING VISIBILITY
HIGHEST: 64 ON 8 GRTST 24HR 0.34 ON 10-11 TO 1/4 MILE OR LESS
LOWEST: 14 ON 26 3 = THUNDER
SNOW, ICE PELLETS, HAIL 4 = ICE PELLETS
TOTAL MONTH: M 5 = HAIL
GRTST 24HR M ON M 6 = FREEZING RAIN OR DRIZZLE
GRTST DEPTH: M ON M 7 = DUSTSTORM OR SANDSTORM:
VSBY 1/2 MILE OR LESS
8 = SMOKE OR HAZE
[NO. OF DAYS WITH] [WEATHER - DAYS WITH] 9 = BLOWING SNOW
X = TORNADO
MAX 32 OR BELOW: 2 0.01 INCH OR MORE: 3
MAX 90 OR ABOVE: 0 0.10 INCH OR MORE: 2
MIN 32 OR BELOW: 20 0.50 INCH OR MORE: 0
MIN 0 OR BELOW: 0 1.00 INCH OR MORE: 0
[HDD (BASE 65) ]
TOTAL THIS MO. 840 CLEAR (SCALE 0-3) 11
DPTR FM NORMAL M PTCLDY (SCALE 4-7) 15
TOTAL FM JUL 1 1279 CLOUDY (SCALE 8-10) 4
DPTR FM NORMAL M
[CDD (BASE 65) ]
TOTAL THIS MO. 0
DPTR FM NORMAL M [PRESSURE DATA]
TOTAL FM JAN 1 470 HIGHEST SLP 30.49 ON 19
DPTR FM NORMAL 470 LOWEST SLP 29.33 ON 11
[REMARKS]
#FINAL-11-21#