000
CXUS51 KBTV 010800
CF6MVL
PRELIMINARY LOCAL CLIMATOLOGICAL DATA (WS FORM: F-6)
STATION: MORRISVILLE VT
MONTH: DECEMBER
YEAR: 2022
LATITUDE: 44 31 N
LONGITUDE: 72 37 W
TEMPERATURE IN F: :PCPN: SNOW: WIND :SUNSHINE: SKY :PK WND
================================================================================
1 2 3 4 5 6A 6B 7 8 9 10 11 12 13 14 15 16 17 18
12Z AVG MX 2MIN
DY MAX MIN AVG DEP HDD CDD WTR SNW DPTH SPD SPD DIR MIN PSBL S-S WX SPD DR
================================================================================
1 35 28 32 4 33 0 0.01 M M 8.0 22 310 M M 9 1 34 310
2 40 21 31 3 34 0 0.00 M M 4.1 16 210 M M 6 20 210
3 50 35 43 16 22 0 0.16 M M 6.3 18 230 M M 9 1 28 270
4 38 20 29 2 36 0 T M M 5.7 18 330 M M 5 27 330
5 45 21 33 6 32 0 0.00 M M 5.1 16 190 M M 1 22 200
6 49 30 40 14 25 0 0.10 M M 5.7 15 190 M M 6 1 25 190
7 50 43 47 21 18 0 0.56 M M 4.6 14 360 M M 10 1 18 160
8 43 25 34 8 31 0 0.02 M M 5.9 15 340 M M 8 1 23 320
9 32 15 24 -1 41 0 0.00 M M 4.3 15 10 M M 0 17 340
10 28 11 20 -5 45 0 0.00 M M 2.6 7 360 M M 0 10 50
11 27 11 19 -5 46 0 T M M 2.2 9 240 M M 9 1 12 250
12 24 6 15 -9 50 0 T M M 5.3 13 10 M M 5 18 17 350
13 30 2 16 -8 49 0 0.08 M M 5.1 18 360 M M 4 18 25 360
14 29 16 23 0 42 0 T M M 8.3 21 340 M M 10 30 340
15 41 25 33 10 32 0 T M M 4.2 16 30 M M 7 18 19 30
16 36 31 34 11 31 0 0.25 M M 5.3 16 20 M M 10 12 21 10
17 35 26 31 9 34 0 0.58 M M 3.5 10 20 M M 10 1 13 320
18 33 19 26 4 39 0 0.05 M M 1.6 10 320 M M 7 1 15 330
19 31 25 28 6 37 0 0.02 M M 4.7 15 320 M M 10 1 23 300
20 28 17 23 2 42 0 T M M 4.5 12 10 M M 10 18 14 330
21 32 10 21 0 44 0 T M M 1.9 9 360 M M 6 128 12 360
22 31 8 20 -1 45 0 T M M 1.7 8 170 M M 3 18 10 130
23 50 13 32 12 33 0 0.52 M M 11.4 44 180 M M 10 12 61 150
24 13 7 10 -10 55 0 T M M 12.3 22 200 M M 9 8 30 210
25 23 11 17 -3 48 0 T M M 9.9 18 200 M M 9 27 190
26 25 19 22 2 43 0 T M M 6.4 15 210 M M 10 8 19 210
27 26 20 23 4 42 0 T M M 4.6 12 200 M M 10 1 15 200
28 29 21 25 6 40 0 0.01 M M 1.4 8 200 M M 9 18 11 210
29 45 17 31 12 34 0 0.00 M M 1.4 8 170 M M 3 1 9 170
30 55 33 44 26 21 0 0.00 M M 3.2 13 170 M M 8 17 220
31 55 36 46 28 19 0 0.04 M M 1.9 10 200 M M 6 12 15 250
================================================================================
SM 1108 622 1143 0 2.40 M 153.1 M 219
================================================================================
AV 35.7 20.1 4.9 FASTST M M 7 MAX(MPH)
MISC ----> 44 180 61 150
================================================================================
NOTES:
# LAST OF SEVERAL OCCURRENCES
COLUMN 17 PEAK WIND IN M.P.H.
PRELIMINARY LOCAL CLIMATOLOGICAL DATA (WS FORM: F-6) , PAGE 2
STATION: MORRISVILLE VT
MONTH: DECEMBER
YEAR: 2022
LATITUDE: 44 31 N
LONGITUDE: 72 37 W
[TEMPERATURE DATA] [PRECIPITATION DATA] SYMBOLS USED IN COLUMN 16
AVERAGE MONTHLY: 27.9 TOTAL FOR MONTH: 2.40 1 = FOG OR MIST
DPTR FM NORMAL: 5.0 DPTR FM NORMAL: -0.10 2 = FOG REDUCING VISIBILITY
HIGHEST: 55 ON 31,30 GRTST 24HR 0.79 ON 30- 1 TO 1/4 MILE OR LESS
LOWEST: 2 ON 13 3 = THUNDER
SNOW, ICE PELLETS, HAIL 4 = ICE PELLETS
TOTAL MONTH: M 5 = HAIL
GRTST 24HR M ON M 6 = FREEZING RAIN OR DRIZZLE
GRTST DEPTH: M ON M 7 = DUSTSTORM OR SANDSTORM:
VSBY 1/2 MILE OR LESS
8 = SMOKE OR HAZE
[NO. OF DAYS WITH] [WEATHER - DAYS WITH] 9 = BLOWING SNOW
X = TORNADO
MAX 32 OR BELOW: 15 0.01 INCH OR MORE: 13
MAX 90 OR ABOVE: 0 0.10 INCH OR MORE: 6
MIN 32 OR BELOW: 27 0.50 INCH OR MORE: 3
MIN 0 OR BELOW: 0 1.00 INCH OR MORE: 0
[HDD (BASE 65) ]
TOTAL THIS MO. 1143 CLEAR (SCALE 0-3) 4
DPTR FM NORMAL -164 PTCLDY (SCALE 4-7) 11
TOTAL FM JUL 1 2693 CLOUDY (SCALE 8-10) 16
DPTR FM NORMAL -482
[CDD (BASE 65) ]
TOTAL THIS MO. 0
DPTR FM NORMAL 0 [PRESSURE DATA]
TOTAL FM JAN 1 339 HIGHEST SLP 30.58 ON 10
DPTR FM NORMAL 94 LOWEST SLP 28.75 ON 23
[REMARKS]
#FINAL-12-22#