000
CXUS56 KOTX 010840
CLMMWH
CLIMATE REPORT
NATIONAL WEATHER SERVICE SPOKANE WA
140 AM PDT MON MAY 01 2023
...................................
...THE MOSES LAKE WA AIRPORT CLIMATE SUMMARY FOR THE MONTH OF APRIL 2023...
CLIMATE NORMAL PERIOD 1991 TO 2020
CLIMATE RECORD PERIOD 9999 TO 9999
WEATHER OBSERVED NORMAL DEPART LAST YEAR`S
VALUE DATE(S) VALUE FROM VALUE DATE(S)
NORMAL
................................................................
TEMPERATURE (F)
RECORD
HIGH 89 04/30/1998
LOW 21 04/07/2011
HIGHEST 84 04/29 MM MM 67 04/07
04/24
LOWEST 21R 04/05 MM MM 21 04/15
AVG. MAXIMUM 60.5 63.7 -3.2 56.9
AVG. MINIMUM 35.3 37.3 -2.0 33.1
MEAN 47.9 50.5 -2.6 45.0
DAYS MAX >= 90 0 0.0 0.0 0
DAYS MAX <= 32 0 0.0 0.0 0
DAYS MIN <= 32 13 6.6 6.4 15
DAYS MIN <= 0 0 0.0 0.0 0
PRECIPITATION (INCHES)
RECORD
MAXIMUM 1.52 2006
MINIMUM 0.00 1966
TOTALS 1.39 0.65 0.74 0.61
DAILY AVG. 0.05 0.02 0.02 0.02
DAYS >= .01 9 5.5 3.5 9
DAYS >= .10 4 2.2 1.8 3
DAYS >= .50 1 0.1 0.9 0
DAYS >= 1.00 0 0.0 0.0 0
GREATEST
24 HR. TOTAL 0.73 04/10 TO 04/11 0.24
DEGREE DAYS
HEATING TOTAL 506 436 70 572
SINCE 7/1 5539 5537 2 MM
COOLING TOTAL 1 1 0 0
SINCE 1/1 1 1 0 MM
................................................................
WIND (MPH)
AVERAGE WIND SPEED 7.1
HIGHEST WIND SPEED/DIRECTION 32/260 DATE 04/01
HIGHEST GUST SPEED/DIRECTION 41/260 DATE 04/01
SKY COVER
POSSIBLE SUNSHINE (PERCENT) MM
AVERAGE SKY COVER 0.36
NUMBER OF DAYS FAIR 17
NUMBER OF DAYS PC 8
NUMBER OF DAYS CLOUDY 5
AVERAGE RH (PERCENT) 61
WEATHER CONDITIONS. NUMBER OF DAYS WITH
THUNDERSTORM 2 MIXED PRECIP 0
HEAVY RAIN 0 RAIN 2
LIGHT RAIN 10 FREEZING RAIN 0
LT FREEZING RAIN 0 HAIL 0
HEAVY SNOW 0 SNOW 0
LIGHT SNOW 0 SLEET 0
FOG 6 FOG W/VIS <= 1/4 MILE 0
HAZE 0
- INDICATES NEGATIVE NUMBERS.
R INDICATES RECORD WAS SET OR TIED.
MM INDICATES DATA IS MISSING.
T INDICATES TRACE AMOUNT.
$$